{"id":742823,"date":"2025-08-28T01:21:10","date_gmt":"2025-08-27T22:21:10","guid":{"rendered":"https:\/\/roveyayinevi.com.tr\/index.php\/urun\/tum-zamanlar\/"},"modified":"2026-04-16T02:53:54","modified_gmt":"2026-04-15T23:53:54","slug":"tum-zamanlar","status":"publish","type":"product","link":"https:\/\/roveyayinevi.com.tr\/index.php\/urun\/tum-zamanlar\/","title":{"rendered":"T\u00fcm Zamanlar"},"content":{"rendered":"<p>\u0130nsan zamandan ge\u00e7er, y\u00fcz\u00fcnde izler ta\u015f\u0131r. Ge\u00e7mi\u015f ve gelecek aras\u0131nda uzanan bir \u00e7izginin tam ortas\u0131d\u0131r o, \u015fimdidir.  Ac\u0131lar, sava\u015flar, hastal\u0131klar, \u00f6l\u00fcmler ve insana dair her \u015fey ge\u00e7erken, zaman \u00f6ylece orada durur. Yak\u0131n tarihin, yirmi y\u0131ll\u0131k eme\u011fi bar\u0131nd\u0131ran bir derinlikle bulu\u015ftu\u011fu ve \u0130brahim Tenekeci\u2019nin \u201cVefa Makam\u0131\u201d sayd\u0131\u011f\u0131 yeni \u015fiir kitab\u0131 T\u00fcm Zamanlar,  Muhit Kitap\u2019\u0131n 100. eseri olarak okuyucuyu selaml\u0131yor.   Ya\u015fad\u0131m yan\u0131nda, hen\u00fcz insankenK\u00f6rduman aras\u0131ndan belli belirsizBa\u015f\u0131na buyruk da\u011flar, an\u0131lar ve sisBir dostun zor g\u00fcnde hat\u0131rlanmas\u0131Kadar g\u00fczeldi, o g\u00fcnlerimiz. <\/p>\n","protected":false},"excerpt":{"rendered":"<p>\u0130nsan zamandan ge\u00e7er, y\u00fcz\u00fcnde izler ta\u015f\u0131r. Ge\u00e7mi\u015f ve gelecek aras\u0131nda uzanan bir \u00e7izginin tam ortas\u0131d\u0131r o, \u015fimdidir. Ac\u0131lar, sava\u015flar, hastal\u0131klar, \u00f6l\u00fcmler ve insana dair her \u015fey<span class=\"excerpt-hellip\"> [\u2026]<\/span><\/p>\n","protected":false},"featured_media":0,"template":"","meta":{"_monsterinsights_skip_tracking":false,"_monsterinsights_sitenote_active":false,"_monsterinsights_sitenote_note":"","_monsterinsights_sitenote_category":0},"product_brand":[],"product_cat":[12291,12509],"product_tag":[],"class_list":{"0":"post-742823","1":"product","2":"type-product","3":"status-publish","5":"product_cat-edebiyat","6":"product_cat-siir","7":"pa_cilt-ciltsiz","8":"pa_tur-kitap","9":"pa_yayinevi-muhit-kitap","10":"pa_yazar-ibrahim-tenekeci","12":"first","13":"instock","14":"sale","15":"shipping-taxable","16":"purchasable","17":"product-type-simple"},"_links":{"self":[{"href":"https:\/\/roveyayinevi.com.tr\/index.php\/wp-json\/wp\/v2\/product\/742823","targetHints":{"allow":["GET"]}}],"collection":[{"href":"https:\/\/roveyayinevi.com.tr\/index.php\/wp-json\/wp\/v2\/product"}],"about":[{"href":"https:\/\/roveyayinevi.com.tr\/index.php\/wp-json\/wp\/v2\/types\/product"}],"wp:attachment":[{"href":"https:\/\/roveyayinevi.com.tr\/index.php\/wp-json\/wp\/v2\/media?parent=742823"}],"wp:term":[{"taxonomy":"product_brand","embeddable":true,"href":"https:\/\/roveyayinevi.com.tr\/index.php\/wp-json\/wp\/v2\/product_brand?post=742823"},{"taxonomy":"product_cat","embeddable":true,"href":"https:\/\/roveyayinevi.com.tr\/index.php\/wp-json\/wp\/v2\/product_cat?post=742823"},{"taxonomy":"product_tag","embeddable":true,"href":"https:\/\/roveyayinevi.com.tr\/index.php\/wp-json\/wp\/v2\/product_tag?post=742823"}],"curies":[{"name":"wp","href":"https:\/\/api.w.org\/{rel}","templated":true}]}}