{"id":742815,"date":"2025-08-28T01:20:57","date_gmt":"2025-08-27T22:20:57","guid":{"rendered":"https:\/\/roveyayinevi.com.tr\/index.php\/urun\/efsaneler-olmez\/"},"modified":"2026-04-13T03:01:06","modified_gmt":"2026-04-13T00:01:06","slug":"efsaneler-olmez","status":"publish","type":"product","link":"https:\/\/roveyayinevi.com.tr\/index.php\/urun\/efsaneler-olmez\/","title":{"rendered":"Efsaneler \u00d6lmez"},"content":{"rendered":"<p>&#8220;G\u00f6zya\u015flar\u0131m ya\u011fmur oldu.Sel oldu.Co\u015fup co\u015fup \u00e7a\u011flayarak.Irmak olup denizlere ko\u015ftu.Dalga dalga co\u015farakY\u00fcreklerimizdeHi\u00e7 t\u00fckenmeden yanan me\u015fale oldular.&#8221;1960\u2019lar\u0131n devrimci ruhunu, darbeleri, yokluklar\u0131, a\u015fk\u0131, sevday\u0131, mutluluklar\u0131 anlatanEfsaneler \u00d6lmez, Santiago\u2019dan ba\u015flay\u0131p Didim\u2019e uzanan bir hik\u00e2ye&#8230;Hayri Kandemir, Ricardo ve Valentina\u2019n\u0131n \u00fcniversitede ba\u015flayan a\u015fklar\u0131n\u0131n pe\u015finde kilometreleri ve y\u0131llar\u0131a\u015farken Deniz Gezmi\u015f ve arkada\u015flar\u0131na da selam g\u00f6nderiyor.<\/p>\n","protected":false},"excerpt":{"rendered":"<p>&#8220;G\u00f6zya\u015flar\u0131m ya\u011fmur oldu.Sel oldu.Co\u015fup co\u015fup \u00e7a\u011flayarak.Irmak olup denizlere ko\u015ftu.Dalga dalga co\u015farakY\u00fcreklerimizdeHi\u00e7 t\u00fckenmeden yanan me\u015fale oldular.&#8221;1960\u2019lar\u0131n devrimci ruhunu, darbeleri, yokluklar\u0131, a\u015fk\u0131, sevday\u0131, mutluluklar\u0131 anlatanEfsaneler \u00d6lmez, Santiago\u2019dan ba\u015flay\u0131p<span class=\"excerpt-hellip\"> [\u2026]<\/span><\/p>\n","protected":false},"featured_media":0,"template":"","meta":{"_monsterinsights_skip_tracking":false,"_monsterinsights_sitenote_active":false,"_monsterinsights_sitenote_note":"","_monsterinsights_sitenote_category":0},"product_brand":[],"product_cat":[12291,12711],"product_tag":[],"class_list":{"0":"post-742815","1":"product","2":"type-product","3":"status-publish","5":"product_cat-edebiyat","6":"product_cat-roman-oyku","7":"pa_cilt-ciltsiz","8":"pa_tur-kitap","9":"pa_yayinevi-mona-kitap","10":"pa_yazar-hayri-kandemir","12":"first","13":"instock","14":"sale","15":"shipping-taxable","16":"purchasable","17":"product-type-simple"},"_links":{"self":[{"href":"https:\/\/roveyayinevi.com.tr\/index.php\/wp-json\/wp\/v2\/product\/742815","targetHints":{"allow":["GET"]}}],"collection":[{"href":"https:\/\/roveyayinevi.com.tr\/index.php\/wp-json\/wp\/v2\/product"}],"about":[{"href":"https:\/\/roveyayinevi.com.tr\/index.php\/wp-json\/wp\/v2\/types\/product"}],"wp:attachment":[{"href":"https:\/\/roveyayinevi.com.tr\/index.php\/wp-json\/wp\/v2\/media?parent=742815"}],"wp:term":[{"taxonomy":"product_brand","embeddable":true,"href":"https:\/\/roveyayinevi.com.tr\/index.php\/wp-json\/wp\/v2\/product_brand?post=742815"},{"taxonomy":"product_cat","embeddable":true,"href":"https:\/\/roveyayinevi.com.tr\/index.php\/wp-json\/wp\/v2\/product_cat?post=742815"},{"taxonomy":"product_tag","embeddable":true,"href":"https:\/\/roveyayinevi.com.tr\/index.php\/wp-json\/wp\/v2\/product_tag?post=742815"}],"curies":[{"name":"wp","href":"https:\/\/api.w.org\/{rel}","templated":true}]}}