{"id":742810,"date":"2025-08-28T01:20:50","date_gmt":"2025-08-27T22:20:50","guid":{"rendered":"https:\/\/roveyayinevi.com.tr\/index.php\/urun\/arkadasim-caglar-dikkat-ve-boyama-etkinlikleri\/"},"modified":"2026-04-16T02:53:54","modified_gmt":"2026-04-15T23:53:54","slug":"arkadasim-caglar-dikkat-ve-boyama-etkinlikleri","status":"publish","type":"product","link":"https:\/\/roveyayinevi.com.tr\/index.php\/urun\/arkadasim-caglar-dikkat-ve-boyama-etkinlikleri\/","title":{"rendered":"Arkada\u015f\u0131m \u00c7a\u011flar Dikkat ve Boyama Etkinlikleri"},"content":{"rendered":"<p>\u00c7a\u011flar en yak\u0131n arkada\u015f\u0131 Pelin ile birlikte dikkat ve boyama etkinlikleri yap\u0131yor. Onlara kat\u0131lmak ister misin? * Dikkat gerektiren al\u0131\u015ft\u0131rmalar * G\u00f6lge oyunundan e\u015fle\u015ftirmeye kadar farkl\u0131 etkinlikler * \u00d6\u011fretmen destekli i\u00e7erik <\/p>\n","protected":false},"excerpt":{"rendered":"<p>\u00c7a\u011flar en yak\u0131n arkada\u015f\u0131 Pelin ile birlikte dikkat ve boyama etkinlikleri yap\u0131yor. Onlara kat\u0131lmak ister misin? * Dikkat gerektiren al\u0131\u015ft\u0131rmalar * G\u00f6lge oyunundan e\u015fle\u015ftirmeye kadar farkl\u0131<span class=\"excerpt-hellip\"> [\u2026]<\/span><\/p>\n","protected":false},"featured_media":0,"template":"","meta":{"_monsterinsights_skip_tracking":false,"_monsterinsights_sitenote_active":false,"_monsterinsights_sitenote_note":"","_monsterinsights_sitenote_category":0},"product_brand":[],"product_cat":[12644,12274],"product_tag":[],"class_list":{"0":"post-742810","1":"product","2":"type-product","3":"status-publish","5":"product_cat-boyama-kitaplari","6":"product_cat-cocuk-ve-genclik-kitaplari","7":"pa_cilt-ciltsiz","8":"pa_tur-kitap","9":"pa_yayinevi-is-bankasi-kultur-yayinlari","10":"pa_yazar-brigitte-paul","12":"first","13":"instock","14":"sale","15":"shipping-taxable","16":"purchasable","17":"product-type-simple"},"_links":{"self":[{"href":"https:\/\/roveyayinevi.com.tr\/index.php\/wp-json\/wp\/v2\/product\/742810","targetHints":{"allow":["GET"]}}],"collection":[{"href":"https:\/\/roveyayinevi.com.tr\/index.php\/wp-json\/wp\/v2\/product"}],"about":[{"href":"https:\/\/roveyayinevi.com.tr\/index.php\/wp-json\/wp\/v2\/types\/product"}],"wp:attachment":[{"href":"https:\/\/roveyayinevi.com.tr\/index.php\/wp-json\/wp\/v2\/media?parent=742810"}],"wp:term":[{"taxonomy":"product_brand","embeddable":true,"href":"https:\/\/roveyayinevi.com.tr\/index.php\/wp-json\/wp\/v2\/product_brand?post=742810"},{"taxonomy":"product_cat","embeddable":true,"href":"https:\/\/roveyayinevi.com.tr\/index.php\/wp-json\/wp\/v2\/product_cat?post=742810"},{"taxonomy":"product_tag","embeddable":true,"href":"https:\/\/roveyayinevi.com.tr\/index.php\/wp-json\/wp\/v2\/product_tag?post=742810"}],"curies":[{"name":"wp","href":"https:\/\/api.w.org\/{rel}","templated":true}]}}