{"id":742792,"date":"2025-08-28T01:20:23","date_gmt":"2025-08-27T22:20:23","guid":{"rendered":"https:\/\/roveyayinevi.com.tr\/index.php\/urun\/japon-baligi-kargasasi\/"},"modified":"2026-04-16T02:53:53","modified_gmt":"2026-04-15T23:53:53","slug":"japon-baligi-kargasasi","status":"publish","type":"product","link":"https:\/\/roveyayinevi.com.tr\/index.php\/urun\/japon-baligi-kargasasi\/","title":{"rendered":"Japon Bal\u0131\u011f\u0131 Karga\u015fas\u0131"},"content":{"rendered":"<p>\u201cHepimizin i\u015fleri ters gidiyor ve \u00fczg\u00fcn\u00fcz. Baz\u0131 \u015feylere sahibiz ama hep bir \u015feyler eksik&#8230; Bir de herkes yaln\u0131z.\u201dII. D\u00fcnya Sava\u015f\u0131 \u00f6ncesi Japonya\u2019s\u0131ndaki ilk kad\u0131n yazarlardan, Tanizaki ve Kavabata gibi isimlerden etkilenen Kanoko Okamoto eserlerinde d\u00f6nemin sosyal ya\u015fam\u0131n\u0131 ve saplant\u0131l\u0131 ili\u015fkilerini feminist bir bak\u0131\u015f a\u00e7\u0131s\u0131yla kaleme ald\u0131 ve Japon feminist edebiyat gelene\u011finin \u00f6nc\u00fclerinden biri oldu.\u0130lk k\u0131sa roman \u201cJapon Bal\u0131\u011f\u0131 Karga\u015fas\u0131\u201dnda alt s\u0131n\u0131ftan, Japon bal\u0131\u011f\u0131 yeti\u015ftiricili\u011fiyle u\u011fra\u015fan Matai\u00e7i, saplant\u0131l\u0131 \u015fekilde \u00e2\u015f\u0131k oldu\u011fu Masako\u2019nun g\u00fczelli\u011fine yak\u0131n bir canl\u0131 yaratmak i\u00e7in \u00e7aresizce \u201cm\u00fckemmel\u201d Japon bal\u0131\u011f\u0131n\u0131 \u00fcretmeye \u00e7al\u0131\u015f\u0131r. \u0130kinci k\u0131sa roman \u201cYemek \u0130blisi\u201dnde zengin bir aile, k\u0131zlar\u0131na yemek yapmay\u0131 \u00f6\u011fretmesi i\u00e7in yak\u0131\u015f\u0131kl\u0131 bir \u015fefi i\u015fe al\u0131r. E\u011fitimsiz ve yoksul bir gen\u00e7 olan Betsu\u015firo\u2019nun arzusu, dahil oldu\u011fu bu yeni ortamda sayg\u0131 g\u00f6rmek ve yemek sanat\u0131n\u0131n \u201custas\u0131\u201d olarak an\u0131lmakt\u0131r.<\/p>\n","protected":false},"excerpt":{"rendered":"<p>\u201cHepimizin i\u015fleri ters gidiyor ve \u00fczg\u00fcn\u00fcz. Baz\u0131 \u015feylere sahibiz ama hep bir \u015feyler eksik&#8230; Bir de herkes yaln\u0131z.\u201dII. D\u00fcnya Sava\u015f\u0131 \u00f6ncesi Japonya\u2019s\u0131ndaki ilk kad\u0131n yazarlardan, Tanizaki<span class=\"excerpt-hellip\"> [\u2026]<\/span><\/p>\n","protected":false},"featured_media":0,"template":"","meta":{"_monsterinsights_skip_tracking":false,"_monsterinsights_sitenote_active":false,"_monsterinsights_sitenote_note":"","_monsterinsights_sitenote_category":0},"product_brand":[],"product_cat":[12291,12711],"product_tag":[],"class_list":{"0":"post-742792","1":"product","2":"type-product","3":"status-publish","5":"product_cat-edebiyat","6":"product_cat-roman-oyku","7":"pa_cilt-ciltsiz","8":"pa_tur-kitap","9":"pa_yayinevi-ithaki-yayinlari","10":"pa_yazar-kanoko-okamoto","12":"first","13":"instock","14":"sale","15":"shipping-taxable","16":"purchasable","17":"product-type-simple"},"_links":{"self":[{"href":"https:\/\/roveyayinevi.com.tr\/index.php\/wp-json\/wp\/v2\/product\/742792","targetHints":{"allow":["GET"]}}],"collection":[{"href":"https:\/\/roveyayinevi.com.tr\/index.php\/wp-json\/wp\/v2\/product"}],"about":[{"href":"https:\/\/roveyayinevi.com.tr\/index.php\/wp-json\/wp\/v2\/types\/product"}],"wp:attachment":[{"href":"https:\/\/roveyayinevi.com.tr\/index.php\/wp-json\/wp\/v2\/media?parent=742792"}],"wp:term":[{"taxonomy":"product_brand","embeddable":true,"href":"https:\/\/roveyayinevi.com.tr\/index.php\/wp-json\/wp\/v2\/product_brand?post=742792"},{"taxonomy":"product_cat","embeddable":true,"href":"https:\/\/roveyayinevi.com.tr\/index.php\/wp-json\/wp\/v2\/product_cat?post=742792"},{"taxonomy":"product_tag","embeddable":true,"href":"https:\/\/roveyayinevi.com.tr\/index.php\/wp-json\/wp\/v2\/product_tag?post=742792"}],"curies":[{"name":"wp","href":"https:\/\/api.w.org\/{rel}","templated":true}]}}