{"id":742791,"date":"2025-08-28T01:20:22","date_gmt":"2025-08-27T22:20:22","guid":{"rendered":"https:\/\/roveyayinevi.com.tr\/index.php\/urun\/sandman-uvertur\/"},"modified":"2026-04-16T02:53:53","modified_gmt":"2026-04-15T23:53:53","slug":"sandman-uvertur","status":"publish","type":"product","link":"https:\/\/roveyayinevi.com.tr\/index.php\/urun\/sandman-uvertur\/","title":{"rendered":"Sandman: Uvert\u00fcr"},"content":{"rendered":"<p>Efsanevi SANDMAN destan\u0131n\u0131n \u00f6ncesini anlatan UVERT\u00dcR ilk kez T\u00fcrk\u00e7ede!SANDMAN: UVERT\u00dcR\u2019le birlikte New York Times \u00e7ok satan yazar\u0131 ve modern fantazinin ustas\u0131 Neil Gaiman neredeyse 20 y\u0131l sonra ilk kez uzun bir R\u00fcya Kral \u00f6yk\u00fcs\u00fcyle geri d\u00f6n\u00fcyor \u2013 orijinal SANDMAN efsanesinin \u00f6ncesini anlatan nefes kesici \u00f6yk\u00fcy\u00fc ba\u015far\u0131l\u0131 \u00e7izer J.H. Williams III ve renk\u00e7i Dave Stewart resimliyor.Hugo En \u0130yi Grafik Roman \u00d6d\u00fcl\u00fc Kazanan\u0131<\/p>\n","protected":false},"excerpt":{"rendered":"<p>Efsanevi SANDMAN destan\u0131n\u0131n \u00f6ncesini anlatan UVERT\u00dcR ilk kez T\u00fcrk\u00e7ede!SANDMAN: UVERT\u00dcR\u2019le birlikte New York Times \u00e7ok satan yazar\u0131 ve modern fantazinin ustas\u0131 Neil Gaiman neredeyse 20 y\u0131l<span class=\"excerpt-hellip\"> [\u2026]<\/span><\/p>\n","protected":false},"featured_media":0,"template":"","meta":{"_monsterinsights_skip_tracking":false,"_monsterinsights_sitenote_active":false,"_monsterinsights_sitenote_note":"","_monsterinsights_sitenote_category":0},"product_brand":[],"product_cat":[12689,12274],"product_tag":[],"class_list":{"0":"post-742791","1":"product","2":"type-product","3":"status-publish","5":"product_cat-cizgi-roman-cocuk-ve-genclik-kitaplari","6":"product_cat-cocuk-ve-genclik-kitaplari","7":"pa_cilt-ciltsiz","8":"pa_tur-kitap","9":"pa_yayinevi-ithaki-yayinlari","10":"pa_yazar-neil-gaiman","12":"first","13":"instock","14":"sale","15":"shipping-taxable","16":"purchasable","17":"product-type-simple"},"_links":{"self":[{"href":"https:\/\/roveyayinevi.com.tr\/index.php\/wp-json\/wp\/v2\/product\/742791","targetHints":{"allow":["GET"]}}],"collection":[{"href":"https:\/\/roveyayinevi.com.tr\/index.php\/wp-json\/wp\/v2\/product"}],"about":[{"href":"https:\/\/roveyayinevi.com.tr\/index.php\/wp-json\/wp\/v2\/types\/product"}],"wp:attachment":[{"href":"https:\/\/roveyayinevi.com.tr\/index.php\/wp-json\/wp\/v2\/media?parent=742791"}],"wp:term":[{"taxonomy":"product_brand","embeddable":true,"href":"https:\/\/roveyayinevi.com.tr\/index.php\/wp-json\/wp\/v2\/product_brand?post=742791"},{"taxonomy":"product_cat","embeddable":true,"href":"https:\/\/roveyayinevi.com.tr\/index.php\/wp-json\/wp\/v2\/product_cat?post=742791"},{"taxonomy":"product_tag","embeddable":true,"href":"https:\/\/roveyayinevi.com.tr\/index.php\/wp-json\/wp\/v2\/product_tag?post=742791"}],"curies":[{"name":"wp","href":"https:\/\/api.w.org\/{rel}","templated":true}]}}