{"id":742785,"date":"2025-08-28T01:20:15","date_gmt":"2025-08-27T22:20:15","guid":{"rendered":"https:\/\/roveyayinevi.com.tr\/index.php\/urun\/istanbul-karaim-cemaati\/"},"modified":"2026-02-23T12:06:29","modified_gmt":"2026-02-23T09:06:29","slug":"istanbul-karaim-cemaati","status":"publish","type":"product","link":"https:\/\/roveyayinevi.com.tr\/index.php\/urun\/istanbul-karaim-cemaati\/","title":{"rendered":"\u0130stanbul Karaim Cemaati"},"content":{"rendered":"<p>\u201cKaraimlik az\u0131nl\u0131k i\u00e7inde az\u0131nl\u0131k bir grup. Az\u0131nl\u0131k olman\u0131n her t\u00fcrl\u00fc s\u0131k\u0131nt\u0131s\u0131n\u0131 ya\u015fam\u0131\u015flar, ayr\u0131ca Yahudi cemaati taraf\u0131ndan da az\u0131nl\u0131k olarak g\u00f6r\u00fclm\u00fc\u015flerdir. Zor bir hayatlar\u0131 oldu her zaman.\u201d Musevilik tarihinin en i\u00e7e kapal\u0131 ve en kadim topluluklar\u0131ndan biri olan Karaim varolu\u015fu, din bilimcilerince geli\u015ftirilen Talmudist\/Rabbani Yahudili\u011fi reddederek, sadece Tevrat\u2019\u0131 mevcudiyetinin temeline koyan bir inan\u00e7 toplulu\u011fudur. \u0130stanbul\u2019da yakla\u015f\u0131k iki bin y\u0131ll\u0131k bir ge\u00e7mi\u015fe sahip olan Karailer, bu kentte hep \u00e7ok az say\u0131da mensupla var oldular. Banu Y\u0131lmaz Kolankaya\u2019n\u0131n, daha \u00f6nce antropolojik a\u00e7\u0131dan ele al\u0131nmam\u0131\u015f olan \u0130stanbul Karaim Cemaati\u2019ni inceledi\u011fi kitap, kendilerini Tevrat\u2019\u0131n kadim takip\u00e7ileri olarak tan\u0131mlayan ve bug\u00fcn \u0130stanbul\u2019da say\u0131s\u0131 elli ki\u015fiyi ge\u00e7meyen bu cemaatin \u00fcyeleriyle yapt\u0131\u011f\u0131 g\u00f6r\u00fc\u015fmelere dayan\u0131yor. Ortado\u011fu\u2019dan g\u00f6\u00e7 edenlerin, Sefarad, K\u0131r\u0131m ve Rum k\u00fclt\u00fcrlerinin yan\u0131nda baz\u0131 T\u00fcrk ve \u0130sl\u00e2m geleneklerinin de izini ta\u015f\u0131yorlar. K\u0131r\u0131m ve ba\u015fka \u00fclkelerdeki Karaim topluluklar\u0131yla aras\u0131nda dil, \u00e2detler ve t\u00f6ren gelenekleri a\u00e7\u0131s\u0131ndan \u00f6nemli farklar olan \u0130stanbul Karaileri, geride kalan az say\u0131da cemaat \u00fcyesinin ifade etti\u011fi gibi belki \u201cson demlerini ya\u015f\u0131yor\u201d. \u201cT\u0131pk\u0131 ya\u015fad\u0131\u011f\u0131 kentin kendisi gibi, \u0130stanbul Karaimli\u011fi\u2019ni de tek bir varolu\u015fla, tek bir kimlik ve tek tip bir inan\u00e7la tan\u0131mlamaya \u00e7al\u0131\u015fmak, bu toplulu\u011fa b\u00fcy\u00fck haks\u0131zl\u0131k olacakt\u0131r. \u0130stanbul Karaim Cemaati t\u00fcm renkleriyle, \u0130stanbul\u2019un kendisi gibi kadim, \u00e7oksesli, de\u011fi\u015fen ve d\u00f6n\u00fc\u015fen bir k\u00fclt\u00fcr grubu olarak son temsilcileriyle kar\u015f\u0131m\u0131zda duruyor.<\/p>\n","protected":false},"excerpt":{"rendered":"<p>\u201cKaraimlik az\u0131nl\u0131k i\u00e7inde az\u0131nl\u0131k bir grup. Az\u0131nl\u0131k olman\u0131n her t\u00fcrl\u00fc s\u0131k\u0131nt\u0131s\u0131n\u0131 ya\u015fam\u0131\u015flar, ayr\u0131ca Yahudi cemaati taraf\u0131ndan da az\u0131nl\u0131k olarak g\u00f6r\u00fclm\u00fc\u015flerdir. Zor bir hayatlar\u0131 oldu her zaman.\u201d<span class=\"excerpt-hellip\"> [\u2026]<\/span><\/p>\n","protected":false},"featured_media":0,"template":"","meta":{"_monsterinsights_skip_tracking":false,"_monsterinsights_sitenote_active":false,"_monsterinsights_sitenote_note":"","_monsterinsights_sitenote_category":0},"product_brand":[],"product_cat":[12304],"product_tag":[],"class_list":{"0":"post-742785","1":"product","2":"type-product","3":"status-publish","5":"product_cat-tarih","6":"pa_cilt-ciltsiz","7":"pa_tur-kitap","8":"pa_yayinevi-iletisim-yayinlari","9":"pa_yazar-banu-yilmaz-kolankaya","11":"first","12":"instock","13":"sale","14":"shipping-taxable","15":"purchasable","16":"product-type-simple"},"_links":{"self":[{"href":"https:\/\/roveyayinevi.com.tr\/index.php\/wp-json\/wp\/v2\/product\/742785","targetHints":{"allow":["GET"]}}],"collection":[{"href":"https:\/\/roveyayinevi.com.tr\/index.php\/wp-json\/wp\/v2\/product"}],"about":[{"href":"https:\/\/roveyayinevi.com.tr\/index.php\/wp-json\/wp\/v2\/types\/product"}],"wp:attachment":[{"href":"https:\/\/roveyayinevi.com.tr\/index.php\/wp-json\/wp\/v2\/media?parent=742785"}],"wp:term":[{"taxonomy":"product_brand","embeddable":true,"href":"https:\/\/roveyayinevi.com.tr\/index.php\/wp-json\/wp\/v2\/product_brand?post=742785"},{"taxonomy":"product_cat","embeddable":true,"href":"https:\/\/roveyayinevi.com.tr\/index.php\/wp-json\/wp\/v2\/product_cat?post=742785"},{"taxonomy":"product_tag","embeddable":true,"href":"https:\/\/roveyayinevi.com.tr\/index.php\/wp-json\/wp\/v2\/product_tag?post=742785"}],"curies":[{"name":"wp","href":"https:\/\/api.w.org\/{rel}","templated":true}]}}