{"id":742775,"date":"2025-08-28T01:20:01","date_gmt":"2025-08-27T22:20:01","guid":{"rendered":"https:\/\/roveyayinevi.com.tr\/index.php\/urun\/ne-zaman\/"},"modified":"2026-04-13T03:01:05","modified_gmt":"2026-04-13T00:01:05","slug":"ne-zaman","status":"publish","type":"product","link":"https:\/\/roveyayinevi.com.tr\/index.php\/urun\/ne-zaman\/","title":{"rendered":"Ne Zaman ?"},"content":{"rendered":"<p>Hayat\u0131m\u0131z adeta \u201cne zaman\u201d sorusu \u00fczerine kurulu: Yeni bir giri\u015fim i\u00e7in ataca\u011f\u0131m\u0131z ad\u0131m, okula ba\u015flang\u0131\u00e7, evlilik, ta\u015f\u0131nma, i\u015f de\u011fi\u015fikli\u011fi\u2026 Zamanlaman\u0131n kritik \u00f6nemde oldu\u011fu bu t\u00fcr kararlar\u0131 genelde sezgilerimize ve varsay\u0131mlara dayanarak al\u0131yor ve kimi durumlarda da pi\u015fmanl\u0131\u011fa yelken a\u00e7abiliyoruz. Psikoloji, biyoloji ve ekonomi alan\u0131nda yap\u0131lan zengin \u00e7al\u0131\u015fmalara dayanan Daniel H. Pink, s\u00f6z konusu pi\u015fmanl\u0131\u011f\u0131n kader olmad\u0131\u011f\u0131n\u0131, zamanlamaya dair yap\u0131lacak k\u00fc\u00e7\u00fck d\u00fczenlemelerle b\u00fcy\u00fck farklar yarat\u0131labilece\u011fini s\u00f6yl\u00fcyor. Zamanlama alan\u0131nda yap\u0131lan g\u00fcncel veri ve ara\u015ft\u0131rmalar\u0131, b\u00fcy\u00fcleyici hik\u00e2ye anlat\u0131c\u0131l\u0131\u011f\u0131yla harmanlayan yazar, okuru daha doyumlu bir hayat ya\u015famaya davet ediyor. Hem de zaman\u0131n bask\u0131s\u0131 alt\u0131nda ezilmeden! Pink\u2019in \u00f6nerileri zaman\u0131n ellerimizden u\u00e7up gitmesine bir son vermeyecek elbette, ama en az\u0131ndan saatlerimizi daha verimli kullanmam\u0131z\u0131 sa\u011flayacak. <\/p>\n","protected":false},"excerpt":{"rendered":"<p>Hayat\u0131m\u0131z adeta \u201cne zaman\u201d sorusu \u00fczerine kurulu: Yeni bir giri\u015fim i\u00e7in ataca\u011f\u0131m\u0131z ad\u0131m, okula ba\u015flang\u0131\u00e7, evlilik, ta\u015f\u0131nma, i\u015f de\u011fi\u015fikli\u011fi\u2026 Zamanlaman\u0131n kritik \u00f6nemde oldu\u011fu bu t\u00fcr kararlar\u0131<span class=\"excerpt-hellip\"> [\u2026]<\/span><\/p>\n","protected":false},"featured_media":0,"template":"","meta":{"_monsterinsights_skip_tracking":false,"_monsterinsights_sitenote_active":false,"_monsterinsights_sitenote_note":"","_monsterinsights_sitenote_category":0},"product_brand":[],"product_cat":[12364,12376],"product_tag":[],"class_list":{"0":"post-742775","1":"product","2":"type-product","3":"status-publish","5":"product_cat-genel-konular","6":"product_cat-kisisel-gelisim","7":"pa_cilt-ciltsiz","8":"pa_tur-kitap","9":"pa_yayinevi-mediacat-kitaplari","10":"pa_yazar-daniel-h-pink","12":"first","13":"instock","14":"sale","15":"shipping-taxable","16":"purchasable","17":"product-type-simple"},"_links":{"self":[{"href":"https:\/\/roveyayinevi.com.tr\/index.php\/wp-json\/wp\/v2\/product\/742775","targetHints":{"allow":["GET"]}}],"collection":[{"href":"https:\/\/roveyayinevi.com.tr\/index.php\/wp-json\/wp\/v2\/product"}],"about":[{"href":"https:\/\/roveyayinevi.com.tr\/index.php\/wp-json\/wp\/v2\/types\/product"}],"wp:attachment":[{"href":"https:\/\/roveyayinevi.com.tr\/index.php\/wp-json\/wp\/v2\/media?parent=742775"}],"wp:term":[{"taxonomy":"product_brand","embeddable":true,"href":"https:\/\/roveyayinevi.com.tr\/index.php\/wp-json\/wp\/v2\/product_brand?post=742775"},{"taxonomy":"product_cat","embeddable":true,"href":"https:\/\/roveyayinevi.com.tr\/index.php\/wp-json\/wp\/v2\/product_cat?post=742775"},{"taxonomy":"product_tag","embeddable":true,"href":"https:\/\/roveyayinevi.com.tr\/index.php\/wp-json\/wp\/v2\/product_tag?post=742775"}],"curies":[{"name":"wp","href":"https:\/\/api.w.org\/{rel}","templated":true}]}}