{"id":742773,"date":"2025-08-28T01:19:59","date_gmt":"2025-08-27T22:19:59","guid":{"rendered":"https:\/\/roveyayinevi.com.tr\/index.php\/urun\/deneyime-aldanmak\/"},"modified":"2026-04-03T02:58:05","modified_gmt":"2026-04-02T23:58:05","slug":"deneyime-aldanmak","status":"publish","type":"product","link":"https:\/\/roveyayinevi.com.tr\/index.php\/urun\/deneyime-aldanmak\/","title":{"rendered":"Deneyime Aldanmak"},"content":{"rendered":"<p>Deneyim harika bir \u00f6\u011fretmen&#8230; \u00d6\u011fretemedi\u011fi zamanlar hari\u00e7.   Deneyimlerimiz bizi biz yapan, d\u00fcnyay\u0131 anlamam\u0131za yard\u0131mc\u0131 olan son derece de\u011ferli bir bilgi kayna\u011f\u0131. \u00d6nemli kararlar verirken deneyime g\u00fcveniriz. Ba\u015fkalar\u0131n\u0131 deneyimlerine g\u00f6re de\u011ferlendiririz. Ama karma\u015f\u0131k ve belirsiz olan sosyal ve ekonomik d\u00fcnyada durum asl\u0131nda g\u00f6r\u00fcnd\u00fc\u011f\u00fcnden daha kar\u0131\u015f\u0131k.   Davran\u0131\u015fbilimciler Emre Soyer ve Robin Hogarth, Deneyime Aldanmak\u2019ta deneyimin sezgilerimizi yan\u0131ltt\u0131\u011f\u0131 bir\u00e7ok konuyu ele alarak, ald\u0131\u011f\u0131m\u0131z derslere sa\u011fl\u0131kl\u0131 bir \u015f\u00fcphe ile bakmam\u0131z\u0131 sa\u011fl\u0131yor. Bu konuda yap\u0131lm\u0131\u015f bir\u00e7ok ara\u015ft\u0131rmay\u0131 dam\u0131tarak i\u015fyerinde ve sosyal hayatta kullan\u0131labilecek stratejiler \u00f6neriyor. Bu sayede kararlar\u0131, yarat\u0131c\u0131l\u0131\u011f\u0131, karma\u015f\u0131k konular\u0131 anlay\u0131\u015f\u0131, ba\u015far\u0131 \u015fans\u0131n\u0131, etik davran\u0131\u015f\u0131 ve mutlulu\u011fu iyile\u015ftirmeyi ama\u00e7l\u0131yor.     &#8220;Bu keyifli ve ilgi \u00e7ekici kitap bize deneyimin kazand\u0131rd\u0131\u011f\u0131 sars\u0131lmaz kanaatlerin kusurlar\u0131n\u0131 tan\u0131t\u0131yor ve sonradan geriye d\u00f6n\u00fcp bak\u0131ld\u0131\u011f\u0131nda erdemli olman\u0131n kolay oldu\u011funu hat\u0131rlat\u0131yor. \u015eiddetle tavsiye ederim!&#8221; -Gerd Gigerenzer, Max Planck Institute for Human Development\u2019ta profes\u00f6r, Risk Savvy\u2019nin yazar\u0131.     &#8220;Deneyim harika bir \u00f6\u011fretmen olabilir ama biz galiba olduk\u00e7a k\u00f6t\u00fc \u00f6\u011frencileriz. Soyer ve Hogarth, merak uyand\u0131ran yaz\u0131m tarzlar\u0131 ve bir tarih kitab\u0131nda bulabilece\u011finiz say\u0131da \u015fa\u015f\u0131rt\u0131c\u0131 \u00f6rnekleriyle, insan akl\u0131n\u0131n ge\u00e7mi\u015ften yanl\u0131\u015f dersleri nas\u0131l kolayl\u0131kla ald\u0131\u011f\u0131n\u0131 anlat\u0131yor. Herkese gereken bir kitap.&#8221; -Nicholas Epley, University of Chicago, Booth Business School\u2019da profes\u00f6r, Mindwise\u2019\u0131n yazar\u0131.  <\/p>\n","protected":false},"excerpt":{"rendered":"<p>Deneyim harika bir \u00f6\u011fretmen&#8230; \u00d6\u011fretemedi\u011fi zamanlar hari\u00e7. Deneyimlerimiz bizi biz yapan, d\u00fcnyay\u0131 anlamam\u0131za yard\u0131mc\u0131 olan son derece de\u011ferli bir bilgi kayna\u011f\u0131. \u00d6nemli kararlar verirken deneyime g\u00fcveniriz.<span class=\"excerpt-hellip\"> [\u2026]<\/span><\/p>\n","protected":false},"featured_media":0,"template":"","meta":{"_monsterinsights_skip_tracking":false,"_monsterinsights_sitenote_active":false,"_monsterinsights_sitenote_note":"","_monsterinsights_sitenote_category":0},"product_brand":[],"product_cat":[12364,12376],"product_tag":[],"class_list":{"0":"post-742773","1":"product","2":"type-product","3":"status-publish","5":"product_cat-genel-konular","6":"product_cat-kisisel-gelisim","7":"pa_cilt-ciltsiz","8":"pa_tur-kitap","9":"pa_yayinevi-epsilon-yayinlari","10":"pa_yazar-emre-soyer-robin-m-hogarth","12":"first","13":"instock","14":"sale","15":"shipping-taxable","16":"purchasable","17":"product-type-simple"},"_links":{"self":[{"href":"https:\/\/roveyayinevi.com.tr\/index.php\/wp-json\/wp\/v2\/product\/742773","targetHints":{"allow":["GET"]}}],"collection":[{"href":"https:\/\/roveyayinevi.com.tr\/index.php\/wp-json\/wp\/v2\/product"}],"about":[{"href":"https:\/\/roveyayinevi.com.tr\/index.php\/wp-json\/wp\/v2\/types\/product"}],"wp:attachment":[{"href":"https:\/\/roveyayinevi.com.tr\/index.php\/wp-json\/wp\/v2\/media?parent=742773"}],"wp:term":[{"taxonomy":"product_brand","embeddable":true,"href":"https:\/\/roveyayinevi.com.tr\/index.php\/wp-json\/wp\/v2\/product_brand?post=742773"},{"taxonomy":"product_cat","embeddable":true,"href":"https:\/\/roveyayinevi.com.tr\/index.php\/wp-json\/wp\/v2\/product_cat?post=742773"},{"taxonomy":"product_tag","embeddable":true,"href":"https:\/\/roveyayinevi.com.tr\/index.php\/wp-json\/wp\/v2\/product_tag?post=742773"}],"curies":[{"name":"wp","href":"https:\/\/api.w.org\/{rel}","templated":true}]}}