{"id":742766,"date":"2025-08-28T01:19:48","date_gmt":"2025-08-27T22:19:48","guid":{"rendered":"https:\/\/roveyayinevi.com.tr\/index.php\/urun\/beyaz-geceler-17\/"},"modified":"2026-04-16T02:53:53","modified_gmt":"2026-04-15T23:53:53","slug":"beyaz-geceler-17","status":"publish","type":"product","link":"https:\/\/roveyayinevi.com.tr\/index.php\/urun\/beyaz-geceler-17\/","title":{"rendered":"Beyaz Geceler"},"content":{"rendered":"<p>Hem Rus hem de d\u00fcnya edebiyat\u0131n\u0131n en \u00f6nemli yazarlar\u0131ndan Dostoyevski\u2019nin ilk kez 1848 y\u0131l\u0131nda yay\u0131mlanm\u0131\u015f olan Beyaz Geceler adl\u0131 \u00f6yk\u00fcs\u00fc, d\u00fcnyan\u0131n en naif a\u015fk \u00f6yk\u00fclerinden biridir.  Kitab\u0131n kahraman\u0131 Petersburg\u2019da ya\u015fayan ve hizmet\u00e7isi haricinde konu\u015fabilece\u011fi tek bir arkada\u015f\u0131 bile olmayan yaln\u0131z bir adamd\u0131r.  Hayalperest bu gen\u00e7 adam, bir gece tesad\u00fcfen kendisi gibi yaln\u0131z olan Nastenka isimli gen\u00e7 bir k\u0131zla tan\u0131\u015f\u0131r. Hayat\u0131nda ilk defa bir kad\u0131nla yak\u0131nla\u015fan kahraman\u0131m\u0131z ile Nastenka ikinci bulu\u015fmadan sonra dost olup, birbirlerine hayat hik\u00e2yelerini anlatmaya ba\u015flarlar. Peki daha \u00f6nce hi\u00e7 \u00e2\u015f\u0131k olmam\u0131\u015f ve mutsuz bir hayat s\u00fcren kahraman\u0131m\u0131z, birdenbire ba\u011fland\u0131\u011f\u0131 bu gen\u00e7 k\u0131zda arad\u0131\u011f\u0131 mutlulu\u011fu bulabilecek mi?   Pek \u00e7ok kez sinemaya da uyarlanm\u0131\u015f olan Beyaz Geceler, Dostoyevski\u2019nin okuyucunun kalbinde derin duygular b\u0131rakan en \u00f6nemli eserlerinden biridir. <\/p>\n","protected":false},"excerpt":{"rendered":"<p>Hem Rus hem de d\u00fcnya edebiyat\u0131n\u0131n en \u00f6nemli yazarlar\u0131ndan Dostoyevski\u2019nin ilk kez 1848 y\u0131l\u0131nda yay\u0131mlanm\u0131\u015f olan Beyaz Geceler adl\u0131 \u00f6yk\u00fcs\u00fc, d\u00fcnyan\u0131n en naif a\u015fk \u00f6yk\u00fclerinden biridir.<span class=\"excerpt-hellip\"> [\u2026]<\/span><\/p>\n","protected":false},"featured_media":0,"template":"","meta":{"_monsterinsights_skip_tracking":false,"_monsterinsights_sitenote_active":false,"_monsterinsights_sitenote_note":"","_monsterinsights_sitenote_category":0},"product_brand":[],"product_cat":[12274,12284],"product_tag":[],"class_list":{"0":"post-742766","1":"product","2":"type-product","3":"status-publish","5":"product_cat-cocuk-ve-genclik-kitaplari","6":"product_cat-hikayeler","7":"pa_cilt-ciltsiz","8":"pa_tur-kitap","9":"pa_yayinevi-arkadas-yayinlari","10":"pa_yazar-fyodor-mihaylovic-dostoyevski","12":"first","13":"instock","14":"sale","15":"shipping-taxable","16":"purchasable","17":"product-type-simple"},"_links":{"self":[{"href":"https:\/\/roveyayinevi.com.tr\/index.php\/wp-json\/wp\/v2\/product\/742766","targetHints":{"allow":["GET"]}}],"collection":[{"href":"https:\/\/roveyayinevi.com.tr\/index.php\/wp-json\/wp\/v2\/product"}],"about":[{"href":"https:\/\/roveyayinevi.com.tr\/index.php\/wp-json\/wp\/v2\/types\/product"}],"wp:attachment":[{"href":"https:\/\/roveyayinevi.com.tr\/index.php\/wp-json\/wp\/v2\/media?parent=742766"}],"wp:term":[{"taxonomy":"product_brand","embeddable":true,"href":"https:\/\/roveyayinevi.com.tr\/index.php\/wp-json\/wp\/v2\/product_brand?post=742766"},{"taxonomy":"product_cat","embeddable":true,"href":"https:\/\/roveyayinevi.com.tr\/index.php\/wp-json\/wp\/v2\/product_cat?post=742766"},{"taxonomy":"product_tag","embeddable":true,"href":"https:\/\/roveyayinevi.com.tr\/index.php\/wp-json\/wp\/v2\/product_tag?post=742766"}],"curies":[{"name":"wp","href":"https:\/\/api.w.org\/{rel}","templated":true}]}}