{"id":742761,"date":"2025-08-28T01:19:40","date_gmt":"2025-08-27T22:19:40","guid":{"rendered":"https:\/\/roveyayinevi.com.tr\/index.php\/urun\/kendim-olmak-guzel\/"},"modified":"2026-04-16T02:53:53","modified_gmt":"2026-04-15T23:53:53","slug":"kendim-olmak-guzel","status":"publish","type":"product","link":"https:\/\/roveyayinevi.com.tr\/index.php\/urun\/kendim-olmak-guzel\/","title":{"rendered":"Kendim Olmak G\u00fczel"},"content":{"rendered":"<p>Kendim Olmak G\u00fczel Yarat\u0131c\u0131 sanatlar arac\u0131l\u0131\u011f\u0131yla duygusal okuryazarl\u0131k geli\u015ftirmek i\u00e7in haz\u0131rlanan temel bir kaynak! Kendim Olmak G\u00fczel 9 ya\u015f ve \u00fczerindeki \u00e7ocuklar i\u00e7in \u00f6z fark\u0131ndal\u0131k ve \u00f6z sayg\u0131y\u0131 artt\u0131rmay\u0131 ama\u00e7layan pratik bir \u00e7al\u0131\u015fma kitab\u0131. Okuyucusunu kendisi ile sohbet etmeye davet ediyor ve nazik bir tan\u0131\u015fma fasl\u0131ndan sonra \u015funlar\u0131 soruyor: \u201cKimsin? Kim oldu\u011funa dair nas\u0131l fikir edinebilirsin?\u201d Elinizdeki kitap gen\u00e7li\u011fe ad\u0131m atan \u00e7ocuklar\u0131n kendileri hakk\u0131ndaki fark\u0131ndal\u0131klar\u0131n\u0131n artmas\u0131na, ki\u015fisel \u00f6zelliklerini ve ba\u015far\u0131lar\u0131n\u0131 tespit etmelerine yard\u0131m eder; de\u011fi\u015ftirmeye ihtiya\u00e7 duyduklar\u0131 \u015feyler i\u00e7inse \u201cbir eylem plan\u0131\u201d haz\u0131rlama f\u0131rsat\u0131 sunar. D\u00f6rt a\u015famal\u0131 bir yolculuktan ge\u00e7en okur, hayat\u0131n\u0131 daha iyi k\u0131lacak de\u011fi\u015fiklikleri yapmaya nereden ba\u015flayaca\u011f\u0131n\u0131 ve olumlu d\u00fc\u015f\u00fcnmenin g\u00fcc\u00fcn\u00fc ke\u015ffedecektir. Bu y\u00f6ntem \u0130ngiltere\u2019de geli\u015fim dan\u0131\u015fmanl\u0131\u011f\u0131 ve kariyer ko\u00e7lu\u011fu yapan yazar taraf\u0131ndan hem bireysel \u00e7al\u0131\u015fmalarda hem de k\u00fc\u00e7\u00fck ve b\u00fcy\u00fck gruplarda ba\u015far\u0131yla kullan\u0131lm\u0131\u015ft\u0131r. <\/p>\n","protected":false},"excerpt":{"rendered":"<p>Kendim Olmak G\u00fczel Yarat\u0131c\u0131 sanatlar arac\u0131l\u0131\u011f\u0131yla duygusal okuryazarl\u0131k geli\u015ftirmek i\u00e7in haz\u0131rlanan temel bir kaynak! Kendim Olmak G\u00fczel 9 ya\u015f ve \u00fczerindeki \u00e7ocuklar i\u00e7in \u00f6z fark\u0131ndal\u0131k ve<span class=\"excerpt-hellip\"> [\u2026]<\/span><\/p>\n","protected":false},"featured_media":0,"template":"","meta":{"_monsterinsights_skip_tracking":false,"_monsterinsights_sitenote_active":false,"_monsterinsights_sitenote_note":"","_monsterinsights_sitenote_category":0},"product_brand":[],"product_cat":[12275,12274],"product_tag":[],"class_list":{"0":"post-742761","1":"product","2":"type-product","3":"status-publish","5":"product_cat-6-12-yas-kitaplari","6":"product_cat-cocuk-ve-genclik-kitaplari","7":"pa_cilt-ciltsiz","8":"pa_tur-kitap","9":"pa_yayinevi-vakifbank-kultur-yayinlari","10":"pa_yazar-annie-hamlaoui","12":"first","13":"instock","14":"sale","15":"shipping-taxable","16":"purchasable","17":"product-type-simple"},"_links":{"self":[{"href":"https:\/\/roveyayinevi.com.tr\/index.php\/wp-json\/wp\/v2\/product\/742761","targetHints":{"allow":["GET"]}}],"collection":[{"href":"https:\/\/roveyayinevi.com.tr\/index.php\/wp-json\/wp\/v2\/product"}],"about":[{"href":"https:\/\/roveyayinevi.com.tr\/index.php\/wp-json\/wp\/v2\/types\/product"}],"wp:attachment":[{"href":"https:\/\/roveyayinevi.com.tr\/index.php\/wp-json\/wp\/v2\/media?parent=742761"}],"wp:term":[{"taxonomy":"product_brand","embeddable":true,"href":"https:\/\/roveyayinevi.com.tr\/index.php\/wp-json\/wp\/v2\/product_brand?post=742761"},{"taxonomy":"product_cat","embeddable":true,"href":"https:\/\/roveyayinevi.com.tr\/index.php\/wp-json\/wp\/v2\/product_cat?post=742761"},{"taxonomy":"product_tag","embeddable":true,"href":"https:\/\/roveyayinevi.com.tr\/index.php\/wp-json\/wp\/v2\/product_tag?post=742761"}],"curies":[{"name":"wp","href":"https:\/\/api.w.org\/{rel}","templated":true}]}}