{"id":742748,"date":"2025-08-28T01:19:23","date_gmt":"2025-08-27T22:19:23","guid":{"rendered":"https:\/\/roveyayinevi.com.tr\/index.php\/urun\/iktisat-ve-toplum-dergisi-141-sayi\/"},"modified":"2026-04-16T02:53:52","modified_gmt":"2026-04-15T23:53:52","slug":"iktisat-ve-toplum-dergisi-141-sayi","status":"publish","type":"product","link":"https:\/\/roveyayinevi.com.tr\/index.php\/urun\/iktisat-ve-toplum-dergisi-141-sayi\/","title":{"rendered":"\u0130ktisat ve Toplum Dergisi 141. Say\u0131"},"content":{"rendered":"<p>T\u00fcrkiye\u2019nin Kriz Deneyimleri 1994, 2000-2001, 2008-2009 ve 2018-2022 Krizleri Nur Keyder   Sanayi \u0130\u00e7eride Kazand\u0131\u011f\u0131n\u0131 D\u0131\u015far\u0131da Veriyor Osman Aydo\u011fu\u015f   K\u00fcresel \u0130klim Krizine Kar\u015f\u0131 Net S\u0131f\u0131r Emisyon Hedeflemesi ve B\u00f6l\u00fc\u015f\u00fcmde Adalet Sorunsal\u0131 Erin\u00e7 Yeldan   T\u00fcrkiye\u2019de K\u00e2rlar ve K\u00e2rl\u0131l\u0131k Alper Duman   Yuvarlak Masa: \u00d6mer Faruk \u00c7olak, Kamil Y\u0131lmaz, Serdar Sayan   Ekonomik K\u0131r\u0131lganl\u0131k ve Entropi S\u00fcleyman De\u011firmen, Seyit Ali Mi\u00e7oo\u011fullar\u0131, Halil K\u00fc\u00e7\u00fckbiltekin   Sermaye Giri\u015fine Dayal\u0131 \u0130n\u015faat Odakl\u0131 B\u00fcy\u00fcme Modeli Deval\u00fcasyon ve T\u00fcrkiye Ekonomisinin (Konut) Krizi Y\u0131lmaz Ayd\u0131n   T\u00fcrkiye\u2019de ve D\u00fcnyada Kad\u0131n \u0130stihdam\u0131 Bilge Erten   Sosyal Bilimciler Konu\u015fuyor: Demet L\u00fck\u00fcsl\u00fc   \u0130mparatorluklar ve Avrupa\u2019n\u0131n S\u00f6m\u00fcrgele\u015fmesi Ergun T\u00fcrkcan   Homo economicus \u2013 \u0130ktisadi \u0130nsan Tarihine Bir Not Ercan Eren <\/p>\n","protected":false},"excerpt":{"rendered":"<p>T\u00fcrkiye\u2019nin Kriz Deneyimleri 1994, 2000-2001, 2008-2009 ve 2018-2022 Krizleri Nur Keyder Sanayi \u0130\u00e7eride Kazand\u0131\u011f\u0131n\u0131 D\u0131\u015far\u0131da Veriyor Osman Aydo\u011fu\u015f K\u00fcresel \u0130klim Krizine Kar\u015f\u0131 Net S\u0131f\u0131r Emisyon Hedeflemesi<span class=\"excerpt-hellip\"> [\u2026]<\/span><\/p>\n","protected":false},"featured_media":0,"template":"","meta":{"_monsterinsights_skip_tracking":false,"_monsterinsights_sitenote_active":false,"_monsterinsights_sitenote_note":"","_monsterinsights_sitenote_category":0},"product_brand":[],"product_cat":[13527],"product_tag":[],"class_list":{"0":"post-742748","1":"product","2":"type-product","3":"status-publish","5":"product_cat-sureli-yayinlar","6":"pa_cilt-ciltsiz","7":"pa_tur-dergi","8":"pa_yayinevi-efil-yayinevi-dergi","9":"pa_yazar-kolektif","11":"first","12":"instock","13":"sale","14":"shipping-taxable","15":"purchasable","16":"product-type-simple"},"_links":{"self":[{"href":"https:\/\/roveyayinevi.com.tr\/index.php\/wp-json\/wp\/v2\/product\/742748","targetHints":{"allow":["GET"]}}],"collection":[{"href":"https:\/\/roveyayinevi.com.tr\/index.php\/wp-json\/wp\/v2\/product"}],"about":[{"href":"https:\/\/roveyayinevi.com.tr\/index.php\/wp-json\/wp\/v2\/types\/product"}],"wp:attachment":[{"href":"https:\/\/roveyayinevi.com.tr\/index.php\/wp-json\/wp\/v2\/media?parent=742748"}],"wp:term":[{"taxonomy":"product_brand","embeddable":true,"href":"https:\/\/roveyayinevi.com.tr\/index.php\/wp-json\/wp\/v2\/product_brand?post=742748"},{"taxonomy":"product_cat","embeddable":true,"href":"https:\/\/roveyayinevi.com.tr\/index.php\/wp-json\/wp\/v2\/product_cat?post=742748"},{"taxonomy":"product_tag","embeddable":true,"href":"https:\/\/roveyayinevi.com.tr\/index.php\/wp-json\/wp\/v2\/product_tag?post=742748"}],"curies":[{"name":"wp","href":"https:\/\/api.w.org\/{rel}","templated":true}]}}