{"id":742747,"date":"2025-08-28T01:19:21","date_gmt":"2025-08-27T22:19:21","guid":{"rendered":"https:\/\/roveyayinevi.com.tr\/index.php\/urun\/kafka-sinemaya-gidiyor\/"},"modified":"2026-04-16T02:53:52","modified_gmt":"2026-04-15T23:53:52","slug":"kafka-sinemaya-gidiyor","status":"publish","type":"product","link":"https:\/\/roveyayinevi.com.tr\/index.php\/urun\/kafka-sinemaya-gidiyor\/","title":{"rendered":"Kafka Sinemaya Gidiyor"},"content":{"rendered":"<p>Franz Kafka, g\u00fcnl\u00fcklerinden de anla\u015f\u0131ld\u0131\u011f\u0131 \u00fczere tutkulu bir sinemaseverdi, anlat\u0131 tarz\u0131nda sinemadan da \u00e7ok\u00e7a esinlenmi\u015fti. Ayr\u0131nt\u0131lar\u0131n pe\u015finden dur durak bilmeden ko\u015fan azimli yazar Hanns Zischler, Kafka\u2019n\u0131n metinlerini y\u0131llarca inceledi, yerli ve yabanc\u0131 pek \u00e7ok ar\u015fivi tarad\u0131, k\u00fct\u00fcphanelerde ara\u015ft\u0131rmalar yapt\u0131, d\u00f6nemin gazetelerini didik didik etti, foto\u011fraflar, program bro\u015f\u00fcrleri, film ilanlar\u0131, posterler toplad\u0131, Kafka\u2019n\u0131n gitti\u011fi sinemalar\u0131n, seyretti\u011fi filmlerin, hayranl\u0131k duydu\u011fu sahnelerin ve etkilendi\u011fi oyuncular\u0131n izini s\u00fcrd\u00fc. T\u00fcm bu \u00e7abalar\u0131n\u0131n sonucunda ortaya \u00e7\u0131kan ve Kafka ara\u015ft\u0131rmalar\u0131na \u00f6nemli bir temel olu\u015fturan bu e\u015fsiz eser, ele ald\u0131\u011f\u0131 sessiz filmler ve yarat\u0131c\u0131 sanat\u00e7\u0131larla da sineman\u0131n ilk zamanlar\u0131na b\u00fcy\u00fcl\u00fc bir ke\u015fif gezisidir.\u00d6nemli ve s\u0131rad\u0131\u015f\u0131 bir kitap.\u201d  Eugene Rogan<\/p>\n","protected":false},"excerpt":{"rendered":"<p>Franz Kafka, g\u00fcnl\u00fcklerinden de anla\u015f\u0131ld\u0131\u011f\u0131 \u00fczere tutkulu bir sinemaseverdi, anlat\u0131 tarz\u0131nda sinemadan da \u00e7ok\u00e7a esinlenmi\u015fti. Ayr\u0131nt\u0131lar\u0131n pe\u015finden dur durak bilmeden ko\u015fan azimli yazar Hanns Zischler, Kafka\u2019n\u0131n<span class=\"excerpt-hellip\"> [\u2026]<\/span><\/p>\n","protected":false},"featured_media":0,"template":"","meta":{"_monsterinsights_skip_tracking":false,"_monsterinsights_sitenote_active":false,"_monsterinsights_sitenote_note":"","_monsterinsights_sitenote_category":0},"product_brand":[],"product_cat":[13072,12291],"product_tag":[],"class_list":{"0":"post-742747","1":"product","2":"type-product","3":"status-publish","5":"product_cat-arastirma-inceleme-referans","6":"product_cat-edebiyat","7":"pa_cilt-ciltsiz","8":"pa_tur-kitap","9":"pa_yayinevi-everest-yayinlari","10":"pa_yazar-hanns-zischler","12":"first","13":"instock","14":"sale","15":"shipping-taxable","16":"purchasable","17":"product-type-simple"},"_links":{"self":[{"href":"https:\/\/roveyayinevi.com.tr\/index.php\/wp-json\/wp\/v2\/product\/742747","targetHints":{"allow":["GET"]}}],"collection":[{"href":"https:\/\/roveyayinevi.com.tr\/index.php\/wp-json\/wp\/v2\/product"}],"about":[{"href":"https:\/\/roveyayinevi.com.tr\/index.php\/wp-json\/wp\/v2\/types\/product"}],"wp:attachment":[{"href":"https:\/\/roveyayinevi.com.tr\/index.php\/wp-json\/wp\/v2\/media?parent=742747"}],"wp:term":[{"taxonomy":"product_brand","embeddable":true,"href":"https:\/\/roveyayinevi.com.tr\/index.php\/wp-json\/wp\/v2\/product_brand?post=742747"},{"taxonomy":"product_cat","embeddable":true,"href":"https:\/\/roveyayinevi.com.tr\/index.php\/wp-json\/wp\/v2\/product_cat?post=742747"},{"taxonomy":"product_tag","embeddable":true,"href":"https:\/\/roveyayinevi.com.tr\/index.php\/wp-json\/wp\/v2\/product_tag?post=742747"}],"curies":[{"name":"wp","href":"https:\/\/api.w.org\/{rel}","templated":true}]}}