{"id":742739,"date":"2025-08-28T01:19:12","date_gmt":"2025-08-27T22:19:12","guid":{"rendered":"https:\/\/roveyayinevi.com.tr\/index.php\/urun\/guzel-bir-gun\/"},"modified":"2026-04-16T02:53:52","modified_gmt":"2026-04-15T23:53:52","slug":"guzel-bir-gun","status":"publish","type":"product","link":"https:\/\/roveyayinevi.com.tr\/index.php\/urun\/guzel-bir-gun\/","title":{"rendered":"G\u00fczel Bir G\u00fcn"},"content":{"rendered":"<p>&#8220;Cebindeki para bitmek \u00fczereydi. \u00dcstelik hasta, yorgun ve kimsesizdi. \u00c7ar\u015f\u0131daki bir d\u00fckk\u00e2n\u0131n yan\u0131na \u00e7\u00f6kt\u00fc ve a\u011flamaya ba\u015flad\u0131. Bu yabanc\u0131 \u015fehirde, bu so\u011fuk ta\u015flar\u0131n \u00fczerinde \u00f6lece\u011fini d\u00fc\u015f\u00fcnd\u00fc. Sars\u0131la sars\u0131la a\u011flarken omuzuna bir el dokundu.&#8221;   Kemalettin Tu\u011fcu G\u00fczel Bir G\u00fcn kitab\u0131nda; zor durumdaki \u00fc\u00e7 farkl\u0131 \u00e7ocu\u011fun \u00fcmitsizlikle ve hayat\u0131n zorluklar\u0131yla bo\u011fu\u015fmas\u0131n\u0131 anlat\u0131rken sabretmenin, iyili\u011fin, yard\u0131mla\u015fman\u0131n da \u00f6nemini vurguluyor. Her kitab\u0131n arkas\u0131ndaki s\u00f6zl\u00fck ile yazar\u0131n kurdu\u011fu d\u00fcnyay\u0131 bozmadan okurlara sunuyoruz. <\/p>\n","protected":false},"excerpt":{"rendered":"<p>&#8220;Cebindeki para bitmek \u00fczereydi. \u00dcstelik hasta, yorgun ve kimsesizdi. \u00c7ar\u015f\u0131daki bir d\u00fckk\u00e2n\u0131n yan\u0131na \u00e7\u00f6kt\u00fc ve a\u011flamaya ba\u015flad\u0131. Bu yabanc\u0131 \u015fehirde, bu so\u011fuk ta\u015flar\u0131n \u00fczerinde \u00f6lece\u011fini d\u00fc\u015f\u00fcnd\u00fc.<span class=\"excerpt-hellip\"> [\u2026]<\/span><\/p>\n","protected":false},"featured_media":0,"template":"","meta":{"_monsterinsights_skip_tracking":false,"_monsterinsights_sitenote_active":false,"_monsterinsights_sitenote_note":"","_monsterinsights_sitenote_category":0},"product_brand":[],"product_cat":[12274,12284],"product_tag":[],"class_list":{"0":"post-742739","1":"product","2":"type-product","3":"status-publish","5":"product_cat-cocuk-ve-genclik-kitaplari","6":"product_cat-hikayeler","7":"pa_cilt-ciltsiz","8":"pa_tur-kitap","9":"pa_yayinevi-ucan-at","10":"pa_yazar-kemalettin-tugcu","12":"first","13":"instock","14":"sale","15":"shipping-taxable","16":"purchasable","17":"product-type-simple"},"_links":{"self":[{"href":"https:\/\/roveyayinevi.com.tr\/index.php\/wp-json\/wp\/v2\/product\/742739","targetHints":{"allow":["GET"]}}],"collection":[{"href":"https:\/\/roveyayinevi.com.tr\/index.php\/wp-json\/wp\/v2\/product"}],"about":[{"href":"https:\/\/roveyayinevi.com.tr\/index.php\/wp-json\/wp\/v2\/types\/product"}],"wp:attachment":[{"href":"https:\/\/roveyayinevi.com.tr\/index.php\/wp-json\/wp\/v2\/media?parent=742739"}],"wp:term":[{"taxonomy":"product_brand","embeddable":true,"href":"https:\/\/roveyayinevi.com.tr\/index.php\/wp-json\/wp\/v2\/product_brand?post=742739"},{"taxonomy":"product_cat","embeddable":true,"href":"https:\/\/roveyayinevi.com.tr\/index.php\/wp-json\/wp\/v2\/product_cat?post=742739"},{"taxonomy":"product_tag","embeddable":true,"href":"https:\/\/roveyayinevi.com.tr\/index.php\/wp-json\/wp\/v2\/product_tag?post=742739"}],"curies":[{"name":"wp","href":"https:\/\/api.w.org\/{rel}","templated":true}]}}