{"id":742733,"date":"2025-08-28T01:19:04","date_gmt":"2025-08-27T22:19:04","guid":{"rendered":"https:\/\/roveyayinevi.com.tr\/index.php\/urun\/karanligin-avcisi\/"},"modified":"2026-04-16T02:53:52","modified_gmt":"2026-04-15T23:53:52","slug":"karanligin-avcisi","status":"publish","type":"product","link":"https:\/\/roveyayinevi.com.tr\/index.php\/urun\/karanligin-avcisi\/","title":{"rendered":"Karanl\u0131\u011f\u0131n Avc\u0131s\u0131"},"content":{"rendered":"<p>&#8220;&#8230;O an Nal\u00e7ac\u0131 Caddesi\u2019ndeki arabalara bak\u0131yordum. K\u0131rm\u0131z\u0131 ve beyaz farlar\u0131n olu\u015fturdu\u011fu ve birbirine z\u0131t y\u00f6nde akan o iki nehir. Hayat\u0131n ko\u015fturmacas\u0131n\u0131 izledi\u011fim yerdi o ana cadde. Evlerine veya her nereye gidiyorlarsa oraya varmaya \u00e7al\u0131\u015fan insanlar\u0131n olu\u015fturdu\u011fu o iki nehir.   \u00c7ok g\u00fczel bir g\u00f6r\u00fcnt\u00fc diye d\u00fc\u015f\u00fcnd\u00fcm. Ne zaman bu saatlerde d\u0131\u015far\u0131 baksam, hen\u00fcz ana caddedeki trafi\u011fin azalmad\u0131\u011f\u0131 saatlerde, ara\u00e7lar\u0131n olu\u015fturdu\u011fu bu g\u00f6r\u00fcnt\u00fc \u00e7ok ho\u015fuma giderdi. \u00c7ok sevdi\u011fin bir filmi yeniden izlemek gibiydi. \u0130\u015fin enteresan taraf\u0131 film ayn\u0131 gibi g\u00f6r\u00fcnse bile o arabalar\u0131n ve o arabalar\u0131n i\u00e7indeki insanlar\u0131n her seferinde de\u011fi\u015fti\u011fini bilmek de \u00e7ok garip geliyordu. Bana \u00f6zel \u00e7ekilen bir k\u0131sa filmde oynayan y\u00fczlerce insan&#8230;&#8221;   Hem okul hem \u00f6zel hayat\u0131nda sorunlarla m\u00fccadele ederken karanl\u0131k korkusunun kar\u015f\u0131s\u0131na \u00e7\u0131kard\u0131\u011f\u0131 ilgin\u00e7 insanlar ve sorunlarla da sava\u015f veren ve \u00e7o\u011fu zaman zihnine yenik d\u00fc\u015fen Okan\u2019\u0131n hik\u00e2yesi\u2026 <\/p>\n","protected":false},"excerpt":{"rendered":"<p>&#8220;&#8230;O an Nal\u00e7ac\u0131 Caddesi\u2019ndeki arabalara bak\u0131yordum. K\u0131rm\u0131z\u0131 ve beyaz farlar\u0131n olu\u015fturdu\u011fu ve birbirine z\u0131t y\u00f6nde akan o iki nehir. Hayat\u0131n ko\u015fturmacas\u0131n\u0131 izledi\u011fim yerdi o ana cadde.<span class=\"excerpt-hellip\"> [\u2026]<\/span><\/p>\n","protected":false},"featured_media":0,"template":"","meta":{"_monsterinsights_skip_tracking":false,"_monsterinsights_sitenote_active":false,"_monsterinsights_sitenote_note":"","_monsterinsights_sitenote_category":0},"product_brand":[],"product_cat":[12291,12711],"product_tag":[],"class_list":{"0":"post-742733","1":"product","2":"type-product","3":"status-publish","5":"product_cat-edebiyat","6":"product_cat-roman-oyku","7":"pa_cilt-ciltsiz","8":"pa_tur-kitap","9":"pa_yayinevi-perseus","10":"pa_yazar-omer-baris-kucukoglu","12":"first","13":"instock","14":"sale","15":"shipping-taxable","16":"purchasable","17":"product-type-simple"},"_links":{"self":[{"href":"https:\/\/roveyayinevi.com.tr\/index.php\/wp-json\/wp\/v2\/product\/742733","targetHints":{"allow":["GET"]}}],"collection":[{"href":"https:\/\/roveyayinevi.com.tr\/index.php\/wp-json\/wp\/v2\/product"}],"about":[{"href":"https:\/\/roveyayinevi.com.tr\/index.php\/wp-json\/wp\/v2\/types\/product"}],"wp:attachment":[{"href":"https:\/\/roveyayinevi.com.tr\/index.php\/wp-json\/wp\/v2\/media?parent=742733"}],"wp:term":[{"taxonomy":"product_brand","embeddable":true,"href":"https:\/\/roveyayinevi.com.tr\/index.php\/wp-json\/wp\/v2\/product_brand?post=742733"},{"taxonomy":"product_cat","embeddable":true,"href":"https:\/\/roveyayinevi.com.tr\/index.php\/wp-json\/wp\/v2\/product_cat?post=742733"},{"taxonomy":"product_tag","embeddable":true,"href":"https:\/\/roveyayinevi.com.tr\/index.php\/wp-json\/wp\/v2\/product_tag?post=742733"}],"curies":[{"name":"wp","href":"https:\/\/api.w.org\/{rel}","templated":true}]}}