{"id":742727,"date":"2025-08-28T01:18:57","date_gmt":"2025-08-27T22:18:57","guid":{"rendered":"https:\/\/roveyayinevi.com.tr\/index.php\/urun\/sanayilesmede-stratejik-onceliklerimiz-ve-yenilikci-kalkinma\/"},"modified":"2026-04-16T02:53:52","modified_gmt":"2026-04-15T23:53:52","slug":"sanayilesmede-stratejik-onceliklerimiz-ve-yenilikci-kalkinma","status":"publish","type":"product","link":"https:\/\/roveyayinevi.com.tr\/index.php\/urun\/sanayilesmede-stratejik-onceliklerimiz-ve-yenilikci-kalkinma\/","title":{"rendered":"Sanayile\u015fmede Stratejik \u00d6nceliklerimiz ve Yenilik\u00e7i Kalk\u0131nma"},"content":{"rendered":"<p>\u00b7         G\u0130R\u0130\u015e \u00b7         OSMANLIDAN M\u0130RAS KALAN \u00b7         Osmanl\u0131 Miras\u0131 Toplum Yap\u0131m\u0131z \u00b7         Osmanl\u0131 Miras\u0131 Ekonomimiz \u00b7         Bat\u0131da Toplum ve Ekonomi   \u00b7         CUMHUR\u0130YET\u0130N \u0130LK D\u00d6NEM\u0130NDE TOPLUM, EKONOM\u0130 VE SANAY\u0130 \u00b7         \u0130zmir \u0130ktisat Kongresi: Cumhuriyet \u0130\u00e7in Ekonomik Sistem Tercihi \u00b7         Toplum ve Ekonomide Kurumsal D\u00f6n\u00fc\u015f\u00fcm (1923-1930) \u00b7         Devlet\u00e7i Sanayile\u015fme D\u00f6nemi (1930-1939) \u00b7         Harp Ekonomisi D\u00f6nemi (1940-1950)   \u00b7         SANAY\u0130LE\u015eMEDE Y\u00d6N ARAYI\u015eI VE PLANLI SANAY\u0130LE\u015eME \u00b7         \u00d6zel Giri\u015fimci Sanayile\u015fme Aray\u0131\u015f\u0131 (1950-1960) \u00b7         Planl\u0131, Yat\u0131r\u0131m G\u00fcd\u00fcml\u00fc Sanayile\u015fme ve Kalk\u0131nma (1960-1980) \u00b7         K\u00dcRESELLE\u015eEN D\u00dcNYADA EKONOM\u0130 VE SANAY\u0130M\u0130Z \u00b7         \u0130hracata Y\u00f6nelik Sanayile\u015fme (1980-1990) \u00b7         Ekonomide Krizli Y\u0131llar\u0131 (1990-2001) \u00b7         Post Modern Muhafazakar D\u00f6nem (2001-2013) \u00b7         Sanayisizle\u015fme ve Post Modern Muhafazakar Stratejinin \u00c7\u00f6k\u00fc\u015f\u00fc (2013 Sonras\u0131)   \u00b7         POST MODERN \u00c7\u00d6K\u00dc\u015eTEN YEN\u0130L\u0130KC\u0130 GEL\u0130\u015eMEYE \u00b7         Yenilik\u00e7i Geli\u015fmeye Giden Yol \u00b7         Yeni Sanayile\u015fme ve Geli\u015fme Yakla\u015f\u0131m\u0131 Olarak Elmas Modeli \u00b7         Yenilik\u00e7i Sanayile\u015fme A\u00e7\u0131s\u0131ndan T\u00fcrkiye\u2019nin Konumu \u00b7         Bilgi, Yenilik ve Teknoloji \u0130li\u015fkisi \u00b7         Bilgi ve Teknolojinin Farkl\u0131l\u0131\u011f\u0131 \u00b7         Yarat\u0131c\u0131l\u0131ktan Yenilik\u00e7ili\u011fe \u00b7         Yenilik\u00e7i Sanayile\u015fme Stratejisi Neleri \u0130\u00e7ermelidir? \u00b7         T\u00fcrkiye\u2019nin Sanayile\u015fmesinde Kalk\u0131nma Ajanslar\u0131 ve K\u00fcmelenme \u00c7al\u0131\u015fmalar\u0131 \u00b7         T\u00fcrkiye Sanayi Stratejisi Belgesi (2015-2018) \u00b7         Yenilik\u00e7i Sanayile\u015fme \u0130\u00e7in Yeni Umut:1:Tekno-Parklar (Teknoloji Geli\u015ftirme B\u00f6lgeleri) \u00b7         Yenilik\u00e7i Sanayile\u015fme \u0130\u00e7in Yeni Umut: 2: Ar-Ge ve Tasar\u0131m Merkezleri \u00b7         Yenilikci Sanayile\u015fme \u0130\u00e7in End\u00fcstri 4.0 ve Dijitalle\u015fme Giri\u015fimi   \u00b7         K\u00dcRESEL A\u011eLARLA B\u00dcT\u00dcNLE\u015eEN YEN\u0130L\u0130K\u00c7\u0130 KALKINMA  \u00b7         K\u00fcresel A\u011flarda Olmak \u00b7         Yenilik\u00e7i K\u00fcresel A\u011flara Kat\u0131l\u0131m Durumu   \u00b7         SONU\u00c7<\/p>\n","protected":false},"excerpt":{"rendered":"<p>\u00b7 G\u0130R\u0130\u015e \u00b7 OSMANLIDAN M\u0130RAS KALAN \u00b7 Osmanl\u0131 Miras\u0131 Toplum Yap\u0131m\u0131z \u00b7 Osmanl\u0131 Miras\u0131 Ekonomimiz \u00b7 Bat\u0131da Toplum ve Ekonomi \u00b7 CUMHUR\u0130YET\u0130N \u0130LK D\u00d6NEM\u0130NDE TOPLUM, EKONOM\u0130<span class=\"excerpt-hellip\"> [\u2026]<\/span><\/p>\n","protected":false},"featured_media":0,"template":"","meta":{"_monsterinsights_skip_tracking":false,"_monsterinsights_sitenote_active":false,"_monsterinsights_sitenote_note":"","_monsterinsights_sitenote_category":0},"product_brand":[],"product_cat":[17249,13043],"product_tag":[],"class_list":{"0":"post-742727","1":"product","2":"type-product","3":"status-publish","5":"product_cat-borsa-finans","6":"product_cat-ekonomi","7":"pa_cilt-ciltsiz","8":"pa_tur-kitap","9":"pa_yayinevi-gazi-kitabevi","10":"pa_yazar-dr-canan-erkan","12":"first","13":"instock","14":"sale","15":"shipping-taxable","16":"purchasable","17":"product-type-simple"},"_links":{"self":[{"href":"https:\/\/roveyayinevi.com.tr\/index.php\/wp-json\/wp\/v2\/product\/742727","targetHints":{"allow":["GET"]}}],"collection":[{"href":"https:\/\/roveyayinevi.com.tr\/index.php\/wp-json\/wp\/v2\/product"}],"about":[{"href":"https:\/\/roveyayinevi.com.tr\/index.php\/wp-json\/wp\/v2\/types\/product"}],"wp:attachment":[{"href":"https:\/\/roveyayinevi.com.tr\/index.php\/wp-json\/wp\/v2\/media?parent=742727"}],"wp:term":[{"taxonomy":"product_brand","embeddable":true,"href":"https:\/\/roveyayinevi.com.tr\/index.php\/wp-json\/wp\/v2\/product_brand?post=742727"},{"taxonomy":"product_cat","embeddable":true,"href":"https:\/\/roveyayinevi.com.tr\/index.php\/wp-json\/wp\/v2\/product_cat?post=742727"},{"taxonomy":"product_tag","embeddable":true,"href":"https:\/\/roveyayinevi.com.tr\/index.php\/wp-json\/wp\/v2\/product_tag?post=742727"}],"curies":[{"name":"wp","href":"https:\/\/api.w.org\/{rel}","templated":true}]}}