{"id":742707,"date":"2025-08-28T01:18:34","date_gmt":"2025-08-27T22:18:34","guid":{"rendered":"https:\/\/roveyayinevi.com.tr\/index.php\/urun\/kizil-kardelen-2-gunesin-asik-oldugu-kiz\/"},"modified":"2026-04-16T02:53:51","modified_gmt":"2026-04-15T23:53:51","slug":"kizil-kardelen-2-gunesin-asik-oldugu-kiz","status":"publish","type":"product","link":"https:\/\/roveyayinevi.com.tr\/index.php\/urun\/kizil-kardelen-2-gunesin-asik-oldugu-kiz\/","title":{"rendered":"K\u0131z\u0131l Kardelen &#8211; 2 G\u00fcne\u015fin A\u015f\u0131k Oldu\u011fu K\u0131z"},"content":{"rendered":"<p>\u201cK\u0131\u015f \u00e7i\u00e7e\u011fi, G\u00fcne\u015f\u2019e tutuldu. G\u00fcne\u015f, Kardelen\u2019e \u00e2\u015f\u0131k oldu.\u201d   O ilk tan\u0131\u015fmay\u0131 hat\u0131rl\u0131yordu Kardelen. O adam\u0131n efsanevi Kara Kurt oldu\u011funu anlam\u0131\u015ft\u0131 ama ad\u0131na yak\u0131\u015f\u0131r bir cesaretle \u00f6l\u00fcme bakakalm\u0131\u015ft\u0131. \u00d6l\u00fcme hayranl\u0131k duymu\u015ftu Kardelen\u2026 \u00d6l\u00fcm onun kendini izlemesine izin vermi\u015fti. Sonra y\u0131llar ge\u00e7mi\u015f, G\u00fcne\u015fin \u00d6pt\u00fc\u011f\u00fc K\u0131z \u00f6l\u00fcmle evlenmi\u015fti.  \u00d6l\u00fcm\u00fcn karanl\u0131\u011f\u0131, g\u00fcne\u015fin ate\u015fiyle birlik olmu\u015f, koskoca bir alev topuna d\u00f6n\u00fc\u015fm\u00fc\u015ft\u00fc; kalbinde gitgide b\u00fcy\u00fcyen s\u0131cak ve derin bir s\u0131z\u0131yla&#8230;\u00d6l\u00fcm onu \u00f6pm\u00fc\u015ft\u00fc. \u00d6l\u00fcm onu tatm\u0131\u015ft\u0131. \u00d6l\u00fcm onu kendinin k\u0131lm\u0131\u015ft\u0131. Ve \u00f6l\u00fcm k\u0131\u015fa \u00e7eyrek kala, yine Kardelen\u2019i yakm\u0131\u015ft\u0131<\/p>\n","protected":false},"excerpt":{"rendered":"<p>\u201cK\u0131\u015f \u00e7i\u00e7e\u011fi, G\u00fcne\u015f\u2019e tutuldu. G\u00fcne\u015f, Kardelen\u2019e \u00e2\u015f\u0131k oldu.\u201d O ilk tan\u0131\u015fmay\u0131 hat\u0131rl\u0131yordu Kardelen. O adam\u0131n efsanevi Kara Kurt oldu\u011funu anlam\u0131\u015ft\u0131 ama ad\u0131na yak\u0131\u015f\u0131r bir cesaretle \u00f6l\u00fcme<span class=\"excerpt-hellip\"> [\u2026]<\/span><\/p>\n","protected":false},"featured_media":0,"template":"","meta":{"_monsterinsights_skip_tracking":false,"_monsterinsights_sitenote_active":false,"_monsterinsights_sitenote_note":"","_monsterinsights_sitenote_category":0},"product_brand":[],"product_cat":[12291,12711],"product_tag":[],"class_list":{"0":"post-742707","1":"product","2":"type-product","3":"status-publish","5":"product_cat-edebiyat","6":"product_cat-roman-oyku","7":"pa_cilt-ciltsiz","8":"pa_tur-kitap","9":"pa_yayinevi-dokuz-yayinlari","10":"pa_yazar-seyma-demir","12":"first","13":"instock","14":"sale","15":"shipping-taxable","16":"purchasable","17":"product-type-simple"},"_links":{"self":[{"href":"https:\/\/roveyayinevi.com.tr\/index.php\/wp-json\/wp\/v2\/product\/742707","targetHints":{"allow":["GET"]}}],"collection":[{"href":"https:\/\/roveyayinevi.com.tr\/index.php\/wp-json\/wp\/v2\/product"}],"about":[{"href":"https:\/\/roveyayinevi.com.tr\/index.php\/wp-json\/wp\/v2\/types\/product"}],"wp:attachment":[{"href":"https:\/\/roveyayinevi.com.tr\/index.php\/wp-json\/wp\/v2\/media?parent=742707"}],"wp:term":[{"taxonomy":"product_brand","embeddable":true,"href":"https:\/\/roveyayinevi.com.tr\/index.php\/wp-json\/wp\/v2\/product_brand?post=742707"},{"taxonomy":"product_cat","embeddable":true,"href":"https:\/\/roveyayinevi.com.tr\/index.php\/wp-json\/wp\/v2\/product_cat?post=742707"},{"taxonomy":"product_tag","embeddable":true,"href":"https:\/\/roveyayinevi.com.tr\/index.php\/wp-json\/wp\/v2\/product_tag?post=742707"}],"curies":[{"name":"wp","href":"https:\/\/api.w.org\/{rel}","templated":true}]}}