{"id":742705,"date":"2025-08-28T01:18:31","date_gmt":"2025-08-27T22:18:31","guid":{"rendered":"https:\/\/roveyayinevi.com.tr\/index.php\/urun\/eylul-2-makus\/"},"modified":"2026-04-16T02:53:51","modified_gmt":"2026-04-15T23:53:51","slug":"eylul-2-makus","status":"publish","type":"product","link":"https:\/\/roveyayinevi.com.tr\/index.php\/urun\/eylul-2-makus\/","title":{"rendered":"Eyl\u00fcl -2 Makus"},"content":{"rendered":"<p>\u201cKahretsin! Hi\u00e7 mi bunu anlayamad\u0131n? Benim g\u00f6zlerime bakarken ne g\u00f6rd\u00fcn sen?\u201d diye sordu ve \u00f6fkeden kor gibi yanan maviliklerine derin bir ac\u0131 \u00e7\u00f6kt\u00fc.   Baz\u0131 s\u00f6zler vard\u0131r. Derler ki bu s\u00f6zlerin muhatab\u0131 kulaklar de\u011fil kalplerdir. Yine derler ki bu s\u00f6zler, fiziksel ac\u0131dan daha fazla yakar can\u0131n\u0131z\u0131. Do\u011fruydu\u2026 Poyraz\u2019\u0131n s\u00f6zleri \u00f6l\u00fcmc\u00fcl bir kur\u015fun gibi delip ge\u00e7mi\u015fti kalbimi. Ac\u0131s\u0131n\u0131 iliklerime kadar hissettirmi\u015fti. Onun kendi i\u00e7indeki yang\u0131n\u0131n\u0131 g\u00f6rmek can\u0131m\u0131 ruhumdan \u00e7ekip bu hayattan kopartm\u0131\u015ft\u0131. Kalbim atmay\u0131 b\u0131rakm\u0131\u015ft\u0131 sanki. Hissetti\u011fim ac\u0131yla elimi kalbimin \u00fczerine g\u00f6t\u00fcrd\u00fcm. \u0130lk defa fiziki ac\u0131 \u00e7ekiyordum. \u0130lk defa ger\u00e7ek anlamda kalbim ac\u0131yordu. G\u00f6zya\u015f\u0131m yana\u011f\u0131mda donup kald\u0131\u011f\u0131nda, o ise ac\u0131 ve hayal k\u0131r\u0131kl\u0131\u011f\u0131 dolu maviliklerini g\u00f6zlerimden \u00e7ekip arkas\u0131n\u0131 d\u00f6nd\u00fc, yan\u0131mdan uzakla\u015fmaya ba\u015flad\u0131. Benden gidiyordu\u2026<\/p>\n","protected":false},"excerpt":{"rendered":"<p>\u201cKahretsin! Hi\u00e7 mi bunu anlayamad\u0131n? Benim g\u00f6zlerime bakarken ne g\u00f6rd\u00fcn sen?\u201d diye sordu ve \u00f6fkeden kor gibi yanan maviliklerine derin bir ac\u0131 \u00e7\u00f6kt\u00fc. Baz\u0131 s\u00f6zler vard\u0131r.<span class=\"excerpt-hellip\"> [\u2026]<\/span><\/p>\n","protected":false},"featured_media":0,"template":"","meta":{"_monsterinsights_skip_tracking":false,"_monsterinsights_sitenote_active":false,"_monsterinsights_sitenote_note":"","_monsterinsights_sitenote_category":0},"product_brand":[],"product_cat":[12291,12711],"product_tag":[],"class_list":{"0":"post-742705","1":"product","2":"type-product","3":"status-publish","5":"product_cat-edebiyat","6":"product_cat-roman-oyku","7":"pa_cilt-ciltsiz","8":"pa_tur-kitap","9":"pa_yayinevi-dokuz-yayinlari","10":"pa_yazar-gonca-cakir","12":"first","13":"instock","14":"sale","15":"shipping-taxable","16":"purchasable","17":"product-type-simple"},"_links":{"self":[{"href":"https:\/\/roveyayinevi.com.tr\/index.php\/wp-json\/wp\/v2\/product\/742705","targetHints":{"allow":["GET"]}}],"collection":[{"href":"https:\/\/roveyayinevi.com.tr\/index.php\/wp-json\/wp\/v2\/product"}],"about":[{"href":"https:\/\/roveyayinevi.com.tr\/index.php\/wp-json\/wp\/v2\/types\/product"}],"wp:attachment":[{"href":"https:\/\/roveyayinevi.com.tr\/index.php\/wp-json\/wp\/v2\/media?parent=742705"}],"wp:term":[{"taxonomy":"product_brand","embeddable":true,"href":"https:\/\/roveyayinevi.com.tr\/index.php\/wp-json\/wp\/v2\/product_brand?post=742705"},{"taxonomy":"product_cat","embeddable":true,"href":"https:\/\/roveyayinevi.com.tr\/index.php\/wp-json\/wp\/v2\/product_cat?post=742705"},{"taxonomy":"product_tag","embeddable":true,"href":"https:\/\/roveyayinevi.com.tr\/index.php\/wp-json\/wp\/v2\/product_tag?post=742705"}],"curies":[{"name":"wp","href":"https:\/\/api.w.org\/{rel}","templated":true}]}}