{"id":742685,"date":"2025-08-28T01:18:02","date_gmt":"2025-08-27T22:18:02","guid":{"rendered":"https:\/\/roveyayinevi.com.tr\/index.php\/urun\/gizli-miras-istanbul\/"},"modified":"2026-03-13T02:50:31","modified_gmt":"2026-03-12T23:50:31","slug":"gizli-miras-istanbul","status":"publish","type":"product","link":"https:\/\/roveyayinevi.com.tr\/index.php\/urun\/gizli-miras-istanbul\/","title":{"rendered":"Gizli Miras \u0130stanbul"},"content":{"rendered":"<p>\u201cD\u00fcnya tek bir devlet olsayd\u0131, ba\u015fkenti \u0130stanbul olurdu.\u201d \u2013 Napol\u00e9on Bonaparte   Gelenekler bir anda ortaya \u00e7\u0131kmaz ve bir anda ortadan kaybolmazlar. Sadece zaman\u0131n ruhuna ba\u011fl\u0131 olarak kabuk de\u011fi\u015ftirirler. Kulaktan kula\u011fa, ku\u015faktan ku\u015fa\u011fa aktar\u0131lanlarla medeniyetler b\u00fcy\u00fcr, bug\u00fcne ula\u015f\u0131r. Bug\u00fcne kadar rehber olarak ziyaret etti\u011fim t\u00fcm mek\u00e2nlar, benim veya bu sat\u0131rlar\u0131 okuyan senin gibi insanlar taraf\u0131ndan in\u015fa edildi. Sonras\u0131nda ise bu yap\u0131lar, onlar\u0131 in\u015fa edenleri d\u00f6n\u00fc\u015ft\u00fcrd\u00fc. Derdim, ufak detaylardan bir ba\u011flam yaratarak devasa yap\u0131lar\u0131n manalar\u0131n\u0131 somutla\u015ft\u0131rmak ve o yap\u0131lar\u0131n nas\u0131l olup da insanl\u0131\u011f\u0131n miras\u0131 oldu\u011funu aktarmak. Kentin ge\u00e7mi\u015finde bir yerde, bin y\u0131l ya\u015fam\u0131\u015f\u00e7as\u0131na \u00f6yk\u00fcler anlatan meddahlar gibi, \u0130stanbul\u2019u \u0130stanbul yapanlar\u0131; bak\u0131lmayan dehlizlerden, \u00e7\u0131k\u0131lmayan kulelerden, be\u015fikteki bebeklerden, e\u015fikteki nenelerden dinleyerek arz\u0131 endam ettik. Zira her kent, i\u00e7inde biriktirdikleriyle aya\u011fa kalkar. \u0130stanbul bu y\u00fczden \u015fansl\u0131. Hem onun kalbinde ya\u015fayan binlerce insan hem binlerce insan\u0131n kalbinde ya\u015fayan bir \u0130stanbul var.   <\/p>\n","protected":false},"excerpt":{"rendered":"<p>\u201cD\u00fcnya tek bir devlet olsayd\u0131, ba\u015fkenti \u0130stanbul olurdu.\u201d \u2013 Napol\u00e9on Bonaparte Gelenekler bir anda ortaya \u00e7\u0131kmaz ve bir anda ortadan kaybolmazlar. Sadece zaman\u0131n ruhuna ba\u011fl\u0131 olarak<span class=\"excerpt-hellip\"> [\u2026]<\/span><\/p>\n","protected":false},"featured_media":0,"template":"","meta":{"_monsterinsights_skip_tracking":false,"_monsterinsights_sitenote_active":false,"_monsterinsights_sitenote_note":"","_monsterinsights_sitenote_category":0},"product_brand":[],"product_cat":[13072,12291],"product_tag":[],"class_list":{"0":"post-742685","1":"product","2":"type-product","3":"status-publish","5":"product_cat-arastirma-inceleme-referans","6":"product_cat-edebiyat","7":"pa_cilt-ciltsiz","8":"pa_tur-kitap","9":"pa_yayinevi-destek-yayinlari","10":"pa_yazar-hilmi-calis","12":"first","13":"instock","14":"sale","15":"shipping-taxable","16":"purchasable","17":"product-type-simple"},"_links":{"self":[{"href":"https:\/\/roveyayinevi.com.tr\/index.php\/wp-json\/wp\/v2\/product\/742685","targetHints":{"allow":["GET"]}}],"collection":[{"href":"https:\/\/roveyayinevi.com.tr\/index.php\/wp-json\/wp\/v2\/product"}],"about":[{"href":"https:\/\/roveyayinevi.com.tr\/index.php\/wp-json\/wp\/v2\/types\/product"}],"wp:attachment":[{"href":"https:\/\/roveyayinevi.com.tr\/index.php\/wp-json\/wp\/v2\/media?parent=742685"}],"wp:term":[{"taxonomy":"product_brand","embeddable":true,"href":"https:\/\/roveyayinevi.com.tr\/index.php\/wp-json\/wp\/v2\/product_brand?post=742685"},{"taxonomy":"product_cat","embeddable":true,"href":"https:\/\/roveyayinevi.com.tr\/index.php\/wp-json\/wp\/v2\/product_cat?post=742685"},{"taxonomy":"product_tag","embeddable":true,"href":"https:\/\/roveyayinevi.com.tr\/index.php\/wp-json\/wp\/v2\/product_tag?post=742685"}],"curies":[{"name":"wp","href":"https:\/\/api.w.org\/{rel}","templated":true}]}}