{"id":742679,"date":"2025-08-28T01:17:55","date_gmt":"2025-08-27T22:17:55","guid":{"rendered":"https:\/\/roveyayinevi.com.tr\/index.php\/urun\/1-ses-grubu-ela-ile-kaan-elakin\/"},"modified":"2026-04-16T02:53:50","modified_gmt":"2026-04-15T23:53:50","slug":"1-ses-grubu-ela-ile-kaan-elakin","status":"publish","type":"product","link":"https:\/\/roveyayinevi.com.tr\/index.php\/urun\/1-ses-grubu-ela-ile-kaan-elakin\/","title":{"rendered":"1. Ses Grubu Ela ile Kaan ELAK\u0130N"},"content":{"rendered":"<p>\u0130lk okuma-yazma s\u00fcrecinde sesler, gruplar h\u00e2linde \u00f6\u011fretilmektedir. ELAK\u0130N, OMUT\u00dcY, \u00d6RIDSB, S\u00c7G\u015eCP ve HV\u011eFJ harf s\u0131ras\u0131na uygun olarak haz\u0131rlanm\u0131\u015f kitaplar\u0131m\u0131z; karesel (h\u0131zl\u0131 okuma) metinler, e\u015fleme, boyama ve \u00e7izme \u00e7al\u0131\u015fmalar\u0131yla da desteklenerek \u00e7ocuklar\u0131n okumalar\u0131n\u0131 geli\u015ftirmeleri ve okuma-yazmay\u0131 daha h\u0131zl\u0131 \u00e7\u00f6zmeleri ad\u0131na haz\u0131rlanm\u0131\u015ft\u0131r.\u2022 Bulmacal\u0131 \u2022 E\u015flemeli\u2022 Boyamal\u0131 \u2022 Renkli heceli\u2022 Karesel okuma metinleri<\/p>\n","protected":false},"excerpt":{"rendered":"<p>\u0130lk okuma-yazma s\u00fcrecinde sesler, gruplar h\u00e2linde \u00f6\u011fretilmektedir. ELAK\u0130N, OMUT\u00dcY, \u00d6RIDSB, S\u00c7G\u015eCP ve HV\u011eFJ harf s\u0131ras\u0131na uygun olarak haz\u0131rlanm\u0131\u015f kitaplar\u0131m\u0131z; karesel (h\u0131zl\u0131 okuma) metinler, e\u015fleme, boyama ve<span class=\"excerpt-hellip\"> [\u2026]<\/span><\/p>\n","protected":false},"featured_media":0,"template":"","meta":{"_monsterinsights_skip_tracking":false,"_monsterinsights_sitenote_active":false,"_monsterinsights_sitenote_note":"","_monsterinsights_sitenote_category":0},"product_brand":[],"product_cat":[12274,15842],"product_tag":[],"class_list":{"0":"post-742679","1":"product","2":"type-product","3":"status-publish","5":"product_cat-cocuk-ve-genclik-kitaplari","6":"product_cat-egitici-kitaplar","7":"pa_cilt-ciltsiz","8":"pa_tur-kitap","9":"pa_yayinevi-cocuk-gelisimi-yayinlari","10":"pa_yazar-bahar-sarikaya","12":"first","13":"instock","14":"sale","15":"shipping-taxable","16":"purchasable","17":"product-type-simple"},"_links":{"self":[{"href":"https:\/\/roveyayinevi.com.tr\/index.php\/wp-json\/wp\/v2\/product\/742679","targetHints":{"allow":["GET"]}}],"collection":[{"href":"https:\/\/roveyayinevi.com.tr\/index.php\/wp-json\/wp\/v2\/product"}],"about":[{"href":"https:\/\/roveyayinevi.com.tr\/index.php\/wp-json\/wp\/v2\/types\/product"}],"wp:attachment":[{"href":"https:\/\/roveyayinevi.com.tr\/index.php\/wp-json\/wp\/v2\/media?parent=742679"}],"wp:term":[{"taxonomy":"product_brand","embeddable":true,"href":"https:\/\/roveyayinevi.com.tr\/index.php\/wp-json\/wp\/v2\/product_brand?post=742679"},{"taxonomy":"product_cat","embeddable":true,"href":"https:\/\/roveyayinevi.com.tr\/index.php\/wp-json\/wp\/v2\/product_cat?post=742679"},{"taxonomy":"product_tag","embeddable":true,"href":"https:\/\/roveyayinevi.com.tr\/index.php\/wp-json\/wp\/v2\/product_tag?post=742679"}],"curies":[{"name":"wp","href":"https:\/\/api.w.org\/{rel}","templated":true}]}}