{"id":742677,"date":"2025-08-28T01:17:52","date_gmt":"2025-08-27T22:17:52","guid":{"rendered":"https:\/\/roveyayinevi.com.tr\/index.php\/urun\/uykusuzluk-2\/"},"modified":"2026-04-16T02:53:50","modified_gmt":"2026-04-15T23:53:50","slug":"uykusuzluk-2","status":"publish","type":"product","link":"https:\/\/roveyayinevi.com.tr\/index.php\/urun\/uykusuzluk-2\/","title":{"rendered":"Uykusuzluk"},"content":{"rendered":"<p>Ralph Roberts, emeklilik g\u00fcnlerinde e\u015finin yas\u0131n\u0131 tutarak uzun, uykusuz geceler ge\u00e7irece\u011fini bir kez olsun d\u00fc\u015f\u00fcnmemi\u015fti. Ama \u015fimdi sevgili Carolyn&#8217;\u0131n\u0131 kaybetmi\u015f, g\u00fcnden geceye, her ge\u00e7en dakika daha da erken uyanmaya ba\u015flam\u0131\u015f ve sonunda uykusuzlu\u011fun kendisini tamamen esir ald\u0131\u011f\u0131 o tedirgin edici anlara g\u00f6m\u00fclm\u00fc\u015ft\u00fc&#8230;Uykusuz ge\u00e7en gecelerde yapt\u0131\u011f\u0131 y\u00fcr\u00fcy\u00fc\u015fler s\u0131ras\u0131nda bir \u015feylerin ters gitti\u011fini fark eden Ralph, hal\u00fcsinasyon olmas\u0131ndan \u015f\u00fcphe etti\u011fi birtak\u0131m tuhafl\u0131klar g\u00f6rmeye ba\u015flar; baz\u0131 insanlar\u0131n ba\u015flar\u0131ndan y\u00fckselen ipler, karanl\u0131k \u00e7\u00f6k\u00fcnce \u015fehirde dola\u015fan iki k\u00fc\u00e7\u00fck adam ve di\u011ferleri&#8230;Ancak Ralph\u2019in tan\u0131k olduklar\u0131 uykusuzlu\u011fun getirdi\u011fi hal\u00fcsinasyonlardan \u00e7ok daha fazlas\u0131yd\u0131. Ger\u00e7ekte Derry\u2019de habis ruhlar kol geziyor, \u015fehrin s\u0131radan g\u00f6r\u00fcnt\u00fcs\u00fcn\u00fcn alt\u0131nda deh\u015fet verici g\u00fc\u00e7ler kuytularda saklan\u0131yordu.Art\u0131k Ralph\u2019in en b\u00fcy\u00fck sorunu uykusuzluk de\u011fildi; \u015fehir bo\u011faz\u0131na kadar \u00f6l\u00fcm\u00fcn so\u011fuk karanl\u0131\u011f\u0131na g\u00f6m\u00fclm\u00fc\u015ft\u00fc.Romanlar\u0131n\u0131 Maine\u2019de kurgulamay\u0131 seven Stephen King, Uykusuzluk\u2019ta bir kez daha buraya d\u00f6n\u00fcyor. Yazar\u0131n iliklere i\u015fleyen bir ger\u00e7ek\u00e7ilikle do\u011fa\u00fcst\u00fc korku unsurlar\u0131n\u0131 bulu\u015fturdu\u011fu bu \u015faheserini elinizden b\u0131rakamayacaks\u0131n\u0131z.<\/p>\n","protected":false},"excerpt":{"rendered":"<p>Ralph Roberts, emeklilik g\u00fcnlerinde e\u015finin yas\u0131n\u0131 tutarak uzun, uykusuz geceler ge\u00e7irece\u011fini bir kez olsun d\u00fc\u015f\u00fcnmemi\u015fti. Ama \u015fimdi sevgili Carolyn&#8217;\u0131n\u0131 kaybetmi\u015f, g\u00fcnden geceye, her ge\u00e7en dakika daha<span class=\"excerpt-hellip\"> [\u2026]<\/span><\/p>\n","protected":false},"featured_media":0,"template":"","meta":{"_monsterinsights_skip_tracking":false,"_monsterinsights_sitenote_active":false,"_monsterinsights_sitenote_note":"","_monsterinsights_sitenote_category":0},"product_brand":[],"product_cat":[12291,17033],"product_tag":[],"class_list":{"0":"post-742677","1":"product","2":"type-product","3":"status-publish","5":"product_cat-edebiyat","6":"product_cat-korku-gerilim","7":"pa_cilt-ciltsiz","8":"pa_tur-kitap","9":"pa_yayinevi-altin-kitaplar","10":"pa_yazar-stephen-king","12":"first","13":"instock","14":"sale","15":"shipping-taxable","16":"purchasable","17":"product-type-simple"},"_links":{"self":[{"href":"https:\/\/roveyayinevi.com.tr\/index.php\/wp-json\/wp\/v2\/product\/742677","targetHints":{"allow":["GET"]}}],"collection":[{"href":"https:\/\/roveyayinevi.com.tr\/index.php\/wp-json\/wp\/v2\/product"}],"about":[{"href":"https:\/\/roveyayinevi.com.tr\/index.php\/wp-json\/wp\/v2\/types\/product"}],"wp:attachment":[{"href":"https:\/\/roveyayinevi.com.tr\/index.php\/wp-json\/wp\/v2\/media?parent=742677"}],"wp:term":[{"taxonomy":"product_brand","embeddable":true,"href":"https:\/\/roveyayinevi.com.tr\/index.php\/wp-json\/wp\/v2\/product_brand?post=742677"},{"taxonomy":"product_cat","embeddable":true,"href":"https:\/\/roveyayinevi.com.tr\/index.php\/wp-json\/wp\/v2\/product_cat?post=742677"},{"taxonomy":"product_tag","embeddable":true,"href":"https:\/\/roveyayinevi.com.tr\/index.php\/wp-json\/wp\/v2\/product_tag?post=742677"}],"curies":[{"name":"wp","href":"https:\/\/api.w.org\/{rel}","templated":true}]}}