{"id":742661,"date":"2025-08-28T01:17:30","date_gmt":"2025-08-27T22:17:30","guid":{"rendered":"https:\/\/roveyayinevi.com.tr\/index.php\/urun\/vahsi-hayvanlara-inanmak\/"},"modified":"2026-04-16T02:53:50","modified_gmt":"2026-04-15T23:53:50","slug":"vahsi-hayvanlara-inanmak","status":"publish","type":"product","link":"https:\/\/roveyayinevi.com.tr\/index.php\/urun\/vahsi-hayvanlara-inanmak\/","title":{"rendered":"Vah\u015fi Hayvanlara \u0130nanmak"},"content":{"rendered":"<p>Antropolojik bir ara\u015ft\u0131rma i\u00e7in orman\u0131n derinliklerinde, do\u011fayla m\u00fcmk\u00fcn oldu\u011funca i\u00e7 i\u00e7e ya\u015fayan anlat\u0131c\u0131, 25 A\u011fustos 2015\u2019te, Rusya\u2019n\u0131n Kam\u00e7atka b\u00f6lgesinde bir ay\u0131yla kar\u015f\u0131 kar\u015f\u0131ya gelir ve iki d\u00fcnya aras\u0131ndaki s\u0131n\u0131rlar \u00e7\u00f6ker. Bu kar\u015f\u0131la\u015fma ondan y\u00fcz\u00fcn\u00fcn yar\u0131s\u0131n\u0131 almakla kalmaz, efsane ger\u00e7ekle, ge\u00e7mi\u015f \u015fimdiki zamanla bulu\u015fur. B\u00f6lge halk\u0131 i\u00e7in o art\u0131k bir \u201cmiedka\u201d, yani iki d\u00fcnya aras\u0131nda ya\u015fayan yar\u0131 insan yar\u0131 ay\u0131d\u0131r.   Kuzey Kutbu halklar\u0131 konusunda uzman bir antropolog olan Nastassja Martin, y\u00fcz\u00fcn\u00fc parampar\u00e7a eden ay\u0131n\u0131n sald\u0131r\u0131s\u0131ndan kurtulduktan sonra ge\u00e7irdi\u011fi d\u00f6n\u00fc\u015f\u00fcm\u00fc anlatt\u0131\u011f\u0131 bu s\u0131ra d\u0131\u015f\u0131 kitapta, hayvanda \u00f6tekilik g\u00f6ren nat\u00fcralizmden son derece uzak, farkl\u0131 bir y\u00fczle\u015fme deneyimi sunuyor.    \u201cMartin rasyonel d\u00fc\u015f\u00fcnceyle tan\u0131mlanmaya \u00e7al\u0131\u015f\u0131lan, insan ile insand\u0131\u015f\u0131n\u0131n diyalog kurdu\u011fu belirsiz alanlar\u0131 soru\u015fturuyor.\u201d     Le Monde <\/p>\n","protected":false},"excerpt":{"rendered":"<p>Antropolojik bir ara\u015ft\u0131rma i\u00e7in orman\u0131n derinliklerinde, do\u011fayla m\u00fcmk\u00fcn oldu\u011funca i\u00e7 i\u00e7e ya\u015fayan anlat\u0131c\u0131, 25 A\u011fustos 2015\u2019te, Rusya\u2019n\u0131n Kam\u00e7atka b\u00f6lgesinde bir ay\u0131yla kar\u015f\u0131 kar\u015f\u0131ya gelir ve iki<span class=\"excerpt-hellip\"> [\u2026]<\/span><\/p>\n","protected":false},"featured_media":0,"template":"","meta":{"_monsterinsights_skip_tracking":false,"_monsterinsights_sitenote_active":false,"_monsterinsights_sitenote_note":"","_monsterinsights_sitenote_category":0},"product_brand":[],"product_cat":[12291,13376],"product_tag":[],"class_list":{"0":"post-742661","1":"product","2":"type-product","3":"status-publish","5":"product_cat-edebiyat","6":"product_cat-fransiz-edebiyati","7":"pa_cilt-ciltsiz","8":"pa_tur-kitap","9":"pa_yayinevi-can-yayinlari","10":"pa_yazar-nastassja-martin","12":"first","13":"instock","14":"sale","15":"shipping-taxable","16":"purchasable","17":"product-type-simple"},"_links":{"self":[{"href":"https:\/\/roveyayinevi.com.tr\/index.php\/wp-json\/wp\/v2\/product\/742661","targetHints":{"allow":["GET"]}}],"collection":[{"href":"https:\/\/roveyayinevi.com.tr\/index.php\/wp-json\/wp\/v2\/product"}],"about":[{"href":"https:\/\/roveyayinevi.com.tr\/index.php\/wp-json\/wp\/v2\/types\/product"}],"wp:attachment":[{"href":"https:\/\/roveyayinevi.com.tr\/index.php\/wp-json\/wp\/v2\/media?parent=742661"}],"wp:term":[{"taxonomy":"product_brand","embeddable":true,"href":"https:\/\/roveyayinevi.com.tr\/index.php\/wp-json\/wp\/v2\/product_brand?post=742661"},{"taxonomy":"product_cat","embeddable":true,"href":"https:\/\/roveyayinevi.com.tr\/index.php\/wp-json\/wp\/v2\/product_cat?post=742661"},{"taxonomy":"product_tag","embeddable":true,"href":"https:\/\/roveyayinevi.com.tr\/index.php\/wp-json\/wp\/v2\/product_tag?post=742661"}],"curies":[{"name":"wp","href":"https:\/\/api.w.org\/{rel}","templated":true}]}}