{"id":742653,"date":"2025-08-28T01:17:20","date_gmt":"2025-08-27T22:17:20","guid":{"rendered":"https:\/\/roveyayinevi.com.tr\/index.php\/urun\/caylak-ninjanin-gunlugu-iii-kizil-ninjalarin-yukselisi\/"},"modified":"2026-04-16T02:53:50","modified_gmt":"2026-04-15T23:53:50","slug":"caylak-ninjanin-gunlugu-iii-kizil-ninjalarin-yukselisi","status":"publish","type":"product","link":"https:\/\/roveyayinevi.com.tr\/index.php\/urun\/caylak-ninjanin-gunlugu-iii-kizil-ninjalarin-yukselisi\/","title":{"rendered":"\u00c7aylak Ninja&#8217;n\u0131n G\u00fcnl\u00fc\u011f\u00fc III-K\u0131z\u0131l Ninjalar\u0131n Y\u00fckseli\u015fi"},"content":{"rendered":"<p>\u201cArt\u0131k \u00e7ok ge\u00e7. Seninkinden \u00e7ok daha g\u00fc\u00e7l\u00fc yeni bir Ninja klan\u0131 kurdum. K\u0131z\u0131l Ninjalar \u00e7oktan y\u00fckseli\u015fe ge\u00e7ti bile. D\u00fc\u015f\u00fcnd\u00fc\u011f\u00fcn\u00fczden \u00e7ok daha b\u00fcy\u00fc\u011f\u00fcz ve sand\u0131\u011f\u0131n\u0131zdan \u00e7ok daha fazla kontrol g\u00fcc\u00fcne sahibiz.\u201d       Ben Chase Cooper. Alt\u0131nc\u0131 s\u0131n\u0131f bir ninjayim. Okula geleli sadece bir ay oldu. Ama bu kadar \u00e7\u0131lg\u0131n bir okulda bir ay, bir \u00f6m\u00fcr gibidir. Ge\u00e7enlerde okuldaki herkesin korsan gibi konu\u015ftu\u011fu bir g\u00fcn ya\u015fad\u0131k. Ama o g\u00fcnle s\u0131n\u0131rl\u0131 kalmad\u0131. Bir hafta ge\u00e7tikten sonra daha da k\u00f6t\u00fcle\u015fti. Ve \u00e7ok ge\u00e7meden ortal\u0131kta b\u00fcy\u00fck bir korsan istilas\u0131 dedikodular\u0131 dola\u015fmaya ba\u015flad\u0131. Uyar\u0131lar\u0131 dikkate almad\u0131m, \u00e7\u00fcnk\u00fc \u015faka oldu\u011funu sand\u0131m. Galiba&#8230; Yan\u0131lm\u0131\u015f\u0131m. \u015eimdi t\u00fcm okul tehlikede ve onu kurtarabilecek tek ki\u015fi var; o da benim. <\/p>\n","protected":false},"excerpt":{"rendered":"<p>\u201cArt\u0131k \u00e7ok ge\u00e7. Seninkinden \u00e7ok daha g\u00fc\u00e7l\u00fc yeni bir Ninja klan\u0131 kurdum. K\u0131z\u0131l Ninjalar \u00e7oktan y\u00fckseli\u015fe ge\u00e7ti bile. D\u00fc\u015f\u00fcnd\u00fc\u011f\u00fcn\u00fczden \u00e7ok daha b\u00fcy\u00fc\u011f\u00fcz ve sand\u0131\u011f\u0131n\u0131zdan \u00e7ok daha<span class=\"excerpt-hellip\"> [\u2026]<\/span><\/p>\n","protected":false},"featured_media":0,"template":"","meta":{"_monsterinsights_skip_tracking":false,"_monsterinsights_sitenote_active":false,"_monsterinsights_sitenote_note":"","_monsterinsights_sitenote_category":0},"product_brand":[],"product_cat":[12689,12274],"product_tag":[],"class_list":{"0":"post-742653","1":"product","2":"type-product","3":"status-publish","5":"product_cat-cizgi-roman-cocuk-ve-genclik-kitaplari","6":"product_cat-cocuk-ve-genclik-kitaplari","7":"pa_cilt-ciltsiz","8":"pa_tur-kitap","9":"pa_yayinevi-epsilon-yayinlari","10":"pa_yazar-marcus-emerson","12":"first","13":"instock","14":"sale","15":"shipping-taxable","16":"purchasable","17":"product-type-simple"},"_links":{"self":[{"href":"https:\/\/roveyayinevi.com.tr\/index.php\/wp-json\/wp\/v2\/product\/742653","targetHints":{"allow":["GET"]}}],"collection":[{"href":"https:\/\/roveyayinevi.com.tr\/index.php\/wp-json\/wp\/v2\/product"}],"about":[{"href":"https:\/\/roveyayinevi.com.tr\/index.php\/wp-json\/wp\/v2\/types\/product"}],"wp:attachment":[{"href":"https:\/\/roveyayinevi.com.tr\/index.php\/wp-json\/wp\/v2\/media?parent=742653"}],"wp:term":[{"taxonomy":"product_brand","embeddable":true,"href":"https:\/\/roveyayinevi.com.tr\/index.php\/wp-json\/wp\/v2\/product_brand?post=742653"},{"taxonomy":"product_cat","embeddable":true,"href":"https:\/\/roveyayinevi.com.tr\/index.php\/wp-json\/wp\/v2\/product_cat?post=742653"},{"taxonomy":"product_tag","embeddable":true,"href":"https:\/\/roveyayinevi.com.tr\/index.php\/wp-json\/wp\/v2\/product_tag?post=742653"}],"curies":[{"name":"wp","href":"https:\/\/api.w.org\/{rel}","templated":true}]}}