{"id":742649,"date":"2025-08-28T01:17:15","date_gmt":"2025-08-27T22:17:15","guid":{"rendered":"https:\/\/roveyayinevi.com.tr\/index.php\/urun\/gezegen-fabrikasi\/"},"modified":"2026-04-16T02:53:49","modified_gmt":"2026-04-15T23:53:49","slug":"gezegen-fabrikasi","status":"publish","type":"product","link":"https:\/\/roveyayinevi.com.tr\/index.php\/urun\/gezegen-fabrikasi\/","title":{"rendered":"Gezegen Fabrikas\u0131"},"content":{"rendered":"<p>Yirmi y\u0131l \u00f6nce g\u00fcne\u015f sistemi d\u0131\u015f\u0131ndaki gezegenlerin ara\u015ft\u0131r\u0131lmas\u0131 sadece bilimkurgu yazarlar\u0131n\u0131n ilgi alan\u0131na giriyordu. Oysa bug\u00fcn astronominin en h\u0131zl\u0131 geni\u015fleyen alanlar\u0131ndan biri haline geldi. Bug\u00fcne dek binlerce \u201c\u00f6tegezegen\u201d ke\u015ffedildi ve say\u0131lar\u0131 h\u0131zla art\u0131yor. Yeni ke\u015ffedilen bu d\u00fcnyalar en fantastik bilimkurgu kitaplar\u0131nda hayal edilenlerden \u00e7ok daha yabans\u0131. Aralar\u0131nda bir y\u0131l\u0131 D\u00fcnya zaman\u0131yla birka\u00e7 hafta s\u00fcren, J\u00fcpiter\u2019den b\u00fcy\u00fck gaz devleri de var, iki g\u00fcne\u015fli karasal gezegenler de. Hatta baz\u0131lar\u0131n\u0131n g\u00fcne\u015fi bile yok! Katran okyanuslar\u0131yla kapl\u0131 elmas mantolu gezegenler mi arars\u0131n\u0131z, yoksa bir yar\u0131mk\u00fcresi s\u00fcrekli k\u0131\u015f, di\u011fer yar\u0131mk\u00fcresi s\u00fcrekli yaz olanlar m\u0131. T\u00fcm y\u00fczeyi okyanuslarla \u00f6rt\u00fcl\u00fc su d\u00fcnyalar\u0131 m\u0131, yoksa tamamen magma deniziyle \u00f6rt\u00fcl\u00fc volkanik d\u00fcnyalar m\u0131. B\u00f6ylesi bir \u00e7e\u015fitlili\u011fin keyfi daha ba\u015flang\u0131\u00e7. Gezegen Fabrikas\u0131 bu gezegenlerin \u00f6yk\u00fcs\u00fcn\u00fc anlat\u0131yor. Bilinen say\u0131s\u0131z kom\u015fu y\u0131ld\u0131z var ve bunlar\u0131n her birinin \u00e7evresinde \u00f6tegezegenler d\u00f6n\u00fcyor. Bu olas\u0131l\u0131klar aras\u0131nda bizim gezegenimize benzeyen bir d\u00fcnya, ikinci bir D\u00fcnya bulunmas\u0131 m\u00fcmk\u00fcn m\u00fc? Ne dersiniz? \u201cBu kitab\u0131 okuma listenizin ilk s\u0131ras\u0131na koyacaks\u0131n\u0131z.\u201d Sky&amp;Telescope <\/p>\n","protected":false},"excerpt":{"rendered":"<p>Yirmi y\u0131l \u00f6nce g\u00fcne\u015f sistemi d\u0131\u015f\u0131ndaki gezegenlerin ara\u015ft\u0131r\u0131lmas\u0131 sadece bilimkurgu yazarlar\u0131n\u0131n ilgi alan\u0131na giriyordu. Oysa bug\u00fcn astronominin en h\u0131zl\u0131 geni\u015fleyen alanlar\u0131ndan biri haline geldi. Bug\u00fcne dek<span class=\"excerpt-hellip\"> [\u2026]<\/span><\/p>\n","protected":false},"featured_media":0,"template":"","meta":{"_monsterinsights_skip_tracking":false,"_monsterinsights_sitenote_active":false,"_monsterinsights_sitenote_note":"","_monsterinsights_sitenote_category":0},"product_brand":[],"product_cat":[13005,13006],"product_tag":[],"class_list":{"0":"post-742649","1":"product","2":"type-product","3":"status-publish","5":"product_cat-bilim-muhendislik","6":"product_cat-populer-bilim","7":"pa_cilt-ciltsiz","8":"pa_tur-kitap","9":"pa_yayinevi-say-yayinlari","10":"pa_yazar-elizabeth-tasker","12":"first","13":"instock","14":"sale","15":"shipping-taxable","16":"purchasable","17":"product-type-simple"},"_links":{"self":[{"href":"https:\/\/roveyayinevi.com.tr\/index.php\/wp-json\/wp\/v2\/product\/742649","targetHints":{"allow":["GET"]}}],"collection":[{"href":"https:\/\/roveyayinevi.com.tr\/index.php\/wp-json\/wp\/v2\/product"}],"about":[{"href":"https:\/\/roveyayinevi.com.tr\/index.php\/wp-json\/wp\/v2\/types\/product"}],"wp:attachment":[{"href":"https:\/\/roveyayinevi.com.tr\/index.php\/wp-json\/wp\/v2\/media?parent=742649"}],"wp:term":[{"taxonomy":"product_brand","embeddable":true,"href":"https:\/\/roveyayinevi.com.tr\/index.php\/wp-json\/wp\/v2\/product_brand?post=742649"},{"taxonomy":"product_cat","embeddable":true,"href":"https:\/\/roveyayinevi.com.tr\/index.php\/wp-json\/wp\/v2\/product_cat?post=742649"},{"taxonomy":"product_tag","embeddable":true,"href":"https:\/\/roveyayinevi.com.tr\/index.php\/wp-json\/wp\/v2\/product_tag?post=742649"}],"curies":[{"name":"wp","href":"https:\/\/api.w.org\/{rel}","templated":true}]}}