{"id":742637,"date":"2025-08-28T01:17:01","date_gmt":"2025-08-27T22:17:01","guid":{"rendered":"https:\/\/roveyayinevi.com.tr\/index.php\/urun\/aile-terapisi\/"},"modified":"2026-04-16T02:53:49","modified_gmt":"2026-04-15T23:53:49","slug":"aile-terapisi","status":"publish","type":"product","link":"https:\/\/roveyayinevi.com.tr\/index.php\/urun\/aile-terapisi\/","title":{"rendered":"Aile Terapisi"},"content":{"rendered":"<p>Aile Terapisi, odakland\u0131\u011f\u0131 sistemin tarihini, teorisini ve uygulamas\u0131n\u0131 tart\u0131\u015fmaktad\u0131r. Ana klinik ilke olarak, bireysel sorunlar\u0131n, ba\u015far\u0131l\u0131 bir \u015fekilde tedavi edilmesi i\u00e7in daha geni\u015f aile ve \u00e7evresel sistemler i\u00e7inde anla\u015f\u0131lmas\u0131 gerekti\u011finin alt\u0131n\u0131 \u00e7izen bu kitap, sistemik ve ili\u015fkisel terimlerle bir d\u00fc\u015f\u00fcnme bi\u00e7imi sa\u011flad\u0131\u011f\u0131 gibi bireylere, ailelere ve di\u011fer sistemlere m\u00fcdahale etmek i\u00e7in bir dizi strateji sunmaktad\u0131r.   William J. Doherty ve Susan H. McDaniel, vaka \u00f6rnekleriyle renklendirdikleri bu k\u0131sa ve anla\u015f\u0131l\u0131r kitapta, birincil de\u011fi\u015fim mekanizmalar\u0131n\u0131 ve ampirik temeli anlat\u0131rken, ayn\u0131 zamanda gelecekteki geli\u015fmeleri de i\u015faret etmektedirler.   Aile Terapisi, Psikoterapi Kuramlar\u0131 Dizisi\u2019nin on birinci kitab\u0131d\u0131r. APA bu diziyi, psikoterapistlerin g\u00fcn\u00fcm\u00fczde kulland\u0131\u011f\u0131 temel kuramsal modelleri anlamaya y\u00f6nelik bir kaynak olarak sunmaktad\u0131r. Dizinin kitaplar\u0131, farkl\u0131 dan\u0131\u015fan profillerini i\u00e7eren zengin vaka \u00f6rnekleriyle birlikte somut kuram ve bulgu temelli uygulamalar\u0131 anlatmaktad\u0131r. \u00d6yle ki, uygulamac\u0131lar ve \u00f6\u011frenciler bu kitaplar\u0131 bilginin ve esinin m\u00fccevherleri olarak g\u00f6recektir. Okuyan Us, bu dizide T\u00fcrk uzmanlar\u0131n \u00e7al\u0131\u015fmalar\u0131na da yer vermektedir.   Bu dizi, \u00e7\u0131\u011f\u0131r a\u00e7ma potansiyeli ta\u015f\u0131yor. Psikoterapiler aras\u0131ndaki ortak noktalar ve farkl\u0131l\u0131klar\u0131 ortaya koyarak, bu farkl\u0131l\u0131klarla dolu alanda birle\u015fme, basitle\u015fme ve b\u00fct\u00fcnle\u015fme i\u00e7in temel malzemeleri sunuyor. Prof. Dr. Arthur Staats, Hawaii \u00dcniversitesi, Honolulu   Sa\u011flam kuramsal d\u00fc\u015f\u00fcnce ve zengin klinik malzeme \u00fczerinden temellendirilen bu dizi, psikoterapiye ilgi duyan herkes taraf\u0131ndan okunmal\u0131. Gerek deneyimsiz gerekse deneyimli klinisyenler i\u00e7in ise bir hazine niteli\u011finde. -Prof. Dr. Lillian Comas-Diaz, George Washington \u00dcniversitesi, Washington, Dc<\/p>\n","protected":false},"excerpt":{"rendered":"<p>Aile Terapisi, odakland\u0131\u011f\u0131 sistemin tarihini, teorisini ve uygulamas\u0131n\u0131 tart\u0131\u015fmaktad\u0131r. Ana klinik ilke olarak, bireysel sorunlar\u0131n, ba\u015far\u0131l\u0131 bir \u015fekilde tedavi edilmesi i\u00e7in daha geni\u015f aile ve \u00e7evresel<span class=\"excerpt-hellip\"> [\u2026]<\/span><\/p>\n","protected":false},"featured_media":0,"template":"","meta":{"_monsterinsights_skip_tracking":false,"_monsterinsights_sitenote_active":false,"_monsterinsights_sitenote_note":"","_monsterinsights_sitenote_category":0},"product_brand":[],"product_cat":[20502,12357],"product_tag":[],"class_list":{"0":"post-742637","1":"product","2":"type-product","3":"status-publish","5":"product_cat-basvuru-kitaplari-psikoloji","6":"product_cat-psikoloji","7":"pa_cilt-ciltsiz","8":"pa_tur-kitap","9":"pa_yayinevi-okuyan-us-yayin","10":"pa_yazar-william-j-doherty-susan-h-mcdaniel","12":"first","13":"instock","14":"sale","15":"shipping-taxable","16":"purchasable","17":"product-type-simple"},"_links":{"self":[{"href":"https:\/\/roveyayinevi.com.tr\/index.php\/wp-json\/wp\/v2\/product\/742637","targetHints":{"allow":["GET"]}}],"collection":[{"href":"https:\/\/roveyayinevi.com.tr\/index.php\/wp-json\/wp\/v2\/product"}],"about":[{"href":"https:\/\/roveyayinevi.com.tr\/index.php\/wp-json\/wp\/v2\/types\/product"}],"wp:attachment":[{"href":"https:\/\/roveyayinevi.com.tr\/index.php\/wp-json\/wp\/v2\/media?parent=742637"}],"wp:term":[{"taxonomy":"product_brand","embeddable":true,"href":"https:\/\/roveyayinevi.com.tr\/index.php\/wp-json\/wp\/v2\/product_brand?post=742637"},{"taxonomy":"product_cat","embeddable":true,"href":"https:\/\/roveyayinevi.com.tr\/index.php\/wp-json\/wp\/v2\/product_cat?post=742637"},{"taxonomy":"product_tag","embeddable":true,"href":"https:\/\/roveyayinevi.com.tr\/index.php\/wp-json\/wp\/v2\/product_tag?post=742637"}],"curies":[{"name":"wp","href":"https:\/\/api.w.org\/{rel}","templated":true}]}}