{"id":742635,"date":"2025-08-28T01:16:59","date_gmt":"2025-08-27T22:16:59","guid":{"rendered":"https:\/\/roveyayinevi.com.tr\/index.php\/urun\/dur-dinlen-ve-yeniden-basla\/"},"modified":"2025-09-19T13:25:57","modified_gmt":"2025-09-19T10:25:57","slug":"dur-dinlen-ve-yeniden-basla","status":"publish","type":"product","link":"https:\/\/roveyayinevi.com.tr\/index.php\/urun\/dur-dinlen-ve-yeniden-basla\/","title":{"rendered":"Dur Dinlen ve Yeniden Ba\u015fla"},"content":{"rendered":"<p>Darwin\u2019den Stephen King\u2019e yazarlar\u0131n, ressamlar\u0131n, d\u00fc\u015f\u00fcn\u00fcrlerin ve devlet adamlar\u0131n\u0131n dinlenerek yarat\u0131c\u0131l\u0131klar\u0131n\u0131 ve performanslar\u0131n\u0131 nas\u0131l art\u0131rd\u0131klar\u0131n\u0131 yal\u0131n bir dille anlatan Silikon Vadisi f\u00fct\u00fcristi ve i\u015f dan\u0131\u015fman\u0131 Alex Soojung-Kim Pang, DUR D\u0130NLEN VE YEN\u0130DEN BA\u015eLA kitab\u0131nda, \u00e7al\u0131\u015fma, dinlenme, uyku ve tatil aras\u0131ndaki \u00f6nemli ili\u015fkiyi hat\u0131rlat\u0131yor. Titiz, bilimsel, analitik ara\u015ft\u0131rmalarla dolu bu kitap \u201cbilin\u00e7li dinlenmenin\u201d \u00fcretkenli\u011fin as\u0131l anahtar\u0131 oldu\u011funu, b\u00f6ylelikle size daha fazla enerji, daha keskin fikirler ve daha iyi bir hayat verece\u011fini g\u00f6steriyor. Hayat\u0131n\u0131z\u0131n geri kalan\u0131n\u0131n \u00f6nemini yeniden ke\u015ffetmeniz i\u00e7in yeni bir yol haritas\u0131 sunarak, durarak, dinlenerek ve d\u00fc\u015f\u00fcnerek yeniden ba\u015flaman\u0131n etkili yollar\u0131n\u0131 anlat\u0131yor.   \u201cDUR D\u0130NLEN VE YEN\u0130DEN BA\u015eLA, \u00e7ok de\u011ferli bir kitap. E\u011fer \u00e7al\u0131\u015fmak bizim ulusal dinimiz ise Pang de par\u00e7alanm\u0131\u015f benliklerimizi yeniden b\u00fct\u00fcnle\u015ftiren bir filozoftur.\u201d \u2013 Arianna Huffington, New York Times     Metro duraklar\u0131nda panolar, sokak afi\u015fleri&#8230; <\/p>\n","protected":false},"excerpt":{"rendered":"<p>Darwin\u2019den Stephen King\u2019e yazarlar\u0131n, ressamlar\u0131n, d\u00fc\u015f\u00fcn\u00fcrlerin ve devlet adamlar\u0131n\u0131n dinlenerek yarat\u0131c\u0131l\u0131klar\u0131n\u0131 ve performanslar\u0131n\u0131 nas\u0131l art\u0131rd\u0131klar\u0131n\u0131 yal\u0131n bir dille anlatan Silikon Vadisi f\u00fct\u00fcristi ve i\u015f dan\u0131\u015fman\u0131 Alex<span class=\"excerpt-hellip\"> [\u2026]<\/span><\/p>\n","protected":false},"featured_media":0,"template":"","meta":{"_monsterinsights_skip_tracking":false,"_monsterinsights_sitenote_active":false,"_monsterinsights_sitenote_note":"","_monsterinsights_sitenote_category":0},"product_brand":[],"product_cat":[12364,12376],"product_tag":[],"class_list":{"0":"post-742635","1":"product","2":"type-product","3":"status-publish","5":"product_cat-genel-konular","6":"product_cat-kisisel-gelisim","7":"pa_cilt-ciltsiz","8":"pa_tur-kitap","9":"pa_yayinevi-beyaz-baykus-yayinlari","10":"pa_yazar-alex-soojung-kim-pang","12":"first","13":"instock","14":"sale","15":"shipping-taxable","16":"purchasable","17":"product-type-simple"},"_links":{"self":[{"href":"https:\/\/roveyayinevi.com.tr\/index.php\/wp-json\/wp\/v2\/product\/742635","targetHints":{"allow":["GET"]}}],"collection":[{"href":"https:\/\/roveyayinevi.com.tr\/index.php\/wp-json\/wp\/v2\/product"}],"about":[{"href":"https:\/\/roveyayinevi.com.tr\/index.php\/wp-json\/wp\/v2\/types\/product"}],"wp:attachment":[{"href":"https:\/\/roveyayinevi.com.tr\/index.php\/wp-json\/wp\/v2\/media?parent=742635"}],"wp:term":[{"taxonomy":"product_brand","embeddable":true,"href":"https:\/\/roveyayinevi.com.tr\/index.php\/wp-json\/wp\/v2\/product_brand?post=742635"},{"taxonomy":"product_cat","embeddable":true,"href":"https:\/\/roveyayinevi.com.tr\/index.php\/wp-json\/wp\/v2\/product_cat?post=742635"},{"taxonomy":"product_tag","embeddable":true,"href":"https:\/\/roveyayinevi.com.tr\/index.php\/wp-json\/wp\/v2\/product_tag?post=742635"}],"curies":[{"name":"wp","href":"https:\/\/api.w.org\/{rel}","templated":true}]}}