{"id":742634,"date":"2025-08-28T01:16:58","date_gmt":"2025-08-27T22:16:58","guid":{"rendered":"https:\/\/roveyayinevi.com.tr\/index.php\/urun\/ece-hep-baskalarinin-dugununde-oynadim\/"},"modified":"2026-04-16T02:53:48","modified_gmt":"2026-04-15T23:53:48","slug":"ece-hep-baskalarinin-dugununde-oynadim","status":"publish","type":"product","link":"https:\/\/roveyayinevi.com.tr\/index.php\/urun\/ece-hep-baskalarinin-dugununde-oynadim\/","title":{"rendered":"Ece -Hep Ba\u015fkalar\u0131n\u0131n D\u00fc\u011f\u00fcn\u00fcnde Oynad\u0131m"},"content":{"rendered":"<p>AKILLI, G\u00dcZEL, CEVVAL, AS\u0130, KOM\u0130K, ENERJ\u0130K, ARKADA\u015e CANLISI, EV PART\u0130S\u0130, OF\u0130S PART\u0130S\u0130, \u0130Y\u0130 G\u00dcNDE, K\u00d6T\u00dc G\u00dcNDE, BAZEN TERAP\u0130ST, BAZEN DANI\u015eAN VE HER DA\u0130M \u00c7EVR\u0130M\u0130\u00c7\u0130.   M.K Perker\u2019in 2013 y\u0131l\u0131n\u0131n Kas\u0131m ay\u0131nda H\u00fcrriyet Gazetesi\u2019nde yaz\u0131p \u00e7izmeye ba\u015flad\u0131\u011f\u0131 Ece, an itibariyle 500 haftad\u0131r s\u00fcren maceralar\u0131yla hem \u00e7izgi roman hem de bas\u0131n d\u00fcnyam\u0131zda kendine m\u00fcstesna bir yer edinmi\u015ftir. \u0130lk kez \u00e7izgi roman d\u0131\u015f\u0131nda bir alanda, bu kez karikat\u00fcrlerle huzurlar\u0131n\u0131zda! <\/p>\n","protected":false},"excerpt":{"rendered":"<p>AKILLI, G\u00dcZEL, CEVVAL, AS\u0130, KOM\u0130K, ENERJ\u0130K, ARKADA\u015e CANLISI, EV PART\u0130S\u0130, OF\u0130S PART\u0130S\u0130, \u0130Y\u0130 G\u00dcNDE, K\u00d6T\u00dc G\u00dcNDE, BAZEN TERAP\u0130ST, BAZEN DANI\u015eAN VE HER DA\u0130M \u00c7EVR\u0130M\u0130\u00c7\u0130. M.K Perker\u2019in<span class=\"excerpt-hellip\"> [\u2026]<\/span><\/p>\n","protected":false},"featured_media":0,"template":"","meta":{"_monsterinsights_skip_tracking":false,"_monsterinsights_sitenote_active":false,"_monsterinsights_sitenote_note":"","_monsterinsights_sitenote_category":0},"product_brand":[],"product_cat":[12416,12291],"product_tag":[],"class_list":{"0":"post-742634","1":"product","2":"type-product","3":"status-publish","5":"product_cat-cizgi-roman","6":"product_cat-edebiyat","7":"pa_cilt-ciltsiz","8":"pa_tur-kitap","9":"pa_yayinevi-kara-karga-yayinlari","10":"pa_yazar-m-k-perker","12":"first","13":"instock","14":"sale","15":"shipping-taxable","16":"purchasable","17":"product-type-simple"},"_links":{"self":[{"href":"https:\/\/roveyayinevi.com.tr\/index.php\/wp-json\/wp\/v2\/product\/742634","targetHints":{"allow":["GET"]}}],"collection":[{"href":"https:\/\/roveyayinevi.com.tr\/index.php\/wp-json\/wp\/v2\/product"}],"about":[{"href":"https:\/\/roveyayinevi.com.tr\/index.php\/wp-json\/wp\/v2\/types\/product"}],"wp:attachment":[{"href":"https:\/\/roveyayinevi.com.tr\/index.php\/wp-json\/wp\/v2\/media?parent=742634"}],"wp:term":[{"taxonomy":"product_brand","embeddable":true,"href":"https:\/\/roveyayinevi.com.tr\/index.php\/wp-json\/wp\/v2\/product_brand?post=742634"},{"taxonomy":"product_cat","embeddable":true,"href":"https:\/\/roveyayinevi.com.tr\/index.php\/wp-json\/wp\/v2\/product_cat?post=742634"},{"taxonomy":"product_tag","embeddable":true,"href":"https:\/\/roveyayinevi.com.tr\/index.php\/wp-json\/wp\/v2\/product_tag?post=742634"}],"curies":[{"name":"wp","href":"https:\/\/api.w.org\/{rel}","templated":true}]}}