{"id":742604,"date":"2025-08-28T01:15:32","date_gmt":"2025-08-27T22:15:32","guid":{"rendered":"https:\/\/roveyayinevi.com.tr\/index.php\/urun\/daglarina-sahip-cik\/"},"modified":"2026-04-05T02:59:01","modified_gmt":"2026-04-04T23:59:01","slug":"daglarina-sahip-cik","status":"publish","type":"product","link":"https:\/\/roveyayinevi.com.tr\/index.php\/urun\/daglarina-sahip-cik\/","title":{"rendered":"Da\u011flar\u0131na Sahip \u00c7\u0131k"},"content":{"rendered":"<p>R\u00fcstem Bey\u2019in s\u00f6z\u00fc \u00f6nemli;- Da\u011flar\u0131na sahip \u00e7\u0131k!Bu s\u00f6z, beni \u00e7ok etkiledi. K\u00fc\u00e7\u00fck bir c\u00fcmle de\u011fil bu. Ambulans\u0131n ard\u0131ndan \u00c7apa\u2019ya gidi\u015fim, R\u00fcstem Bey\u2019in pe-\u015finden son gidi\u015fim oldu\u2026 Ans\u0131z\u0131n gelen bir kalp krizi, R\u00fcstem Bey\u2019le arama son perdeyi \u00e7ekti. E\u015fi ve \u00e7ocuklar\u0131 kendini yerlere at\u0131yordu. H\u0131\u00e7k\u0131ra h\u0131\u00e7k\u0131ra a\u011fl\u0131yorlard\u0131. B\u00fcy\u00fck bir heyecanla R\u00fcstem Bey\u2019e ko\u015farak gitmi\u015ftim.Da\u011flar\u0131na Sahip \u00c7\u0131k kitab\u0131yla s\u00fcrpriz yapacakt\u0131m. Ben s\u00fcrpriz yapacakken, o bana hayat\u0131m\u0131n en b\u00fcy\u00fck s\u00fcrpri-zini yapt\u0131. Bu hayatta iki dosta ba\u011flanm\u0131\u015ft\u0131m, biri Samet di\u011feri R\u00fcstem Abi\u2026Art\u0131k ikisini de kaybettim.<\/p>\n","protected":false},"excerpt":{"rendered":"<p>R\u00fcstem Bey\u2019in s\u00f6z\u00fc \u00f6nemli;- Da\u011flar\u0131na sahip \u00e7\u0131k!Bu s\u00f6z, beni \u00e7ok etkiledi. K\u00fc\u00e7\u00fck bir c\u00fcmle de\u011fil bu. Ambulans\u0131n ard\u0131ndan \u00c7apa\u2019ya gidi\u015fim, R\u00fcstem Bey\u2019in pe-\u015finden son gidi\u015fim oldu\u2026<span class=\"excerpt-hellip\"> [\u2026]<\/span><\/p>\n","protected":false},"featured_media":0,"template":"","meta":{"_monsterinsights_skip_tracking":false,"_monsterinsights_sitenote_active":false,"_monsterinsights_sitenote_note":"","_monsterinsights_sitenote_category":0},"product_brand":[],"product_cat":[12291,12711],"product_tag":[],"class_list":{"0":"post-742604","1":"product","2":"type-product","3":"status-publish","5":"product_cat-edebiyat","6":"product_cat-roman-oyku","7":"pa_cilt-ciltsiz","8":"pa_tur-kitap","9":"pa_yayinevi-biyografi-net-yayincilik","10":"pa_yazar-selcuk-ozyurt","12":"first","13":"instock","14":"sale","15":"shipping-taxable","16":"purchasable","17":"product-type-simple"},"_links":{"self":[{"href":"https:\/\/roveyayinevi.com.tr\/index.php\/wp-json\/wp\/v2\/product\/742604","targetHints":{"allow":["GET"]}}],"collection":[{"href":"https:\/\/roveyayinevi.com.tr\/index.php\/wp-json\/wp\/v2\/product"}],"about":[{"href":"https:\/\/roveyayinevi.com.tr\/index.php\/wp-json\/wp\/v2\/types\/product"}],"wp:attachment":[{"href":"https:\/\/roveyayinevi.com.tr\/index.php\/wp-json\/wp\/v2\/media?parent=742604"}],"wp:term":[{"taxonomy":"product_brand","embeddable":true,"href":"https:\/\/roveyayinevi.com.tr\/index.php\/wp-json\/wp\/v2\/product_brand?post=742604"},{"taxonomy":"product_cat","embeddable":true,"href":"https:\/\/roveyayinevi.com.tr\/index.php\/wp-json\/wp\/v2\/product_cat?post=742604"},{"taxonomy":"product_tag","embeddable":true,"href":"https:\/\/roveyayinevi.com.tr\/index.php\/wp-json\/wp\/v2\/product_tag?post=742604"}],"curies":[{"name":"wp","href":"https:\/\/api.w.org\/{rel}","templated":true}]}}