{"id":742597,"date":"2025-08-28T01:15:24","date_gmt":"2025-08-27T22:15:24","guid":{"rendered":"https:\/\/roveyayinevi.com.tr\/index.php\/urun\/fazil-husnu-daglarcayi-gormeye-gitmek\/"},"modified":"2026-04-16T02:53:47","modified_gmt":"2026-04-15T23:53:47","slug":"fazil-husnu-daglarcayi-gormeye-gitmek","status":"publish","type":"product","link":"https:\/\/roveyayinevi.com.tr\/index.php\/urun\/fazil-husnu-daglarcayi-gormeye-gitmek\/","title":{"rendered":"Faz\u0131l H\u00fcsn\u00fc Da\u011flarca\u2019y\u0131 G\u00f6rmeye Gitmek"},"content":{"rendered":"<p>2003 senesinde Faz\u0131l H\u00fcsn\u00fc Da\u011flarca doksan ya\u015f\u0131nda, birbirinden de\u011ferli y\u00fczden fazla \u015fiir kitab\u0131 yay\u0131mlanm\u0131\u015f, Kad\u0131k\u00f6y&#8217;deki evinde sessiz, sakin, bilgece \u015fiirler yazmaya devam eden, tart\u0131\u015fmas\u0131z &#8220;Ya\u015fayan En B\u00fcy\u00fck T\u00fcrk \u015eairi&#8221;ydi.   2003&#8217;de Polat Onat yirmi \u00fc\u00e7 ya\u015f\u0131nda, Batman&#8217;da ilkokul \u00f6\u011fretmenli\u011fi yapan, sadece birka\u00e7 \u015fiiri dergilerde yay\u0131mlanm\u0131\u015f, yeni yetme, hayaller pe\u015finde ko\u015fan, Da\u011flarca&#8217;n\u0131n bir\u00e7ok kitab\u0131n\u0131 okuyup ona b\u00fcy\u00fck hayranl\u0131k duyan, acemi bir \u015fiir heveslisiydi.   Kurtalan Ekspresi&#8217;nin k\u00f6hne kompart\u0131manlar\u0131ndan birinde, defterine s\u00fcrekli notlar alarak Batman&#8217;dan Haydarpa\u015fa Gar\u0131&#8217;na uzanan otuz iki saati a\u015fk\u0131n maceral\u0131 tren yolculu\u011fu vas\u0131tas\u0131yla, \u015fa\u015fk\u0131n bir \u015fair aday\u0131, b\u00fcy\u00fck ustay\u0131 g\u00f6rmeye gidiyordu.   Trendeki birbirinden ilgin\u00e7 tipler, gittik\u00e7e tuhafla\u015fan olaylar&#8230; Da\u011flarca ile hayran\u0131n\u0131n birlikte ge\u00e7irdi\u011fi iki g\u00fcn\u00fcn t\u00fcm ayr\u0131nt\u0131lar\u0131&#8230; Yer yer komik, k\u0131smen h\u00fcz\u00fcnl\u00fc, \u00e7o\u011funlukla \u015fa\u015f\u0131rt\u0131c\u0131&#8230;   Fakat kesinlikle unutulmaz bir otobiyografik roman: &#8220;Faz\u0131l H\u00fcsn\u00fc Da\u011flarca&#8217;y\u0131 G\u00f6rmeye Gitmek&#8221;<\/p>\n","protected":false},"excerpt":{"rendered":"<p>2003 senesinde Faz\u0131l H\u00fcsn\u00fc Da\u011flarca doksan ya\u015f\u0131nda, birbirinden de\u011ferli y\u00fczden fazla \u015fiir kitab\u0131 yay\u0131mlanm\u0131\u015f, Kad\u0131k\u00f6y&#8217;deki evinde sessiz, sakin, bilgece \u015fiirler yazmaya devam eden, tart\u0131\u015fmas\u0131z &#8220;Ya\u015fayan En<span class=\"excerpt-hellip\"> [\u2026]<\/span><\/p>\n","protected":false},"featured_media":0,"template":"","meta":{"_monsterinsights_skip_tracking":false,"_monsterinsights_sitenote_active":false,"_monsterinsights_sitenote_note":"","_monsterinsights_sitenote_category":0},"product_brand":[],"product_cat":[14009,12291],"product_tag":[],"class_list":{"0":"post-742597","1":"product","2":"type-product","3":"status-publish","5":"product_cat-biyografi-otobiyografi-edebiyat","6":"product_cat-edebiyat","7":"pa_cilt-ciltsiz","8":"pa_tur-kitap","9":"pa_yayinevi-perge-yayinlari","10":"pa_yazar-polat-onat","12":"first","13":"instock","14":"sale","15":"shipping-taxable","16":"purchasable","17":"product-type-simple"},"_links":{"self":[{"href":"https:\/\/roveyayinevi.com.tr\/index.php\/wp-json\/wp\/v2\/product\/742597","targetHints":{"allow":["GET"]}}],"collection":[{"href":"https:\/\/roveyayinevi.com.tr\/index.php\/wp-json\/wp\/v2\/product"}],"about":[{"href":"https:\/\/roveyayinevi.com.tr\/index.php\/wp-json\/wp\/v2\/types\/product"}],"wp:attachment":[{"href":"https:\/\/roveyayinevi.com.tr\/index.php\/wp-json\/wp\/v2\/media?parent=742597"}],"wp:term":[{"taxonomy":"product_brand","embeddable":true,"href":"https:\/\/roveyayinevi.com.tr\/index.php\/wp-json\/wp\/v2\/product_brand?post=742597"},{"taxonomy":"product_cat","embeddable":true,"href":"https:\/\/roveyayinevi.com.tr\/index.php\/wp-json\/wp\/v2\/product_cat?post=742597"},{"taxonomy":"product_tag","embeddable":true,"href":"https:\/\/roveyayinevi.com.tr\/index.php\/wp-json\/wp\/v2\/product_tag?post=742597"}],"curies":[{"name":"wp","href":"https:\/\/api.w.org\/{rel}","templated":true}]}}

Fazıl Hüsnü Dağlarca’yı Görmeye Gitmek

<p>2003 senesinde Fazıl Hüsnü Dağlarca doksan yaşında, birbirinden değerli yüzden fazla şiir kitabı yayımlanmış, Kadıköy&#8217;deki evinde sessiz, sakin, bilgece şiirler yazmaya devam eden, tartışmasız &#8220;Yaşayan En Büyük Türk Şairi&#8221;ydi.   2003&#8217;de Polat Onat yirmi üç yaşında, Batman&#8217;da ilkokul öğretmenliği yapan, sadece birkaç şiiri dergilerde yayımlanmış, yeni yetme, hayaller peşinde koşan, Dağlarca&#8217;nın birçok kitabını okuyup ona büyük hayranlık duyan, acemi bir şiir heveslisiydi.   Kurtalan Ekspresi&#8217;nin köhne kompartımanlarından birinde, defterine sürekli notlar alarak Batman&#8217;dan Haydarpaşa Garı&#8217;na uzanan otuz iki saati aşkın maceralı tren yolculuğu vasıtasıyla, şaşkın bir şair adayı, büyük ustayı görmeye gidiyordu.   Trendeki birbirinden ilginç tipler, gittikçe tuhaflaşan olaylar&#8230; Dağlarca ile hayranının birlikte geçirdiği iki günün tüm ayrıntıları&#8230; Yer yer komik, kısmen hüzünlü, çoğunlukla şaşırtıcı&#8230;   Fakat kesinlikle unutulmaz bir otobiyografik roman: &#8220;Fazıl Hüsnü Dağlarca&#8217;yı Görmeye Gitmek&#8221;</p>

<p>2003 senesinde Fazıl Hüsnü Dağlarca doksan yaşında, birbirinden değerli yüzden fazla şiir kitabı yayımlanmış, Kadıköy&#8217;deki evinde sessiz, sakin, bilgece şiirler yazmaya devam eden, tartışmasız &#8220;Yaşayan En<span class="excerpt-hellip"> […]</span></p>
