{"id":742563,"date":"2025-08-28T01:14:43","date_gmt":"2025-08-27T22:14:43","guid":{"rendered":"https:\/\/roveyayinevi.com.tr\/index.php\/urun\/imam-safii\/"},"modified":"2026-04-16T02:53:46","modified_gmt":"2026-04-15T23:53:46","slug":"imam-safii","status":"publish","type":"product","link":"https:\/\/roveyayinevi.com.tr\/index.php\/urun\/imam-safii\/","title":{"rendered":"\u0130mam \u015e\u00e2fi\u00ee"},"content":{"rendered":"<p>\u0130slam d\u00fc\u015f\u00fcncesinin kurucu d\u00fc\u015f\u00fcn\u00fcrlerinden \u0130mam \u015e\u00e2fi\u00ee m\u00fcsl\u00fcman toplumu en \u00e7ok etkileyen isimler aras\u0131nda yer al\u0131r. Buna ra\u011fmen hayat\u0131 hakk\u0131nda \u00e7ok az \u015fey biliyoruz. Kecia Ali, elinizdeki kitapta b\u00fcy\u00fck fakihin biyografisini erken d\u00f6nem kaynaklar\u0131 ve \u00e7a\u011fda\u015f \u00e7al\u0131\u015fmalar\u0131 ustaca kullanarak resmediyor; \u0130mam M\u00e2lik ve Muhammed e\u015f-\u015eeyb\u00e2n\u00ee gibi \u00e2limler ba\u015fta olmak \u00fczere d\u00f6neminin \u015fahsiyetleriyle olan ili\u015fkileri ve entelekt\u00fcel, sosyal ba\u011flamdaki hayat\u0131na odaklan\u0131yor. Ayr\u0131ca \u015e\u00e2fi\u00ee d\u00fc\u015f\u00fcncesinin ana hatlar\u0131n\u0131 te\u015fekk\u00fcl d\u00f6neminin canl\u0131 tart\u0131\u015fmalar\u0131 \u00fczerinden, d\u00fc\u015f\u00fcn\u00fcr\u00fcn kendi eserleri ve muhataplar\u0131n\u0131n \u00e7al\u0131\u015fmalar\u0131n\u0131 kullanarak ortaya \u00e7\u0131kar\u0131yor; f\u0131khi y\u00f6nteminin geli\u015ftirilmesini, inceltilmesini ve \u00f6\u011frencileri taraf\u0131ndan yayg\u0131nla\u015ft\u0131r\u0131lmas\u0131n\u0131 ara\u015ft\u0131r\u0131yor. Ve bir \u201c\u00e2lim\u201d olarak vefat\u0131n\u0131n ard\u0131ndan zaman i\u00e7erisinde nas\u0131l m\u00fcsl\u00fcman toplum taraf\u0131ndan bir \u201cveli olarak kabul g\u00f6rd\u00fc\u011f\u00fcn\u00fc anlat\u0131yor. \u0130mam \u015e\u00e2fi\u00ee: \u00c2lim ve Veli d\u00fc\u015f\u00fcn\u00fcr\u00fcn hayat\u0131 ve fikriyat\u0131n\u0131 g\u00fcvenilir kaynaklara dayanan bir kurgu ve ak\u0131c\u0131 bir \u00fcslupla ele al\u0131yor. Yazar Hakk\u0131nda: 1972 y\u0131l\u0131nda Boston\u2019da do\u011fdu. \u0130lk gen\u00e7lik d\u00f6neminde \u0130slam\u2019\u0131 se\u00e7ti. Stanford \u00dcniversitesi\u2019nde Tarih ve Feminizm \u00c7al\u0131\u015fmalar\u0131 alanlar\u0131nda e\u011fitim g\u00f6rd\u00fckten sonra Duke \u00dcniversitesi\u2019nde Din alan\u0131nda doktora yapt\u0131. \u00c7al\u0131\u015fma alanlar\u0131 \u0130slam, cinsiyet ve etik olan Ali, 2006\u2019dan bu yana Boston \u00dcniversitesi Din B\u00f6l\u00fcm\u00fc\u2019nde \u00f6\u011fretim \u00fcyesidir. Brandeis ve Harvard \u00dcniversitelerinde ara\u015ft\u0131rmalarda bulunmu\u015ftur. \u0130slami gelenek ile ilgili \u00e7al\u0131\u015fmalar\u0131 modern \u00f6ncesi f\u0131k\u0131h, toplumsal cinsiyet, cinsellik ve biyografi alanlar\u0131na odaklan\u0131r. Imam Shafi\u2018i: Scholar and Saint\u2019in (\u0130mam \u015e\u00e2fi\u00ee: \u00c2lim ve Veli) yan\u0131s\u0131ra Sexual Ethics and Islam (Cinsel Ahlak ve \u0130slam) kitab\u0131 T\u00fcrk\u00e7e\u2019ye \u00e7evrilen yazar\u0131n ba\u015fl\u0131ca eserleri \u015funlard\u0131r: Marriage and Slavery in Early Islam, The Lives of Muhammad, Human in Death: Morality and Mortality in J.D. Robb\u2019s Novels. <\/p>\n","protected":false},"excerpt":{"rendered":"<p>\u0130slam d\u00fc\u015f\u00fcncesinin kurucu d\u00fc\u015f\u00fcn\u00fcrlerinden \u0130mam \u015e\u00e2fi\u00ee m\u00fcsl\u00fcman toplumu en \u00e7ok etkileyen isimler aras\u0131nda yer al\u0131r. Buna ra\u011fmen hayat\u0131 hakk\u0131nda \u00e7ok az \u015fey biliyoruz. Kecia Ali, elinizdeki<span class=\"excerpt-hellip\"> [\u2026]<\/span><\/p>\n","protected":false},"featured_media":0,"template":"","meta":{"_monsterinsights_skip_tracking":false,"_monsterinsights_sitenote_active":false,"_monsterinsights_sitenote_note":"","_monsterinsights_sitenote_category":0},"product_brand":[],"product_cat":[13946,12304],"product_tag":[],"class_list":{"0":"post-742563","1":"product","2":"type-product","3":"status-publish","5":"product_cat-biyografi-otobiyografi","6":"product_cat-tarih","7":"pa_cilt-ciltsiz","8":"pa_tur-kitap","9":"pa_yayinevi-vakifbank-kultur-yayinlari","10":"pa_yazar-kecia-ali","12":"first","13":"instock","14":"sale","15":"shipping-taxable","16":"purchasable","17":"product-type-simple"},"_links":{"self":[{"href":"https:\/\/roveyayinevi.com.tr\/index.php\/wp-json\/wp\/v2\/product\/742563","targetHints":{"allow":["GET"]}}],"collection":[{"href":"https:\/\/roveyayinevi.com.tr\/index.php\/wp-json\/wp\/v2\/product"}],"about":[{"href":"https:\/\/roveyayinevi.com.tr\/index.php\/wp-json\/wp\/v2\/types\/product"}],"wp:attachment":[{"href":"https:\/\/roveyayinevi.com.tr\/index.php\/wp-json\/wp\/v2\/media?parent=742563"}],"wp:term":[{"taxonomy":"product_brand","embeddable":true,"href":"https:\/\/roveyayinevi.com.tr\/index.php\/wp-json\/wp\/v2\/product_brand?post=742563"},{"taxonomy":"product_cat","embeddable":true,"href":"https:\/\/roveyayinevi.com.tr\/index.php\/wp-json\/wp\/v2\/product_cat?post=742563"},{"taxonomy":"product_tag","embeddable":true,"href":"https:\/\/roveyayinevi.com.tr\/index.php\/wp-json\/wp\/v2\/product_tag?post=742563"}],"curies":[{"name":"wp","href":"https:\/\/api.w.org\/{rel}","templated":true}]}}

İmam Şâfiî

<p>İslam düşüncesinin kurucu düşünürlerinden İmam Şâfiî müslüman toplumu en çok etkileyen isimler arasında yer alır. Buna rağmen hayatı hakkında çok az şey biliyoruz. Kecia Ali, elinizdeki kitapta büyük fakihin biyografisini erken dönem kaynakları ve çağdaş çalışmaları ustaca kullanarak resmediyor; İmam Mâlik ve Muhammed eş-Şeybânî gibi âlimler başta olmak üzere döneminin şahsiyetleriyle olan ilişkileri ve entelektüel, sosyal bağlamdaki hayatına odaklanıyor. Ayrıca Şâfiî düşüncesinin ana hatlarını teşekkül döneminin canlı tartışmaları üzerinden, düşünürün kendi eserleri ve muhataplarının çalışmalarını kullanarak ortaya çıkarıyor; fıkhi yönteminin geliştirilmesini, inceltilmesini ve öğrencileri tarafından yaygınlaştırılmasını araştırıyor. Ve bir “âlim” olarak vefatının ardından zaman içerisinde nasıl müslüman toplum tarafından bir “veli olarak kabul gördüğünü anlatıyor. İmam Şâfiî: Âlim ve Veli düşünürün hayatı ve fikriyatını güvenilir kaynaklara dayanan bir kurgu ve akıcı bir üslupla ele alıyor. Yazar Hakkında: 1972 yılında Boston’da doğdu. İlk gençlik döneminde İslam’ı seçti. Stanford Üniversitesi’nde Tarih ve Feminizm Çalışmaları alanlarında eğitim gördükten sonra Duke Üniversitesi’nde Din alanında doktora yaptı. Çalışma alanları İslam, cinsiyet ve etik olan Ali, 2006’dan bu yana Boston Üniversitesi Din Bölümü’nde öğretim üyesidir. Brandeis ve Harvard Üniversitelerinde araştırmalarda bulunmuştur. İslami gelenek ile ilgili çalışmaları modern öncesi fıkıh, toplumsal cinsiyet, cinsellik ve biyografi alanlarına odaklanır. Imam Shafi‘i: Scholar and Saint’in (İmam Şâfiî: Âlim ve Veli) yanısıra Sexual Ethics and Islam (Cinsel Ahlak ve İslam) kitabı Türkçe’ye çevrilen yazarın başlıca eserleri şunlardır: Marriage and Slavery in Early Islam, The Lives of Muhammad, Human in Death: Morality and Mortality in J.D. Robb’s Novels. </p>

<p>İslam düşüncesinin kurucu düşünürlerinden İmam Şâfiî müslüman toplumu en çok etkileyen isimler arasında yer alır. Buna rağmen hayatı hakkında çok az şey biliyoruz. Kecia Ali, elinizdeki<span class="excerpt-hellip"> […]</span></p>
