{"id":742553,"date":"2025-08-28T01:14:31","date_gmt":"2025-08-27T22:14:31","guid":{"rendered":"https:\/\/roveyayinevi.com.tr\/index.php\/urun\/kirkyama-2\/"},"modified":"2026-04-16T02:53:46","modified_gmt":"2026-04-15T23:53:46","slug":"kirkyama-2","status":"publish","type":"product","link":"https:\/\/roveyayinevi.com.tr\/index.php\/urun\/kirkyama-2\/","title":{"rendered":"K\u0131rkyama"},"content":{"rendered":"<p>En \u00e7ok hangi a\u011fac\u0131 sevdi\u011fimi sorduklar\u0131nda, \u201cs\u00f6\u011f\u00fct\u201d deyip uzun uzun a\u011flayacak kadar \u00e7ok hasret biriktirdim. U\u00e7an ku\u015fa, esen yele, bir s\u00f6\u011f\u00fcd\u00fcn g\u00f6lgesinde boy veren \u00e7ocuklu\u011fuma&#8230;Ben kendi s\u00f6\u011f\u00fct a\u011fac\u0131m\u0131 kalp topra\u011f\u0131mda yeti\u015ftirdim. Topra\u011f\u0131nda bu\u011fday ba\u015faklar\u0131 ve \u015fair yeti\u015fen bir memleketin iyi kalpli \u00e7ocuklar\u0131ndan biriyim. Elim ekmek, elim kalem, elim dost eli tutar.Ayaklar\u0131m, kuru bir hevesi sonsuz bir huzura tercih etmeyecek kadar sa\u011flam bas\u0131yor. \u00c7\u00fcnk\u00fc ba\u015f\u0131m bozk\u0131ra ba\u011fl\u0131. \u00c7\u00fcnk\u00fc co\u011frafya kader&#8230;Yaz bitip g\u00fcn d\u00f6n\u00fcnce, \u00e7i\u00e7ekler yaprak d\u00f6k\u00fcnce, ithal s\u00fcs a\u011fa\u00e7lar\u0131n\u0131n g\u00f6lgesi bir s\u00f6\u011f\u00fct etmeyince herkes evine d\u00f6ner.<\/p>\n","protected":false},"excerpt":{"rendered":"<p>En \u00e7ok hangi a\u011fac\u0131 sevdi\u011fimi sorduklar\u0131nda, \u201cs\u00f6\u011f\u00fct\u201d deyip uzun uzun a\u011flayacak kadar \u00e7ok hasret biriktirdim. U\u00e7an ku\u015fa, esen yele, bir s\u00f6\u011f\u00fcd\u00fcn g\u00f6lgesinde boy veren \u00e7ocuklu\u011fuma&#8230;Ben kendi<span class=\"excerpt-hellip\"> [\u2026]<\/span><\/p>\n","protected":false},"featured_media":0,"template":"","meta":{"_monsterinsights_skip_tracking":false,"_monsterinsights_sitenote_active":false,"_monsterinsights_sitenote_note":"","_monsterinsights_sitenote_category":0},"product_brand":[],"product_cat":[12777,12291],"product_tag":[],"class_list":{"0":"post-742553","1":"product","2":"type-product","3":"status-publish","5":"product_cat-deneme","6":"product_cat-edebiyat","7":"pa_cilt-ciltsiz","8":"pa_tur-kitap","9":"pa_yayinevi-liman-kitaplar","10":"pa_yazar-esra-gayretli","12":"first","13":"instock","14":"sale","15":"shipping-taxable","16":"purchasable","17":"product-type-simple"},"_links":{"self":[{"href":"https:\/\/roveyayinevi.com.tr\/index.php\/wp-json\/wp\/v2\/product\/742553","targetHints":{"allow":["GET"]}}],"collection":[{"href":"https:\/\/roveyayinevi.com.tr\/index.php\/wp-json\/wp\/v2\/product"}],"about":[{"href":"https:\/\/roveyayinevi.com.tr\/index.php\/wp-json\/wp\/v2\/types\/product"}],"wp:attachment":[{"href":"https:\/\/roveyayinevi.com.tr\/index.php\/wp-json\/wp\/v2\/media?parent=742553"}],"wp:term":[{"taxonomy":"product_brand","embeddable":true,"href":"https:\/\/roveyayinevi.com.tr\/index.php\/wp-json\/wp\/v2\/product_brand?post=742553"},{"taxonomy":"product_cat","embeddable":true,"href":"https:\/\/roveyayinevi.com.tr\/index.php\/wp-json\/wp\/v2\/product_cat?post=742553"},{"taxonomy":"product_tag","embeddable":true,"href":"https:\/\/roveyayinevi.com.tr\/index.php\/wp-json\/wp\/v2\/product_tag?post=742553"}],"curies":[{"name":"wp","href":"https:\/\/api.w.org\/{rel}","templated":true}]}}