{"id":742547,"date":"2025-08-28T01:14:24","date_gmt":"2025-08-27T22:14:24","guid":{"rendered":"https:\/\/roveyayinevi.com.tr\/index.php\/urun\/dodi-ve-gurultucu-kiyafetler\/"},"modified":"2026-04-16T02:53:46","modified_gmt":"2026-04-15T23:53:46","slug":"dodi-ve-gurultucu-kiyafetler","status":"publish","type":"product","link":"https:\/\/roveyayinevi.com.tr\/index.php\/urun\/dodi-ve-gurultucu-kiyafetler\/","title":{"rendered":"Dodi ve G\u00fcr\u00fclt\u00fcc\u00fc K\u0131yafetler"},"content":{"rendered":"<p>&#8220;Beni tak ki kafana g\u00fcne\u015f ge\u00e7mesin&#8221; dedi k\u0131rm\u0131z\u0131 \u00e7izgili \u015fapka. &#8220;Ben sana \u015fans getiririm&#8221; dedi nazar boncuklu s\u00fcveter. Benekli ceket hemen araya girdi ve; &#8220;Beni giydi\u011fine hi\u00e7 pi\u015fman olmayacaks\u0131n&#8221; dedi. <\/p>\n","protected":false},"excerpt":{"rendered":"<p>&#8220;Beni tak ki kafana g\u00fcne\u015f ge\u00e7mesin&#8221; dedi k\u0131rm\u0131z\u0131 \u00e7izgili \u015fapka. &#8220;Ben sana \u015fans getiririm&#8221; dedi nazar boncuklu s\u00fcveter. Benekli ceket hemen araya girdi ve; &#8220;Beni giydi\u011fine<span class=\"excerpt-hellip\"> [\u2026]<\/span><\/p>\n","protected":false},"featured_media":0,"template":"","meta":{"_monsterinsights_skip_tracking":false,"_monsterinsights_sitenote_active":false,"_monsterinsights_sitenote_note":"","_monsterinsights_sitenote_category":0},"product_brand":[],"product_cat":[12274,12284],"product_tag":[],"class_list":{"0":"post-742547","1":"product","2":"type-product","3":"status-publish","5":"product_cat-cocuk-ve-genclik-kitaplari","6":"product_cat-hikayeler","7":"pa_cilt-ciltsiz","8":"pa_tur-kitap","9":"pa_yayinevi-kitap-muptelasi-yayinlari","10":"pa_yazar-bengu-dolayli-ertinmaz","12":"first","13":"instock","14":"sale","15":"shipping-taxable","16":"purchasable","17":"product-type-simple"},"_links":{"self":[{"href":"https:\/\/roveyayinevi.com.tr\/index.php\/wp-json\/wp\/v2\/product\/742547","targetHints":{"allow":["GET"]}}],"collection":[{"href":"https:\/\/roveyayinevi.com.tr\/index.php\/wp-json\/wp\/v2\/product"}],"about":[{"href":"https:\/\/roveyayinevi.com.tr\/index.php\/wp-json\/wp\/v2\/types\/product"}],"wp:attachment":[{"href":"https:\/\/roveyayinevi.com.tr\/index.php\/wp-json\/wp\/v2\/media?parent=742547"}],"wp:term":[{"taxonomy":"product_brand","embeddable":true,"href":"https:\/\/roveyayinevi.com.tr\/index.php\/wp-json\/wp\/v2\/product_brand?post=742547"},{"taxonomy":"product_cat","embeddable":true,"href":"https:\/\/roveyayinevi.com.tr\/index.php\/wp-json\/wp\/v2\/product_cat?post=742547"},{"taxonomy":"product_tag","embeddable":true,"href":"https:\/\/roveyayinevi.com.tr\/index.php\/wp-json\/wp\/v2\/product_tag?post=742547"}],"curies":[{"name":"wp","href":"https:\/\/api.w.org\/{rel}","templated":true}]}}