{"id":742539,"date":"2025-08-28T01:14:13","date_gmt":"2025-08-27T22:14:13","guid":{"rendered":"https:\/\/roveyayinevi.com.tr\/index.php\/urun\/sindi-gorilla\/"},"modified":"2026-04-16T02:53:46","modified_gmt":"2026-04-15T23:53:46","slug":"sindi-gorilla","status":"publish","type":"product","link":"https:\/\/roveyayinevi.com.tr\/index.php\/urun\/sindi-gorilla\/","title":{"rendered":"Sindi &#8211; Gorilla"},"content":{"rendered":"<p>Pop\u00fcler bir peri masal\u0131na, asi  bir dokunu\u015f!   \u201cCesur Kalpler i\u00e7in Peri Masallar\u0131 Serisi\u201dnin ikinci kitab\u0131 olan Sindi-Gorilla, t\u0131pk\u0131 Rabunzel gibi   olduk\u00e7a klasikle\u015fmi\u015f bir peri masal\u0131na yepyeni bir soluk getiriyor. Peri masallar\u0131n\u0131n kal\u0131pla\u015fm\u0131\u015f cinsiyet rollerine ve \u00f6\u011fretilerine kar\u015f\u0131 \u00e7\u0131karak; modern \u00e7a\u011f\u0131n \u00f6zg\u00fcrl\u00fck\u00e7\u00fc s\u00f6ylemine uygun bir karakter ortaya koyuyor.   Sindi- Gorilla\u2019n\u0131n g\u00fcnleri, kendisine k\u00f6t\u00fc davranan teyzesi ve iki kuzeni Ella ile Bella\u2019yla ge\u00e7erdi. Her g\u00fcn onlardan gelen; muz kabuklar\u0131n\u0131 toplama, sa\u00e7 \u015fekillendirme, bula\u015f\u0131klar\u0131 y\u0131kama gibi emirleri yerine getirmekle u\u011fra\u015f\u0131p dururdu. T\u00fcm bu bask\u0131 Sindi\u2019yi mutsuz etse de, ona t\u00fcm \u00fcz\u00fcnt\u00fclerini unutturacak \u00e7ok sevdi\u011fi bir \u015fey vard\u0131\u2026 Sindi, DANS etmeye bay\u0131l\u0131rd\u0131. Etraf\u0131 toparlarken, bula\u015f\u0131k y\u0131karken ve t\u00fcm di\u011fer i\u015fleri yaparken sergiledi\u011fi hareketler g\u00fcnl\u00fck dans koreografisinin vazge\u00e7ilmez par\u00e7alar\u0131yd\u0131\u2026   Sindi\u2019nin en b\u00fcy\u00fck hayali orman diskosunda di\u011fer hayvan dostlar\u0131yla dans etmekti. Ama teyzesinden izin alabilmek ise sadece bir hayaldi\u2026 Ella ile Bella cumartesi diskosunun prensi TEO\u2019nun dans partneri olma d\u00fc\u015fleri kurarken, Sindi\u2019nin dans tutkusunu fark edebilecek dikkat hi\u00e7 kimsede kalmam\u0131\u015f gibiydi\u2026 Evdekilerin tek \u00f6nemsedi\u011fi \u015fey, Teo\u2019nun g\u00f6z\u00fcne girebilmekti. Teyze ve kuzenlerinin g\u00f6steri\u015fli standartlar\u0131na g\u00f6re ise Sindi\u2019nin temizlik yapmaktan kirlenmi\u015f g\u00f6r\u00fcn\u00fcm\u00fc bu parti i\u00e7in hi\u00e7 uygun de\u011fildi\u2026   Neyse ki t\u00fcm peri masallar\u0131nda oldu\u011fu gibi, T\u00fcyl\u00fc \u0130yilik Perisi, Sindi\u2019nin yard\u0131m\u0131na ko\u015ftu\u011funda art\u0131k onun da muz kabuklar\u0131ndan yap\u0131lm\u0131\u015f harika dans ayakkab\u0131lar\u0131 vard\u0131 ve Sindi partiye gidip, e\u011flencenin tad\u0131n\u0131 \u00e7\u0131karmaya haz\u0131rd\u0131. Disko prensi TEO kendisi i\u00e7in \u201charika\u201d bir dans partneri ararken, t\u00fcm g\u00f6zler onun \u00fczerindeydi. Sindi\u2019nin tek bir arzusu vard\u0131: Dostlar\u0131yla doyas\u0131ya dans etmek\u2026 Ancak saat s\u0131n\u0131rlamas\u0131, sihrin ge\u00e7icili\u011fi gibi birtak\u0131m zorluklar bu e\u011flencenin k\u0131sa s\u00fcrede bitmesiyle sonu\u00e7land\u0131. Ama Sindi\u2019nin baz\u0131 maceralar\u0131n ard\u0131ndan yeniden partiye d\u00f6nmesi ve dostlar\u0131yla \u00f6zg\u00fcrce dans etmesi hi\u00e7 de uzak bir zaman da de\u011fildi\u2026   Sindi-Gorilla\u2019n\u0131n mizahi anlat\u0131m\u0131 ve rengarenk \u00e7izimleri peri masallar\u0131na bol par\u0131lt\u0131, kucak dolusu ne\u015fe, az biraz da co\u015fku getiriyor\u2026 Hayatta de\u011fi\u015ftiremedi\u011fimiz durumlar\u0131n yaratt\u0131\u011f\u0131 zorlay\u0131c\u0131 duygularla e\u011flenerek, Sindi\u2019nin y\u00f6ntemiyle dans ederek ba\u015f edilebilece\u011fini t\u00fcm \u00e7ocuklara, hatta yeti\u015fkinlere i\u015faret ediyor. Haval\u0131 disko prensi Teo gibi bir partnerin g\u00f6lgesinde dans etmektense, kendi \u00f6zg\u00fcr ve \u00f6zg\u00fcn dans\u0131n\u0131 ke\u015ffetmenin \u00f6nemini vurgulayan bu hikaye; arkada\u015fl\u0131k, yard\u0131mla\u015fma ve birlikte dans etmenin ya\u015fam\u0131 nas\u0131l zenginle\u015ftirdi\u011finin de alt\u0131n\u0131 \u00e7iziyor\u2026 <\/p>\n","protected":false},"excerpt":{"rendered":"<p>Pop\u00fcler bir peri masal\u0131na, asi bir dokunu\u015f! \u201cCesur Kalpler i\u00e7in Peri Masallar\u0131 Serisi\u201dnin ikinci kitab\u0131 olan Sindi-Gorilla, t\u0131pk\u0131 Rabunzel gibi olduk\u00e7a klasikle\u015fmi\u015f bir peri masal\u0131na yepyeni<span class=\"excerpt-hellip\"> [\u2026]<\/span><\/p>\n","protected":false},"featured_media":0,"template":"","meta":{"_monsterinsights_skip_tracking":false,"_monsterinsights_sitenote_active":false,"_monsterinsights_sitenote_note":"","_monsterinsights_sitenote_category":0},"product_brand":[],"product_cat":[12913,12274],"product_tag":[],"class_list":{"0":"post-742539","1":"product","2":"type-product","3":"status-publish","5":"product_cat-3-6-yas-kitaplari","6":"product_cat-cocuk-ve-genclik-kitaplari","7":"pa_cilt-ciltsiz","8":"pa_tur-kitap","9":"pa_yayinevi-okuyan-koala","10":"pa_yazar-gareth-p-jones","12":"first","13":"instock","14":"sale","15":"shipping-taxable","16":"purchasable","17":"product-type-simple"},"_links":{"self":[{"href":"https:\/\/roveyayinevi.com.tr\/index.php\/wp-json\/wp\/v2\/product\/742539","targetHints":{"allow":["GET"]}}],"collection":[{"href":"https:\/\/roveyayinevi.com.tr\/index.php\/wp-json\/wp\/v2\/product"}],"about":[{"href":"https:\/\/roveyayinevi.com.tr\/index.php\/wp-json\/wp\/v2\/types\/product"}],"wp:attachment":[{"href":"https:\/\/roveyayinevi.com.tr\/index.php\/wp-json\/wp\/v2\/media?parent=742539"}],"wp:term":[{"taxonomy":"product_brand","embeddable":true,"href":"https:\/\/roveyayinevi.com.tr\/index.php\/wp-json\/wp\/v2\/product_brand?post=742539"},{"taxonomy":"product_cat","embeddable":true,"href":"https:\/\/roveyayinevi.com.tr\/index.php\/wp-json\/wp\/v2\/product_cat?post=742539"},{"taxonomy":"product_tag","embeddable":true,"href":"https:\/\/roveyayinevi.com.tr\/index.php\/wp-json\/wp\/v2\/product_tag?post=742539"}],"curies":[{"name":"wp","href":"https:\/\/api.w.org\/{rel}","templated":true}]}}