{"id":742453,"date":"2025-08-28T01:12:24","date_gmt":"2025-08-27T22:12:24","guid":{"rendered":"https:\/\/roveyayinevi.com.tr\/index.php\/urun\/ipsizler\/"},"modified":"2025-12-30T10:55:52","modified_gmt":"2025-12-30T07:55:52","slug":"ipsizler","status":"publish","type":"product","link":"https:\/\/roveyayinevi.com.tr\/index.php\/urun\/ipsizler\/","title":{"rendered":"\u0130psizler"},"content":{"rendered":"<p>\u201cBu roman, bir d\u00f6nem roman\u0131 olup b\u00fcy\u00fck \u00f6l\u00e7\u00fcde s\u00f6zl\u00fc anlat\u0131mlara dayanarak kurgulanm\u0131\u015ft\u0131r. Roman\u0131n amac\u0131 ge\u00e7mi\u015fte kalan meseleleri de\u015fmek de\u011fil haks\u0131zl\u0131klara, menfaat\u00e7ili\u011fe dikkat \u00e7ekip ahlak ve erdemin \u00f6nemini vurgulamak, sava\u015f\u0131n korkun\u00e7 y\u00fcz\u00fcn\u00fc sergilemektir.\u201d Roman m\u0131 tarihten, yoksa tarih mi romandan \u00e7\u0131kar? E\u015fref \u00d6zoltulular tarihten bir roman \u00e7\u0131karm\u0131\u015ft\u0131r. O, eserini anlat\u0131rken \u015f\u00f6yle der: \u201c\u0130psizler\u201d biri serseri, biri sava\u015f zengini, biri ise dindar ve muhafazak\u00e2r \u00fc\u00e7 adam\u0131n kesi\u015fen kaderleri \u00fczerinden Cumhuriyet Rejimi ile birlikte gelenek\u00e7iler ile yenilik\u00e7iler aras\u0131ndaki t\u0131rmanan kavgay\u0131, muas\u0131rla\u015fma ad\u0131 alt\u0131nda \u00e7\u0131kar\u0131lan kanunlar\u0131 \u00f6z\u00fcmsemekte zorlanan halk\u0131, bu gerginli\u011fi eski g\u00fc\u00e7 ve itibarlar\u0131n\u0131 geri kazanmak i\u00e7in kullanmaya \u00e7al\u0131\u015fan eski \u0130ttihat\u00e7\u0131lar\u0131, \u015fapka isyan\u0131n\u0131n perde arkas\u0131n\u0131 ve ayn\u0131 g\u00fcnlere tesad\u00fcf eden Ermenilere ait mallar\u0131 payla\u015f\u0131m kavgas\u0131 i\u00e7indeki sava\u015f zenginlerini anlat\u0131r. \u015eiirsel tasvirler roman kahramanlar\u0131n\u0131 anlat\u0131rken de okuyucuyu al\u0131r g\u00f6t\u00fcr\u00fcr sevgili E\u015fref. Eline sa\u011fl\u0131k, daha nice eserler i\u00e7in zihnine g\u00fc\u00e7 kalemine kuvvet. Mustafa \u00c7etin Baydar<\/p>\n","protected":false},"excerpt":{"rendered":"<p>\u201cBu roman, bir d\u00f6nem roman\u0131 olup b\u00fcy\u00fck \u00f6l\u00e7\u00fcde s\u00f6zl\u00fc anlat\u0131mlara dayanarak kurgulanm\u0131\u015ft\u0131r. Roman\u0131n amac\u0131 ge\u00e7mi\u015fte kalan meseleleri de\u015fmek de\u011fil haks\u0131zl\u0131klara, menfaat\u00e7ili\u011fe dikkat \u00e7ekip ahlak ve erdemin<span class=\"excerpt-hellip\"> [\u2026]<\/span><\/p>\n","protected":false},"featured_media":0,"template":"","meta":{"_monsterinsights_skip_tracking":false,"_monsterinsights_sitenote_active":false,"_monsterinsights_sitenote_note":"","_monsterinsights_sitenote_category":0},"product_brand":[],"product_cat":[12291,50487],"product_tag":[],"class_list":{"0":"post-742453","1":"product","2":"type-product","3":"status-publish","5":"product_cat-edebiyat","6":"product_cat-kurgu","7":"pa_cilt-ciltsiz","8":"pa_tur-kitap","9":"pa_yayinevi-arte","10":"pa_yazar-esref-ozoltulular","12":"first","13":"instock","14":"sale","15":"shipping-taxable","16":"purchasable","17":"product-type-simple"},"_links":{"self":[{"href":"https:\/\/roveyayinevi.com.tr\/index.php\/wp-json\/wp\/v2\/product\/742453","targetHints":{"allow":["GET"]}}],"collection":[{"href":"https:\/\/roveyayinevi.com.tr\/index.php\/wp-json\/wp\/v2\/product"}],"about":[{"href":"https:\/\/roveyayinevi.com.tr\/index.php\/wp-json\/wp\/v2\/types\/product"}],"wp:attachment":[{"href":"https:\/\/roveyayinevi.com.tr\/index.php\/wp-json\/wp\/v2\/media?parent=742453"}],"wp:term":[{"taxonomy":"product_brand","embeddable":true,"href":"https:\/\/roveyayinevi.com.tr\/index.php\/wp-json\/wp\/v2\/product_brand?post=742453"},{"taxonomy":"product_cat","embeddable":true,"href":"https:\/\/roveyayinevi.com.tr\/index.php\/wp-json\/wp\/v2\/product_cat?post=742453"},{"taxonomy":"product_tag","embeddable":true,"href":"https:\/\/roveyayinevi.com.tr\/index.php\/wp-json\/wp\/v2\/product_tag?post=742453"}],"curies":[{"name":"wp","href":"https:\/\/api.w.org\/{rel}","templated":true}]}}