{"id":742448,"date":"2025-08-28T01:12:16","date_gmt":"2025-08-27T22:12:16","guid":{"rendered":"https:\/\/roveyayinevi.com.tr\/index.php\/urun\/kivilcim-yurekli-kadinlar\/"},"modified":"2026-04-16T02:53:28","modified_gmt":"2026-04-15T23:53:28","slug":"kivilcim-yurekli-kadinlar","status":"publish","type":"product","link":"https:\/\/roveyayinevi.com.tr\/index.php\/urun\/kivilcim-yurekli-kadinlar\/","title":{"rendered":"K\u0131v\u0131lc\u0131m Y\u00fcrekli Kad\u0131nlar"},"content":{"rendered":"<p>1954 y\u0131l\u0131nda K\u0131r\u015fehir\/ \u00c7i\u00e7ekda\u011f\u0131 \/ \u00c7opra\u015f\u0131k k\u00f6y\u00fcnde do\u011fdum. K\u00fc\u00e7\u00fckken Yozgat\/ \u015eefaatli \u0130l\u00e7esine ta\u015f\u0131nd\u0131k.\u0130l\u00e7enin Merkez ilkokul olan Fatih ilkokulundan mezun oldum. Girdi\u011fim \u00f6\u011fretmen okullar\u0131 s\u0131nav\u0131 sonunda, HASANO\u011eLAN ATAT\u00dcRK ILK\u00d6\u011eRETMEN okulunu kazand\u0131m. 1974 te yedi y\u0131ll\u0131k okulu bitirdim, sonra Eski\u015fehir E\u011fitim Enstit\u00fcs\u00fcn\u00fcn F.K.B \u00f6\u011fretmenli\u011fini, sonra da A.\u00d6.F Biyo-loji b\u00f6l\u00fcm\u00fcn\u00fc bitirdim.Ankara ve Eski\u015fehir k\u00f6ylerinde g\u00f6rev yapt\u0131m. \u00dc\u00e7 k\u0131z\u0131ma e\u011fitim bayra\u011f\u0131n\u0131 teslim edip emekli oldum. \u00c7anakkale\u2019nin sevimli beldesi be\u015f torunumla mutlu bir hayat s\u00fcr\u00fcyorum. 2016 da Facebook\u2019un Hasano\u011flan Mezunlar\u0131 sayfas\u0131na okul an\u0131lar\u0131m\u0131z\u0131 yazmamla \u2018\u2019ANILARIMLA HASANO\u011eLAN\u2019\u2019 kitab\u0131m ortaya \u00e7\u0131kt\u0131. Okulumun; fiziki, sosyal ve e\u011fitim y\u00f6ntemlerini, \u00f6\u011frencilerin 12 ya\u015f\u0131ndan 19 ya\u015f\u0131na kadar ge\u00e7irdi\u011fi evreleri anlatan \u2018\u2019B\u0130R \u00d6\u011eRETMEN YET\u0130\u015e\u0130YOR\u2019\u2019 ikinci kitab\u0131m \u00e7\u0131kt\u0131. An\u0131 ve roman hem de belgesel niteli\u011findeki kitab\u0131m \u00e7ok ilgi g\u00f6rd\u00fc. Bas\u0131ma haz\u0131rlad\u0131\u011f\u0131m \u2018K\u0131v\u0131lc\u0131m Y\u00fcrekli Kad\u0131nlar\u2019 kitab\u0131mda, \u2018Kad\u0131n ve E\u011fitim\u2019 konular\u0131na yer verdim. <\/p>\n","protected":false},"excerpt":{"rendered":"<p>1954 y\u0131l\u0131nda K\u0131r\u015fehir\/ \u00c7i\u00e7ekda\u011f\u0131 \/ \u00c7opra\u015f\u0131k k\u00f6y\u00fcnde do\u011fdum. K\u00fc\u00e7\u00fckken Yozgat\/ \u015eefaatli \u0130l\u00e7esine ta\u015f\u0131nd\u0131k.\u0130l\u00e7enin Merkez ilkokul olan Fatih ilkokulundan mezun oldum. Girdi\u011fim \u00f6\u011fretmen okullar\u0131 s\u0131nav\u0131 sonunda, HASANO\u011eLAN<span class=\"excerpt-hellip\"> [\u2026]<\/span><\/p>\n","protected":false},"featured_media":0,"template":"","meta":{"_monsterinsights_skip_tracking":false,"_monsterinsights_sitenote_active":false,"_monsterinsights_sitenote_note":"","_monsterinsights_sitenote_category":0},"product_brand":[],"product_cat":[12291,12711],"product_tag":[],"class_list":{"0":"post-742448","1":"product","2":"type-product","3":"status-publish","5":"product_cat-edebiyat","6":"product_cat-roman-oyku","7":"pa_cilt-ciltsiz","8":"pa_tur-kitap","9":"pa_yayinevi-yazi-dukkani-yayinlari","10":"pa_yazar-sehriban-tugrul","12":"first","13":"instock","14":"sale","15":"shipping-taxable","16":"purchasable","17":"product-type-simple"},"_links":{"self":[{"href":"https:\/\/roveyayinevi.com.tr\/index.php\/wp-json\/wp\/v2\/product\/742448","targetHints":{"allow":["GET"]}}],"collection":[{"href":"https:\/\/roveyayinevi.com.tr\/index.php\/wp-json\/wp\/v2\/product"}],"about":[{"href":"https:\/\/roveyayinevi.com.tr\/index.php\/wp-json\/wp\/v2\/types\/product"}],"wp:attachment":[{"href":"https:\/\/roveyayinevi.com.tr\/index.php\/wp-json\/wp\/v2\/media?parent=742448"}],"wp:term":[{"taxonomy":"product_brand","embeddable":true,"href":"https:\/\/roveyayinevi.com.tr\/index.php\/wp-json\/wp\/v2\/product_brand?post=742448"},{"taxonomy":"product_cat","embeddable":true,"href":"https:\/\/roveyayinevi.com.tr\/index.php\/wp-json\/wp\/v2\/product_cat?post=742448"},{"taxonomy":"product_tag","embeddable":true,"href":"https:\/\/roveyayinevi.com.tr\/index.php\/wp-json\/wp\/v2\/product_tag?post=742448"}],"curies":[{"name":"wp","href":"https:\/\/api.w.org\/{rel}","templated":true}]}}