{"id":742439,"date":"2025-08-28T01:12:07","date_gmt":"2025-08-27T22:12:07","guid":{"rendered":"https:\/\/roveyayinevi.com.tr\/index.php\/urun\/bilinmeyen-kelam-erken-donem-maturidiliginde-kelami-yaklasimlar\/"},"modified":"2026-04-16T02:53:28","modified_gmt":"2026-04-15T23:53:28","slug":"bilinmeyen-kelam-erken-donem-maturidiliginde-kelami-yaklasimlar","status":"publish","type":"product","link":"https:\/\/roveyayinevi.com.tr\/index.php\/urun\/bilinmeyen-kelam-erken-donem-maturidiliginde-kelami-yaklasimlar\/","title":{"rendered":"Bilinmeyen Kel\u00e2m: Erken D\u00f6nem M\u00e2t\u00fcrid\u00eeli\u011finde Kel\u00e2m\u00ee Yakla\u015f\u0131mlar"},"content":{"rendered":"<p>Angelika Brodersen, Bilinmeyen Kelam\u2019da \u0130slami gelenek perspektifinden M\u00e2tur\u00eed\u00ee anlay\u0131\u015f\u0131n\u0131n \u00f6nde gelen kelamc\u0131lar\u0131n\u0131 ve onlar\u0131n eserlerini incelemektedir. Brodersen, kapsaml\u0131 bu \u00e7al\u0131\u015fmas\u0131yla, \u201cbilinmeyen\u201d olarak nitelendirdi\u011fi M\u00e2tur\u00eed\u00eeli\u011fin daha yak\u0131ndan tan\u0131nmas\u0131n\u0131 ve bilinmesini ama\u00e7lamaktad\u0131r. \u00d6ncelikle M\u00e2tur\u00eed\u00ee yazarlar\u0131n biyografileri ve metinleri hakk\u0131nda tafsilatl\u0131 bilgiler veren Brodersen, ard\u0131ndan bu bilgilerden \u00e7e\u015fitli \u00e7\u0131kar\u0131mlar yaparak M\u00e2tur\u00eed\u00ee inan\u00e7 ilkelerinin dayand\u0131\u011f\u0131 esaslar\u0131 ortaya koymaktad\u0131r.  Bilinmeyen Kelam, M\u00e2tur\u00eed\u00ee anlay\u0131\u015f \u00f6zelinde geni\u015f bir bilgi sunman\u0131n \u00f6tesinde, kelam ara\u015ft\u0131rmalar\u0131 a\u00e7\u0131s\u0131ndan da olduk\u00e7a de\u011ferlidir. Nitekim kitapta, M\u00e2tur\u00eed\u00eeli\u011fin ba\u011f\u0131ms\u0131z bir kelam ekol\u00fc olmas\u0131nda etkin olan nedenler incelenmekle birlikte, kelam ekolleri aras\u0131nda erken d\u00f6nemdeki z\u00e2t-s\u0131fat ile alakal\u0131 tart\u0131\u015fmalar hakk\u0131nda da ayr\u0131nt\u0131l\u0131 bilgiler yer almaktad\u0131r.<\/p>\n","protected":false},"excerpt":{"rendered":"<p>Angelika Brodersen, Bilinmeyen Kelam\u2019da \u0130slami gelenek perspektifinden M\u00e2tur\u00eed\u00ee anlay\u0131\u015f\u0131n\u0131n \u00f6nde gelen kelamc\u0131lar\u0131n\u0131 ve onlar\u0131n eserlerini incelemektedir. Brodersen, kapsaml\u0131 bu \u00e7al\u0131\u015fmas\u0131yla, \u201cbilinmeyen\u201d olarak nitelendirdi\u011fi M\u00e2tur\u00eed\u00eeli\u011fin daha yak\u0131ndan<span class=\"excerpt-hellip\"> [\u2026]<\/span><\/p>\n","protected":false},"featured_media":0,"template":"","meta":{"_monsterinsights_skip_tracking":false,"_monsterinsights_sitenote_active":false,"_monsterinsights_sitenote_note":"","_monsterinsights_sitenote_category":0},"product_brand":[],"product_cat":[52477],"product_tag":[],"class_list":{"0":"post-742439","1":"product","2":"type-product","3":"status-publish","5":"product_cat-arastirma","6":"pa_cilt-ciltsiz","7":"pa_tur-kitap","8":"pa_yayinevi-albaraka-yayinlari","9":"pa_yazar-angelika-brodersen","11":"first","12":"instock","13":"sale","14":"shipping-taxable","15":"purchasable","16":"product-type-simple"},"_links":{"self":[{"href":"https:\/\/roveyayinevi.com.tr\/index.php\/wp-json\/wp\/v2\/product\/742439","targetHints":{"allow":["GET"]}}],"collection":[{"href":"https:\/\/roveyayinevi.com.tr\/index.php\/wp-json\/wp\/v2\/product"}],"about":[{"href":"https:\/\/roveyayinevi.com.tr\/index.php\/wp-json\/wp\/v2\/types\/product"}],"wp:attachment":[{"href":"https:\/\/roveyayinevi.com.tr\/index.php\/wp-json\/wp\/v2\/media?parent=742439"}],"wp:term":[{"taxonomy":"product_brand","embeddable":true,"href":"https:\/\/roveyayinevi.com.tr\/index.php\/wp-json\/wp\/v2\/product_brand?post=742439"},{"taxonomy":"product_cat","embeddable":true,"href":"https:\/\/roveyayinevi.com.tr\/index.php\/wp-json\/wp\/v2\/product_cat?post=742439"},{"taxonomy":"product_tag","embeddable":true,"href":"https:\/\/roveyayinevi.com.tr\/index.php\/wp-json\/wp\/v2\/product_tag?post=742439"}],"curies":[{"name":"wp","href":"https:\/\/api.w.org\/{rel}","templated":true}]}}