{"id":742434,"date":"2025-08-28T01:12:02","date_gmt":"2025-08-27T22:12:02","guid":{"rendered":"https:\/\/roveyayinevi.com.tr\/index.php\/urun\/osmanli-devletinin-dagilma-devri-18-ve-19-asirlarda\/"},"modified":"2026-04-16T02:53:28","modified_gmt":"2026-04-15T23:53:28","slug":"osmanli-devletinin-dagilma-devri-18-ve-19-asirlarda","status":"publish","type":"product","link":"https:\/\/roveyayinevi.com.tr\/index.php\/urun\/osmanli-devletinin-dagilma-devri-18-ve-19-asirlarda\/","title":{"rendered":"Osmanl\u0131 Devleti&#8217;nin Da\u011f\u0131lma Devri (18. ve 19. As\u0131rlarda)"},"content":{"rendered":"<p>T\u00fcrk Devrimi&#8217;nin \u00f6nde gelen d\u00fc\u015f\u00fcn\u00fcr ve eylemcilerinden Yusuf Ak\u00e7ura&#8217;n\u0131n 1934&#8217;te kaleme ald\u0131\u011f\u0131 bu eserde Osmanl\u0131 Devleti&#8217;nin da\u011f\u0131lma devri incelenmektedir. Osmanl\u0131 Devleti&#8217;nin da\u011f\u0131lmas\u0131ndaki ba\u015fl\u0131ca etkenler; Osmanl\u0131 Devleti&#8217;nin 19. as\u0131r ba\u015f\u0131nda da\u011f\u0131lmas\u0131; Vaziyetin \u0131slah\u0131 i\u00e7in aranan \u00e7areler; Fransa \u0130htilali&#8217;nin Osmanl\u0131 memleketlerine tesiri; Osmanl\u0131 Sultanl\u0131\u011f\u0131 ile Fransa Cumhuriyeti aras\u0131nda M\u0131s\u0131r ve Suriye harbi ve neticeleri; Avrupa siyasetindeki de\u011fi\u015fimler; Osmanl\u0131 Devleti&#8217;nde esasl\u0131 ilk asker\u00ee \u0131slahat tesebb\u00fcs\u00fcn\u00fcn ba\u015far\u0131s\u0131zl\u0131\u011fa u\u011framas\u0131; Edirne Vakas\u0131 ve Kabak\u00e7\u0131 Mustafa ayaklanmas\u0131 ve III. Selim&#8217;in tahttan indirilmesi\u2026 Kitab\u0131n bu bas\u0131m\u0131 eserin 1940 bas\u0131m\u0131 esas al\u0131narak ve sadele\u015ftirilerek yay\u0131ma haz\u0131rland\u0131. Sonraki bas\u0131mlarda yer alan sadele\u015ftirme ve yaz\u0131m hatalar\u0131 giderildi. <\/p>\n","protected":false},"excerpt":{"rendered":"<p>T\u00fcrk Devrimi&#8217;nin \u00f6nde gelen d\u00fc\u015f\u00fcn\u00fcr ve eylemcilerinden Yusuf Ak\u00e7ura&#8217;n\u0131n 1934&#8217;te kaleme ald\u0131\u011f\u0131 bu eserde Osmanl\u0131 Devleti&#8217;nin da\u011f\u0131lma devri incelenmektedir. Osmanl\u0131 Devleti&#8217;nin da\u011f\u0131lmas\u0131ndaki ba\u015fl\u0131ca etkenler; Osmanl\u0131 Devleti&#8217;nin<span class=\"excerpt-hellip\"> [\u2026]<\/span><\/p>\n","protected":false},"featured_media":0,"template":"","meta":{"_monsterinsights_skip_tracking":false,"_monsterinsights_sitenote_active":false,"_monsterinsights_sitenote_note":"","_monsterinsights_sitenote_category":0},"product_brand":[],"product_cat":[13517,12304],"product_tag":[],"class_list":{"0":"post-742434","1":"product","2":"type-product","3":"status-publish","5":"product_cat-osmanli-tarihi","6":"product_cat-tarih","7":"pa_cilt-ciltsiz","8":"pa_tur-kitap","9":"pa_yayinevi-kaynak-yayinlari","10":"pa_yazar-yusuf-akcura","12":"first","13":"instock","14":"sale","15":"shipping-taxable","16":"purchasable","17":"product-type-simple"},"_links":{"self":[{"href":"https:\/\/roveyayinevi.com.tr\/index.php\/wp-json\/wp\/v2\/product\/742434","targetHints":{"allow":["GET"]}}],"collection":[{"href":"https:\/\/roveyayinevi.com.tr\/index.php\/wp-json\/wp\/v2\/product"}],"about":[{"href":"https:\/\/roveyayinevi.com.tr\/index.php\/wp-json\/wp\/v2\/types\/product"}],"wp:attachment":[{"href":"https:\/\/roveyayinevi.com.tr\/index.php\/wp-json\/wp\/v2\/media?parent=742434"}],"wp:term":[{"taxonomy":"product_brand","embeddable":true,"href":"https:\/\/roveyayinevi.com.tr\/index.php\/wp-json\/wp\/v2\/product_brand?post=742434"},{"taxonomy":"product_cat","embeddable":true,"href":"https:\/\/roveyayinevi.com.tr\/index.php\/wp-json\/wp\/v2\/product_cat?post=742434"},{"taxonomy":"product_tag","embeddable":true,"href":"https:\/\/roveyayinevi.com.tr\/index.php\/wp-json\/wp\/v2\/product_tag?post=742434"}],"curies":[{"name":"wp","href":"https:\/\/api.w.org\/{rel}","templated":true}]}}

Osmanlı Devleti&#8217;nin Dağılma Devri (18. ve 19. Asırlarda)

<p>Türk Devrimi&#8217;nin önde gelen düşünür ve eylemcilerinden Yusuf Akçura&#8217;nın 1934&#8217;te kaleme aldığı bu eserde Osmanlı Devleti&#8217;nin dağılma devri incelenmektedir. Osmanlı Devleti&#8217;nin dağılmasındaki başlıca etkenler; Osmanlı Devleti&#8217;nin 19. asır başında dağılması; Vaziyetin ıslahı için aranan çareler; Fransa İhtilali&#8217;nin Osmanlı memleketlerine tesiri; Osmanlı Sultanlığı ile Fransa Cumhuriyeti arasında Mısır ve Suriye harbi ve neticeleri; Avrupa siyasetindeki değişimler; Osmanlı Devleti&#8217;nde esaslı ilk askerî ıslahat tesebbüsünün başarısızlığa uğraması; Edirne Vakası ve Kabakçı Mustafa ayaklanması ve III. Selim&#8217;in tahttan indirilmesi… Kitabın bu basımı eserin 1940 basımı esas alınarak ve sadeleştirilerek yayıma hazırlandı. Sonraki basımlarda yer alan sadeleştirme ve yazım hataları giderildi. </p>

<p>Türk Devrimi&#8217;nin önde gelen düşünür ve eylemcilerinden Yusuf Akçura&#8217;nın 1934&#8217;te kaleme aldığı bu eserde Osmanlı Devleti&#8217;nin dağılma devri incelenmektedir. Osmanlı Devleti&#8217;nin dağılmasındaki başlıca etkenler; Osmanlı Devleti&#8217;nin<span class="excerpt-hellip"> […]</span></p>
