{"id":742432,"date":"2025-08-28T01:11:59","date_gmt":"2025-08-27T22:11:59","guid":{"rendered":"https:\/\/roveyayinevi.com.tr\/index.php\/urun\/uykudan-once-masallar\/"},"modified":"2026-04-16T02:53:28","modified_gmt":"2026-04-15T23:53:28","slug":"uykudan-once-masallar","status":"publish","type":"product","link":"https:\/\/roveyayinevi.com.tr\/index.php\/urun\/uykudan-once-masallar\/","title":{"rendered":"Uykudan \u00d6nce Masallar"},"content":{"rendered":"<p>E\u011flenceli masallardan olu\u015fan bu derleme kitab\u0131yla okuma saatlerinize sihir dolacak. K\u00fc\u00e7\u00fck okurlar, kitapta yer alan on heyecanl\u0131 masalda bir dinozor periyle, \u00e7ekingen bir devle, kahraman bir tek boynuzlu atla ve daha bir\u00e7ok masal kahraman\u0131yla tan\u0131\u015fma f\u0131rsat\u0131 bulacak. <\/p>\n","protected":false},"excerpt":{"rendered":"<p>E\u011flenceli masallardan olu\u015fan bu derleme kitab\u0131yla okuma saatlerinize sihir dolacak. K\u00fc\u00e7\u00fck okurlar, kitapta yer alan on heyecanl\u0131 masalda bir dinozor periyle, \u00e7ekingen bir devle, kahraman bir<span class=\"excerpt-hellip\"> [\u2026]<\/span><\/p>\n","protected":false},"featured_media":0,"template":"","meta":{"_monsterinsights_skip_tracking":false,"_monsterinsights_sitenote_active":false,"_monsterinsights_sitenote_note":"","_monsterinsights_sitenote_category":0},"product_brand":[],"product_cat":[12274,12518],"product_tag":[],"class_list":{"0":"post-742432","1":"product","2":"type-product","3":"status-publish","5":"product_cat-cocuk-ve-genclik-kitaplari","6":"product_cat-okul-oncesi-kitaplar","7":"pa_cilt-ciltsiz","8":"pa_tur-kitap","9":"pa_yayinevi-is-bankasi-kultur-yayinlari","10":"pa_yazar-stephanie-moss","12":"first","13":"instock","14":"sale","15":"shipping-taxable","16":"purchasable","17":"product-type-simple"},"_links":{"self":[{"href":"https:\/\/roveyayinevi.com.tr\/index.php\/wp-json\/wp\/v2\/product\/742432","targetHints":{"allow":["GET"]}}],"collection":[{"href":"https:\/\/roveyayinevi.com.tr\/index.php\/wp-json\/wp\/v2\/product"}],"about":[{"href":"https:\/\/roveyayinevi.com.tr\/index.php\/wp-json\/wp\/v2\/types\/product"}],"wp:attachment":[{"href":"https:\/\/roveyayinevi.com.tr\/index.php\/wp-json\/wp\/v2\/media?parent=742432"}],"wp:term":[{"taxonomy":"product_brand","embeddable":true,"href":"https:\/\/roveyayinevi.com.tr\/index.php\/wp-json\/wp\/v2\/product_brand?post=742432"},{"taxonomy":"product_cat","embeddable":true,"href":"https:\/\/roveyayinevi.com.tr\/index.php\/wp-json\/wp\/v2\/product_cat?post=742432"},{"taxonomy":"product_tag","embeddable":true,"href":"https:\/\/roveyayinevi.com.tr\/index.php\/wp-json\/wp\/v2\/product_tag?post=742432"}],"curies":[{"name":"wp","href":"https:\/\/api.w.org\/{rel}","templated":true}]}}