{"id":742428,"date":"2025-08-28T01:11:06","date_gmt":"2025-08-27T22:11:06","guid":{"rendered":"https:\/\/roveyayinevi.com.tr\/index.php\/urun\/flamingo-folinin-hediyesi\/"},"modified":"2026-04-16T02:53:28","modified_gmt":"2026-04-15T23:53:28","slug":"flamingo-folinin-hediyesi","status":"publish","type":"product","link":"https:\/\/roveyayinevi.com.tr\/index.php\/urun\/flamingo-folinin-hediyesi\/","title":{"rendered":"Flamingo Foli&#8217;nin Hediyesi"},"content":{"rendered":"<p>Flamingo Foli\u2019ye, arkada\u015f\u0131 Boncuk\u2019tan bir mektup geldi. Boncuk, ona do\u011fum g\u00fcn\u00fcnde bir hediye verecekti. Kocaman, kuvvetli ve k\u0131p\u0131r k\u0131p\u0131r bir \u015fey. Do\u011fum g\u00fcn\u00fc yakla\u015ft\u0131k\u00e7a Foli\u2019nin heyecan\u0131 artt\u0131. Acaba neydi bu hediye? <\/p>\n","protected":false},"excerpt":{"rendered":"<p>Flamingo Foli\u2019ye, arkada\u015f\u0131 Boncuk\u2019tan bir mektup geldi. Boncuk, ona do\u011fum g\u00fcn\u00fcnde bir hediye verecekti. Kocaman, kuvvetli ve k\u0131p\u0131r k\u0131p\u0131r bir \u015fey. Do\u011fum g\u00fcn\u00fc yakla\u015ft\u0131k\u00e7a Foli\u2019nin heyecan\u0131<span class=\"excerpt-hellip\"> [\u2026]<\/span><\/p>\n","protected":false},"featured_media":0,"template":"","meta":{"_monsterinsights_skip_tracking":false,"_monsterinsights_sitenote_active":false,"_monsterinsights_sitenote_note":"","_monsterinsights_sitenote_category":0},"product_brand":[],"product_cat":[12274,12518],"product_tag":[],"class_list":{"0":"post-742428","1":"product","2":"type-product","3":"status-publish","5":"product_cat-cocuk-ve-genclik-kitaplari","6":"product_cat-okul-oncesi-kitaplar","7":"pa_cilt-ciltsiz","8":"pa_tur-kitap","9":"pa_yayinevi-is-bankasi-kultur-yayinlari","10":"pa_yazar-catherine-pelosi","12":"first","13":"instock","14":"sale","15":"shipping-taxable","16":"purchasable","17":"product-type-simple"},"_links":{"self":[{"href":"https:\/\/roveyayinevi.com.tr\/index.php\/wp-json\/wp\/v2\/product\/742428","targetHints":{"allow":["GET"]}}],"collection":[{"href":"https:\/\/roveyayinevi.com.tr\/index.php\/wp-json\/wp\/v2\/product"}],"about":[{"href":"https:\/\/roveyayinevi.com.tr\/index.php\/wp-json\/wp\/v2\/types\/product"}],"wp:attachment":[{"href":"https:\/\/roveyayinevi.com.tr\/index.php\/wp-json\/wp\/v2\/media?parent=742428"}],"wp:term":[{"taxonomy":"product_brand","embeddable":true,"href":"https:\/\/roveyayinevi.com.tr\/index.php\/wp-json\/wp\/v2\/product_brand?post=742428"},{"taxonomy":"product_cat","embeddable":true,"href":"https:\/\/roveyayinevi.com.tr\/index.php\/wp-json\/wp\/v2\/product_cat?post=742428"},{"taxonomy":"product_tag","embeddable":true,"href":"https:\/\/roveyayinevi.com.tr\/index.php\/wp-json\/wp\/v2\/product_tag?post=742428"}],"curies":[{"name":"wp","href":"https:\/\/api.w.org\/{rel}","templated":true}]}}