{"id":742421,"date":"2025-08-28T01:10:58","date_gmt":"2025-08-27T22:10:58","guid":{"rendered":"https:\/\/roveyayinevi.com.tr\/index.php\/urun\/on-dort-yas-oncesi-on-dort-konusma\/"},"modified":"2026-04-16T02:53:27","modified_gmt":"2026-04-15T23:53:27","slug":"on-dort-yas-oncesi-on-dort-konusma","status":"publish","type":"product","link":"https:\/\/roveyayinevi.com.tr\/index.php\/urun\/on-dort-yas-oncesi-on-dort-konusma\/","title":{"rendered":"On D\u00f6rt Ya\u015f \u00d6ncesi On D\u00f6rt Konu\u015fma"},"content":{"rendered":"<p>Hangi ifadeler veya s\u00f6zler ba\u011flant\u0131 kurmaya davet ediyor ve hangileri \u00e7ocuklar\u0131 rahats\u0131z ediyor veya korkutuyor? \u00c7ocuklar\u0131n ilgili, a\u00e7\u0131k ve konu\u015fmaya dahil olmas\u0131n\u0131 nas\u0131l sa\u011flars\u0131n\u0131z?Ergenlik \u00e7a\u011f\u0131ndaki birini sizi dinlemeye ikna etmeye \u00e7al\u0131\u015fmak sinir bozucu olabilir. Ama \u00e7ocuklar\u0131 g\u00fcvende tutmak \u2013ve onlar\u0131 koruyamayaca\u011f\u0131m\u0131z zamanlar i\u00e7in haz\u0131rl\u0131kl\u0131 olmak\u2013 do\u011fru zamanda do\u011fru konu\u015fmalar\u0131 yapmakla ilgilidir. Beyin geli\u015fimi ve duygusal anlamda haz\u0131r olma a\u00e7\u0131s\u0131ndan bak\u0131ld\u0131\u011f\u0131nda bunun i\u00e7in \u00e7ocukluktan \u00e7\u0131kmaya ba\u015flad\u0131klar\u0131 ve lise y\u0131llar\u0131ndan \u00f6nceki 9-13 ya\u015f aral\u0131\u011f\u0131 en iyi vakittir.Michelle Icard, arkada\u015fl\u0131k, d\u00fcrt\u00fcsellik ve teknoloji gibi zorlu konular\u0131n yan\u0131 s\u0131ra yarat\u0131c\u0131l\u0131k, hijyen, ayr\u0131mc\u0131l\u0131k ve aileye katk\u0131da bulunma konular\u0131na odaklanarak \u00e7ocuklar\u0131n\u0131zla konu\u015fman\u0131n en yayg\u0131n engellerini a\u015fman\u0131za yard\u0131mc\u0131 oluyor.On D\u00f6rt Ya\u015f \u00d6ncesi On D\u00f6rt Konu\u015fma, \u00e7ocu\u011funuza ilerideki duygusal, fiziksel ve sosyal zorluklarda ve nihayetinde ergenli\u011fi ba\u015far\u0131l\u0131 bir \u015fekilde atlatmas\u0131nda yard\u0131mc\u0131 olmak i\u00e7in \u00f6nemli bir ileti\u015fim rehberi.\u201cIcard, gen\u00e7lerimizle yapmak istedi\u011fimiz kritik konu\u015fmalar\u0131 nas\u0131l ba\u015flataca\u011f\u0131m\u0131z\u0131, bu \u00f6nemli tart\u0131\u015fmalar\u0131 nas\u0131l s\u00fcrd\u00fcrece\u011fimizi ve genellikle ileti\u015fim hatlar\u0131n\u0131 kapatan yayg\u0131n yanl\u0131\u015f ad\u0131mlardan nas\u0131l ka\u00e7\u0131naca\u011f\u0131m\u0131z\u0131 tam olarak ortaya koyuyor.\u201d\u2014Lisa Damour, G\u00fc\u00e7l\u00fc K\u0131zlar ve Bask\u0131 Alt\u0131nda kitaplar\u0131n\u0131n New York Times \u00e7oksatan yazar\u0131<\/p>\n","protected":false},"excerpt":{"rendered":"<p>Hangi ifadeler veya s\u00f6zler ba\u011flant\u0131 kurmaya davet ediyor ve hangileri \u00e7ocuklar\u0131 rahats\u0131z ediyor veya korkutuyor? \u00c7ocuklar\u0131n ilgili, a\u00e7\u0131k ve konu\u015fmaya dahil olmas\u0131n\u0131 nas\u0131l sa\u011flars\u0131n\u0131z?Ergenlik \u00e7a\u011f\u0131ndaki birini<span class=\"excerpt-hellip\"> [\u2026]<\/span><\/p>\n","protected":false},"featured_media":0,"template":"","meta":{"_monsterinsights_skip_tracking":false,"_monsterinsights_sitenote_active":false,"_monsterinsights_sitenote_note":"","_monsterinsights_sitenote_category":0},"product_brand":[],"product_cat":[17996,12364],"product_tag":[],"class_list":{"0":"post-742421","1":"product","2":"type-product","3":"status-publish","5":"product_cat-ebeveyn-kitaplari","6":"product_cat-genel-konular","7":"pa_cilt-ciltsiz","8":"pa_tur-kitap","9":"pa_yayinevi-nova-kitap","10":"pa_yazar-michelle-icard","12":"first","13":"instock","14":"sale","15":"shipping-taxable","16":"purchasable","17":"product-type-simple"},"_links":{"self":[{"href":"https:\/\/roveyayinevi.com.tr\/index.php\/wp-json\/wp\/v2\/product\/742421","targetHints":{"allow":["GET"]}}],"collection":[{"href":"https:\/\/roveyayinevi.com.tr\/index.php\/wp-json\/wp\/v2\/product"}],"about":[{"href":"https:\/\/roveyayinevi.com.tr\/index.php\/wp-json\/wp\/v2\/types\/product"}],"wp:attachment":[{"href":"https:\/\/roveyayinevi.com.tr\/index.php\/wp-json\/wp\/v2\/media?parent=742421"}],"wp:term":[{"taxonomy":"product_brand","embeddable":true,"href":"https:\/\/roveyayinevi.com.tr\/index.php\/wp-json\/wp\/v2\/product_brand?post=742421"},{"taxonomy":"product_cat","embeddable":true,"href":"https:\/\/roveyayinevi.com.tr\/index.php\/wp-json\/wp\/v2\/product_cat?post=742421"},{"taxonomy":"product_tag","embeddable":true,"href":"https:\/\/roveyayinevi.com.tr\/index.php\/wp-json\/wp\/v2\/product_tag?post=742421"}],"curies":[{"name":"wp","href":"https:\/\/api.w.org\/{rel}","templated":true}]}}