{"id":742420,"date":"2025-08-28T01:10:56","date_gmt":"2025-08-27T22:10:56","guid":{"rendered":"https:\/\/roveyayinevi.com.tr\/index.php\/urun\/cekic-mercek-ve-yelkovankuslari\/"},"modified":"2026-04-16T02:53:27","modified_gmt":"2026-04-15T23:53:27","slug":"cekic-mercek-ve-yelkovankuslari","status":"publish","type":"product","link":"https:\/\/roveyayinevi.com.tr\/index.php\/urun\/cekic-mercek-ve-yelkovankuslari\/","title":{"rendered":"\u00c7eki\u00e7, Mercek ve Yelkovanku\u015flar\u0131"},"content":{"rendered":"<p>\u00c7eki\u00e7, Mercek ve Yelkovanku\u015flar\u0131 \u2019nda Sabuncuo\u011flu \u015eerefeddin\u2019in me\u015fhur tiryak\u0131ndan Dar\u00fc\u015f\u015fifalar\u0131n botanik\u00e7ileri Saydal\u00e2n ve A\u015f\u015f\u00e2blar\u2019a, Arslanhaneler\u2019den Bursa korvetinin m\u00fchendisi Faik Bey\u2019in pantanal kedisine, \u00c7\u0131ra\u011fan Saray\u0131\u2019n\u0131n Londra\u2019da unutulan limonlu\u011fundan bankac\u0131 Pierre-JulienRene du Parquet\u2019nin Ey\u00fcp\u2019te M\u0131s\u0131r akbabas\u0131 av\u0131na, Mehmet Tahir M\u00fcnif Pa\u015fa\u2019n\u0131n doldurulmu\u015f ay\u0131s\u0131ndan Nam\u0131k Kemal\u2019in bayku\u015flar\u0131na, Hamamizade \u0130hsan Bey\u2019in Hamsinamesi \u2019nden Sait Faik Abas\u0131yan\u0131k\u2019\u0131n d\u00fclgerbal\u0131\u011f\u0131na, Karl Eduard Hammerschmidt\u2019in trilobitlerinden Walther Penck ve Hamit Nafiz Pamir\u2019in Dar\u00fclf\u00fcn\u00fbn\u2019da ilk jeoloji ve paleontoloji derslerine, Reichstag yang\u0131n\u0131ndan 1933 \u00dcniversite Reformu\u2019na, S\u00fcleymaniye Biyoloji ve Y\u00fcksek Ziraat enstit\u00fclerinden Maden Tetkik ve Arama Enstit\u00fcs\u00fc\u2019ne T\u00fcrkiye\u2019de botanik, zooloji, jeoloji ve paleontolojinin tarihsel geli\u015fimi, insanlar, mek\u00e2nlar ve an\u0131lar penceresinden anlat\u0131l\u0131yor. Kitaptaki Osmanl\u0131 ve Cumhuriyet d\u00f6nemi bilim insanlar\u0131n\u0131n ortak noktas\u0131n\u0131n \u201csistematik yarat\u0131c\u0131 d\u00fc\u015f\u00fcnme\u201d oldu\u011fu g\u00f6r\u00fcl\u00fcyor. \u00d6\u011freticiler olarak adland\u0131r\u0131labilecek bu insanlar, do\u011fada meydana gelen olaylar\u0131 merak etme ve sorgulama niteliklerini ta\u015f\u0131yor. \u00d6\u011freticiler \u2013muallim, m\u00fcderris, \u00f6\u011fretmen ve \u00fcniversite \u00f6\u011fretim eleman\u0131\u2013 i\u00e7in \u201cdo\u011fru bilgi\u201d \u00f6n plandad\u0131r ve do\u011fa bilimleri e\u011fitimi ve \u00f6\u011fretiminde \u201cyenilenme ve yarat\u0131c\u0131l\u0131k\u201d temel hedefleri aras\u0131ndad\u0131r. Ba\u015fta K\u0131ta Avrupas\u0131 olmak \u00fczere d\u00fcnya \u00fczerindeki do\u011fa tarihi m\u00fczeleri ile hayvanat ve botanik bah\u00e7elerindeki izlenimlerini, Osmanl\u0131 ve Cumhuriyet d\u00f6nemi okuryazar kitlesi ve \u00f6\u011frencilerine seyahat notlar\u0131yla aktaran el\u00e7i, ayd\u0131n, yazar ve gazeteciler de unutulmuyor. Jeoloji ve paleontolojinin \u00c7eki\u00e7\u2019i, botanik ve zoolojinin Mercek \u2019i, do\u011fa bilimcilerin Yelkovanku\u015flar\u0131 ile tarihte bir bilimsel yolculuk sizleri bekliyor&#8230;  <\/p>\n","protected":false},"excerpt":{"rendered":"<p>\u00c7eki\u00e7, Mercek ve Yelkovanku\u015flar\u0131 \u2019nda Sabuncuo\u011flu \u015eerefeddin\u2019in me\u015fhur tiryak\u0131ndan Dar\u00fc\u015f\u015fifalar\u0131n botanik\u00e7ileri Saydal\u00e2n ve A\u015f\u015f\u00e2blar\u2019a, Arslanhaneler\u2019den Bursa korvetinin m\u00fchendisi Faik Bey\u2019in pantanal kedisine, \u00c7\u0131ra\u011fan Saray\u0131\u2019n\u0131n Londra\u2019da unutulan<span class=\"excerpt-hellip\"> [\u2026]<\/span><\/p>\n","protected":false},"featured_media":0,"template":"","meta":{"_monsterinsights_skip_tracking":false,"_monsterinsights_sitenote_active":false,"_monsterinsights_sitenote_note":"","_monsterinsights_sitenote_category":0},"product_brand":[],"product_cat":[13072,12291],"product_tag":[],"class_list":{"0":"post-742420","1":"product","2":"type-product","3":"status-publish","5":"product_cat-arastirma-inceleme-referans","6":"product_cat-edebiyat","7":"pa_cilt-ciltsiz","8":"pa_tur-kitap","9":"pa_yayinevi-is-bankasi-kultur-yayinlari","10":"pa_yazar-mehmet-sakinc-orhan-kucuker","12":"first","13":"instock","14":"sale","15":"shipping-taxable","16":"purchasable","17":"product-type-simple"},"_links":{"self":[{"href":"https:\/\/roveyayinevi.com.tr\/index.php\/wp-json\/wp\/v2\/product\/742420","targetHints":{"allow":["GET"]}}],"collection":[{"href":"https:\/\/roveyayinevi.com.tr\/index.php\/wp-json\/wp\/v2\/product"}],"about":[{"href":"https:\/\/roveyayinevi.com.tr\/index.php\/wp-json\/wp\/v2\/types\/product"}],"wp:attachment":[{"href":"https:\/\/roveyayinevi.com.tr\/index.php\/wp-json\/wp\/v2\/media?parent=742420"}],"wp:term":[{"taxonomy":"product_brand","embeddable":true,"href":"https:\/\/roveyayinevi.com.tr\/index.php\/wp-json\/wp\/v2\/product_brand?post=742420"},{"taxonomy":"product_cat","embeddable":true,"href":"https:\/\/roveyayinevi.com.tr\/index.php\/wp-json\/wp\/v2\/product_cat?post=742420"},{"taxonomy":"product_tag","embeddable":true,"href":"https:\/\/roveyayinevi.com.tr\/index.php\/wp-json\/wp\/v2\/product_tag?post=742420"}],"curies":[{"name":"wp","href":"https:\/\/api.w.org\/{rel}","templated":true}]}}