{"id":742412,"date":"2025-08-28T01:10:46","date_gmt":"2025-08-27T22:10:46","guid":{"rendered":"https:\/\/roveyayinevi.com.tr\/index.php\/urun\/otranto-satosu-3\/"},"modified":"2026-04-16T02:53:27","modified_gmt":"2026-04-15T23:53:27","slug":"otranto-satosu-3","status":"publish","type":"product","link":"https:\/\/roveyayinevi.com.tr\/index.php\/urun\/otranto-satosu-3\/","title":{"rendered":"Otranto \u015eatosu"},"content":{"rendered":"<p>\u201cKal\u0131c\u0131 bir t\u00fcr olarak korku \u00f6yk\u00fcs\u00fcn\u00fcn edebiyattaki kurucusu.\u201d \u2013H. P. LovecraftHem yazd\u0131klar\u0131yla edebi ba\u011flamda hem de malik\u00e2nesiyle mimari anlamda \u00e2deta gotik kavram\u0131n\u0131n v\u00fccut bulmu\u015f h\u00e2li sayabilece\u011fimiz Horace Walpole, 1764\u2019ten g\u00fcn\u00fcm\u00fcze uzanan bir k\u00fclt\u00fcr\u00fcn \u00f6nc\u00fcs\u00fc. Walpole\u2019un ilk gotik roman olarak kabul edilen eseri Otranto \u015eatosu, aile, m\u00fclkiyet, soy gibi konulara getirdi\u011fi yakla\u015f\u0131mla, korku edebiyat\u0131n\u0131n temelindeki unsurlar\u0131n nas\u0131l olu\u015ftu\u011funu yans\u0131t\u0131yor.Otranto Prensi Manfred, o\u011flu Conrad\u2019\u0131 evlendirecektir. Manfred\u2019in evlilik t\u00f6reni konusundaki sab\u0131rs\u0131zl\u0131\u011f\u0131 yak\u0131nlar\u0131n\u0131n dikkatini \u00e7eker. Bu acele evlili\u011fi, Prens\u2019in eski bir kehanetin ger\u00e7ekle\u015fmesinden korkmas\u0131na ba\u011flarlar. Kehanete g\u00f6re Otranto \u015eatosu, as\u0131l sahibi oraya s\u0131\u011famayacak kadar b\u00fcy\u00fcd\u00fc\u011f\u00fcnde mevcut ailenin elinden \u00e7\u0131kacakt\u0131r. Bu kehanetin ne anlama geldi\u011fini \u00e7\u00f6zmek zordur. T\u00f6ren ba\u015flamak \u00fczereyken herkes deh\u015fet i\u00e7inde bir manzaraya bakakal\u0131r. Conrad, dev bir mi\u011fferin alt\u0131nda ezilmi\u015ftir.Ah! Mi\u011ffer! Mi\u011ffer!<\/p>\n","protected":false},"excerpt":{"rendered":"<p>\u201cKal\u0131c\u0131 bir t\u00fcr olarak korku \u00f6yk\u00fcs\u00fcn\u00fcn edebiyattaki kurucusu.\u201d \u2013H. P. LovecraftHem yazd\u0131klar\u0131yla edebi ba\u011flamda hem de malik\u00e2nesiyle mimari anlamda \u00e2deta gotik kavram\u0131n\u0131n v\u00fccut bulmu\u015f h\u00e2li sayabilece\u011fimiz<span class=\"excerpt-hellip\"> [\u2026]<\/span><\/p>\n","protected":false},"featured_media":0,"template":"","meta":{"_monsterinsights_skip_tracking":false,"_monsterinsights_sitenote_active":false,"_monsterinsights_sitenote_note":"","_monsterinsights_sitenote_category":0},"product_brand":[],"product_cat":[12291,17033],"product_tag":[],"class_list":{"0":"post-742412","1":"product","2":"type-product","3":"status-publish","5":"product_cat-edebiyat","6":"product_cat-korku-gerilim","7":"pa_cilt-ciltsiz","8":"pa_tur-kitap","9":"pa_yayinevi-ithaki-yayinlari","10":"pa_yazar-horace-walpole","12":"first","13":"instock","14":"sale","15":"shipping-taxable","16":"purchasable","17":"product-type-simple"},"_links":{"self":[{"href":"https:\/\/roveyayinevi.com.tr\/index.php\/wp-json\/wp\/v2\/product\/742412","targetHints":{"allow":["GET"]}}],"collection":[{"href":"https:\/\/roveyayinevi.com.tr\/index.php\/wp-json\/wp\/v2\/product"}],"about":[{"href":"https:\/\/roveyayinevi.com.tr\/index.php\/wp-json\/wp\/v2\/types\/product"}],"wp:attachment":[{"href":"https:\/\/roveyayinevi.com.tr\/index.php\/wp-json\/wp\/v2\/media?parent=742412"}],"wp:term":[{"taxonomy":"product_brand","embeddable":true,"href":"https:\/\/roveyayinevi.com.tr\/index.php\/wp-json\/wp\/v2\/product_brand?post=742412"},{"taxonomy":"product_cat","embeddable":true,"href":"https:\/\/roveyayinevi.com.tr\/index.php\/wp-json\/wp\/v2\/product_cat?post=742412"},{"taxonomy":"product_tag","embeddable":true,"href":"https:\/\/roveyayinevi.com.tr\/index.php\/wp-json\/wp\/v2\/product_tag?post=742412"}],"curies":[{"name":"wp","href":"https:\/\/api.w.org\/{rel}","templated":true}]}}