{"id":742389,"date":"2025-08-28T01:10:20","date_gmt":"2025-08-27T22:10:20","guid":{"rendered":"https:\/\/roveyayinevi.com.tr\/index.php\/urun\/dinozor-dedektifleri-soylentiler\/"},"modified":"2026-04-16T02:53:26","modified_gmt":"2026-04-15T23:53:26","slug":"dinozor-dedektifleri-soylentiler","status":"publish","type":"product","link":"https:\/\/roveyayinevi.com.tr\/index.php\/urun\/dinozor-dedektifleri-soylentiler\/","title":{"rendered":"Dinozor Dedektifleri &#8211; S\u00f6ylentiler"},"content":{"rendered":"<p>Metin ve ailesi Florida&#8217;ya tatile gidiyor! Amazon Ya\u011fmur Ormanlar\u0131&#8217;ndaki riskli maceralar\u0131ndan sonra dinlenme vakti gelmi\u015fti. Ancak okyanusun derinliklerinde yatan yumurtalara ait s\u00f6ylentileri duyduklar\u0131nda kendilerini bu konuyu ara\u015ft\u0131r\u0131rken buluveriyorlar. Ba\u015fta kolayl\u0131kla \u00fcstesinden gelebileceklerini d\u00fc\u015f\u00fcnd\u00fckleri bu g\u00f6rev, h\u0131r\u00e7\u0131n bir f\u0131rt\u0131nan\u0131n ve ba\u015flar\u0131na gelen aksiliklerin de etkisiyle onlar i\u00e7in tam bir m\u00fccadeleye d\u00f6n\u00fc\u015f\u00fcyor&#8230; Metin ve ailesinin heyecanl\u0131 yumurta ke\u015ffi maceras\u0131na kat\u0131l\u0131n!<\/p>\n","protected":false},"excerpt":{"rendered":"<p>Metin ve ailesi Florida&#8217;ya tatile gidiyor! Amazon Ya\u011fmur Ormanlar\u0131&#8217;ndaki riskli maceralar\u0131ndan sonra dinlenme vakti gelmi\u015fti. Ancak okyanusun derinliklerinde yatan yumurtalara ait s\u00f6ylentileri duyduklar\u0131nda kendilerini bu konuyu<span class=\"excerpt-hellip\"> [\u2026]<\/span><\/p>\n","protected":false},"featured_media":0,"template":"","meta":{"_monsterinsights_skip_tracking":false,"_monsterinsights_sitenote_active":false,"_monsterinsights_sitenote_note":"","_monsterinsights_sitenote_category":0},"product_brand":[],"product_cat":[12274,12284],"product_tag":[],"class_list":{"0":"post-742389","1":"product","2":"type-product","3":"status-publish","5":"product_cat-cocuk-ve-genclik-kitaplari","6":"product_cat-hikayeler","7":"pa_cilt-ciltsiz","8":"pa_tur-kitap","9":"pa_yayinevi-peta-kitap","10":"pa_yazar-stephanie-baudet","12":"first","13":"instock","14":"sale","15":"shipping-taxable","16":"purchasable","17":"product-type-simple"},"_links":{"self":[{"href":"https:\/\/roveyayinevi.com.tr\/index.php\/wp-json\/wp\/v2\/product\/742389","targetHints":{"allow":["GET"]}}],"collection":[{"href":"https:\/\/roveyayinevi.com.tr\/index.php\/wp-json\/wp\/v2\/product"}],"about":[{"href":"https:\/\/roveyayinevi.com.tr\/index.php\/wp-json\/wp\/v2\/types\/product"}],"wp:attachment":[{"href":"https:\/\/roveyayinevi.com.tr\/index.php\/wp-json\/wp\/v2\/media?parent=742389"}],"wp:term":[{"taxonomy":"product_brand","embeddable":true,"href":"https:\/\/roveyayinevi.com.tr\/index.php\/wp-json\/wp\/v2\/product_brand?post=742389"},{"taxonomy":"product_cat","embeddable":true,"href":"https:\/\/roveyayinevi.com.tr\/index.php\/wp-json\/wp\/v2\/product_cat?post=742389"},{"taxonomy":"product_tag","embeddable":true,"href":"https:\/\/roveyayinevi.com.tr\/index.php\/wp-json\/wp\/v2\/product_tag?post=742389"}],"curies":[{"name":"wp","href":"https:\/\/api.w.org\/{rel}","templated":true}]}}