{"id":742379,"date":"2025-08-28T01:10:07","date_gmt":"2025-08-27T22:10:07","guid":{"rendered":"https:\/\/roveyayinevi.com.tr\/index.php\/urun\/eglenceli-masallar\/"},"modified":"2026-04-16T02:53:26","modified_gmt":"2026-04-15T23:53:26","slug":"eglenceli-masallar","status":"publish","type":"product","link":"https:\/\/roveyayinevi.com.tr\/index.php\/urun\/eglenceli-masallar\/","title":{"rendered":"E\u011flenceli Masallar"},"content":{"rendered":"<p>Masal, etkinlik, e\u011flence\u2026 Hepsi bir arada!\u00c7ocuk geli\u015fimi uzman\u0131 Nur\u015fen \u015eirin taraf\u0131ndan &#8220;\u00c7oklu Zek\u00e2 Kuram\u0131&#8221; esas al\u0131narak haz\u0131rlanm\u0131\u015f 52 masal, 104 etkinlik&#8230;\u00c7oklu Zek\u00e2 Kuram\u0131&#8217;na g\u00f6re zek\u00e2 \u00e7ok y\u00f6nl\u00fcd\u00fcr; geli\u015ftirilebilir, de\u011fi\u015ftirilebilir ve \u00f6\u011frenilebilir.\u00c7ocuklar bu kitaptaki birbirinden keyifli masallar\u0131 okuduktan\/dinledikten sonra o masalla ilintilendirilmi\u015f etkinlikleri yapacaklar. B\u00f6ylece 8 ayr\u0131 zek\u00e2 alan\u0131 i\u00e7inden yatk\u0131n olduklar\u0131 alanlar\u0131 ke\u015ffedecek, zay\u0131f olduklar\u0131 alanlarda da kendilerini geli\u015ftirecekler&#8230;<\/p>\n","protected":false},"excerpt":{"rendered":"<p>Masal, etkinlik, e\u011flence\u2026 Hepsi bir arada!\u00c7ocuk geli\u015fimi uzman\u0131 Nur\u015fen \u015eirin taraf\u0131ndan &#8220;\u00c7oklu Zek\u00e2 Kuram\u0131&#8221; esas al\u0131narak haz\u0131rlanm\u0131\u015f 52 masal, 104 etkinlik&#8230;\u00c7oklu Zek\u00e2 Kuram\u0131&#8217;na g\u00f6re zek\u00e2 \u00e7ok<span class=\"excerpt-hellip\"> [\u2026]<\/span><\/p>\n","protected":false},"featured_media":0,"template":"","meta":{"_monsterinsights_skip_tracking":false,"_monsterinsights_sitenote_active":false,"_monsterinsights_sitenote_note":"","_monsterinsights_sitenote_category":0},"product_brand":[],"product_cat":[12274,12523],"product_tag":[],"class_list":{"0":"post-742379","1":"product","2":"type-product","3":"status-publish","5":"product_cat-cocuk-ve-genclik-kitaplari","6":"product_cat-masallar","7":"pa_cilt-ciltsiz","8":"pa_tur-kitap","9":"pa_yayinevi-timas-cocuk","10":"pa_yazar-nursen-sirin","12":"first","13":"instock","14":"sale","15":"shipping-taxable","16":"purchasable","17":"product-type-simple"},"_links":{"self":[{"href":"https:\/\/roveyayinevi.com.tr\/index.php\/wp-json\/wp\/v2\/product\/742379","targetHints":{"allow":["GET"]}}],"collection":[{"href":"https:\/\/roveyayinevi.com.tr\/index.php\/wp-json\/wp\/v2\/product"}],"about":[{"href":"https:\/\/roveyayinevi.com.tr\/index.php\/wp-json\/wp\/v2\/types\/product"}],"wp:attachment":[{"href":"https:\/\/roveyayinevi.com.tr\/index.php\/wp-json\/wp\/v2\/media?parent=742379"}],"wp:term":[{"taxonomy":"product_brand","embeddable":true,"href":"https:\/\/roveyayinevi.com.tr\/index.php\/wp-json\/wp\/v2\/product_brand?post=742379"},{"taxonomy":"product_cat","embeddable":true,"href":"https:\/\/roveyayinevi.com.tr\/index.php\/wp-json\/wp\/v2\/product_cat?post=742379"},{"taxonomy":"product_tag","embeddable":true,"href":"https:\/\/roveyayinevi.com.tr\/index.php\/wp-json\/wp\/v2\/product_tag?post=742379"}],"curies":[{"name":"wp","href":"https:\/\/api.w.org\/{rel}","templated":true}]}}