{"id":742367,"date":"2025-08-28T01:09:54","date_gmt":"2025-08-27T22:09:54","guid":{"rendered":"https:\/\/roveyayinevi.com.tr\/index.php\/urun\/etini-acitmak\/"},"modified":"2025-11-21T08:10:12","modified_gmt":"2025-11-21T05:10:12","slug":"etini-acitmak","status":"publish","type":"product","link":"https:\/\/roveyayinevi.com.tr\/index.php\/urun\/etini-acitmak\/","title":{"rendered":"Etini Ac\u0131tmak"},"content":{"rendered":"<p>\u201c\u0130nsanlar ikiye de\u011fil, \u00fc\u00e7e ayr\u0131l\u0131yor bence: Ya\u015fayanlar, ya\u015famayanlar ve bir de kendine ait bir ya\u015fam kuramayanlar.\u201d   \u00c7\u00f6p po\u015fetinde kemikler, havanda par\u00e7alanan tek ta\u015f bir y\u00fcz\u00fck, rak\u0131 kadehinde bal\u0131k, memeden zorla ayr\u0131lan s\u00fct kuzusu, musalla ta\u015f\u0131nda \u00e7ilingir sofras\u0131 ve hayat\u0131 anlamaya, insano\u011flunun varolu\u015fsal tutars\u0131zl\u0131\u011f\u0131n\u0131 \u00e7\u00f6zmeye \u00e7al\u0131\u015fan insanlar\u2026 Orhan Murat Bahtiyar, kurdu\u011fu zengin \u00f6yk\u00fc evreninde anlamas\u0131 ve kabullenmesi zor de\u011fi\u015fim, kay\u0131p, \u00f6l\u00fcm gibi kavramlar\u0131 irdeliyor. Yak\u0131n tarihimizin y\u00f6n\u00fcn\u00fc de\u011fi\u015ftiren toplumsal meselelerin i\u00e7inden ge\u00e7en hik\u00e2yeler anlat\u0131yor. \u0130ncelikle \u00f6r\u00fclm\u00fc\u015f kurgusu, sinematografik dili ve \u00e7ok katmanl\u0131 yap\u0131s\u0131yla anlat\u0131m bi\u00e7imini de en az \u00f6yk\u00fclerin i\u00e7eri\u011fi kadar \u00f6nemseyen Bahtiyar, tekd\u00fcze hayatlar\u0131n dikkatli bak\u0131ld\u0131\u011f\u0131nda ne kadar b\u00fcy\u00fcl\u00fc olabilece\u011fini yal\u0131n bir dil ve kusursuz bir ger\u00e7eklikle, hayat\u0131n g\u00fcndelik bir par\u00e7as\u0131 gibi ele al\u0131yor.   Etini Ac\u0131tmak, okuru d\u00fc\u015f\u00fcnceye sevk eden, bittikten sonra da zihinde d\u00f6n\u00fcp duran \u00f6yk\u00fclerle edebiyat\u0131m\u0131za yeni bir yazar\u0131 m\u00fcjdeleyen bir ilk kitap.   Yazar Hakk\u0131nda:   Orhan Murat Bahtiyar, Ankara Atat\u00fcrk Lisesi ve TOBB ET\u00dc Elektrik Elektronik M\u00fchendisli\u011fi B\u00f6l\u00fcm\u00fc\u2019nden mezun oldu. M\u00fchendisli\u011fin yan\u0131nda profesyonel olarak foto\u011fraf ve sinemayla da ilgilenen Bahtiyar, New York National Academy ve School of Visual Arts\u2019ta foto\u011fraf ve sinema e\u011fitimi ald\u0131. \u0130lk k\u0131sa filmi Bo\u015fluk, New York Creative <\/p>\n","protected":false},"excerpt":{"rendered":"<p>\u201c\u0130nsanlar ikiye de\u011fil, \u00fc\u00e7e ayr\u0131l\u0131yor bence: Ya\u015fayanlar, ya\u015famayanlar ve bir de kendine ait bir ya\u015fam kuramayanlar.\u201d \u00c7\u00f6p po\u015fetinde kemikler, havanda par\u00e7alanan tek ta\u015f bir y\u00fcz\u00fck, rak\u0131<span class=\"excerpt-hellip\"> [\u2026]<\/span><\/p>\n","protected":false},"featured_media":0,"template":"","meta":{"_monsterinsights_skip_tracking":false,"_monsterinsights_sitenote_active":false,"_monsterinsights_sitenote_note":"","_monsterinsights_sitenote_category":0},"product_brand":[],"product_cat":[12291,12711],"product_tag":[],"class_list":{"0":"post-742367","1":"product","2":"type-product","3":"status-publish","5":"product_cat-edebiyat","6":"product_cat-roman-oyku","7":"pa_cilt-ciltsiz","8":"pa_tur-kitap","9":"pa_yayinevi-dogan-kitap","10":"pa_yazar-orhan-murat-bahtiyar","12":"first","13":"instock","14":"sale","15":"shipping-taxable","16":"purchasable","17":"product-type-simple"},"_links":{"self":[{"href":"https:\/\/roveyayinevi.com.tr\/index.php\/wp-json\/wp\/v2\/product\/742367","targetHints":{"allow":["GET"]}}],"collection":[{"href":"https:\/\/roveyayinevi.com.tr\/index.php\/wp-json\/wp\/v2\/product"}],"about":[{"href":"https:\/\/roveyayinevi.com.tr\/index.php\/wp-json\/wp\/v2\/types\/product"}],"wp:attachment":[{"href":"https:\/\/roveyayinevi.com.tr\/index.php\/wp-json\/wp\/v2\/media?parent=742367"}],"wp:term":[{"taxonomy":"product_brand","embeddable":true,"href":"https:\/\/roveyayinevi.com.tr\/index.php\/wp-json\/wp\/v2\/product_brand?post=742367"},{"taxonomy":"product_cat","embeddable":true,"href":"https:\/\/roveyayinevi.com.tr\/index.php\/wp-json\/wp\/v2\/product_cat?post=742367"},{"taxonomy":"product_tag","embeddable":true,"href":"https:\/\/roveyayinevi.com.tr\/index.php\/wp-json\/wp\/v2\/product_tag?post=742367"}],"curies":[{"name":"wp","href":"https:\/\/api.w.org\/{rel}","templated":true}]}}