{"id":742358,"date":"2025-08-28T01:09:46","date_gmt":"2025-08-27T22:09:46","guid":{"rendered":"https:\/\/roveyayinevi.com.tr\/index.php\/urun\/badem-dalina-asili-bebekler\/"},"modified":"2026-04-16T02:53:26","modified_gmt":"2026-04-15T23:53:26","slug":"badem-dalina-asili-bebekler","status":"publish","type":"product","link":"https:\/\/roveyayinevi.com.tr\/index.php\/urun\/badem-dalina-asili-bebekler\/","title":{"rendered":"Badem Dal\u0131na As\u0131l\u0131 Bebekler"},"content":{"rendered":"<p>\u0130\u00e7ime bir eziklik \u00e7\u00f6kt\u00fc badem dallar\u0131na bakarken. Kas\u0131m\u0131n sonu yakla\u015f\u0131yor. Yar\u0131n g\u00f6ky\u00fcz\u00fc karar\u0131r, do\u011fu yeli eser so\u011fuk. Toprak donar. Eski kuyunun \u00e7evresindeki sular buz kesilir. Sonra kar ya\u011far yery\u00fcz\u00fcne lapa lapa. Karlara g\u00f6m\u00fcl\u00fcr \u00fcz\u00fcm ba\u011f\u0131 ve y\u00f6resi. Biz, evlerimizde uyuruz. Ama evlerimiz tap\u0131nak i\u00e7erisinde. Bilinmez. Ye\u015fil \u00fcniformal\u0131lar tekme ve dip\u00e7ikle kap\u0131lar\u0131m\u0131z\u0131 a\u00e7arlar; gece demez, k\u0131\u015f demez; bizi kamyonlara doldurup \u015fehrin bir ucunda bekleyen, demirden s\u00fcrg\u00fcn trenlerimize g\u00f6t\u00fcr\u00fcrler. Kal\u0131r badem a\u011fa\u00e7lar\u0131m\u0131z karlar alt\u0131nda. Kas\u0131mlar ge\u00e7er, yeni H\u0131drellezler gelir. Bademler \u00e7i\u00e7ek a\u00e7ar. Yeni filizler f\u0131\u015fk\u0131r\u0131r g\u00f6vdeden. Ama kimse bakmaz, kimse an\u0131msamaz badem a\u011fa\u00e7lar\u0131n\u0131. Ben unutmayaca\u011f\u0131m ama sizi badem a\u011fa\u00e7lar\u0131! Ben usumda badem filizleriyle \u00f6r\u00fcl\u00fc bir \u00e7evre \u00e7izece\u011fim.<\/p>\n","protected":false},"excerpt":{"rendered":"<p>\u0130\u00e7ime bir eziklik \u00e7\u00f6kt\u00fc badem dallar\u0131na bakarken. Kas\u0131m\u0131n sonu yakla\u015f\u0131yor. Yar\u0131n g\u00f6ky\u00fcz\u00fc karar\u0131r, do\u011fu yeli eser so\u011fuk. Toprak donar. Eski kuyunun \u00e7evresindeki sular buz kesilir. Sonra<span class=\"excerpt-hellip\"> [\u2026]<\/span><\/p>\n","protected":false},"featured_media":0,"template":"","meta":{"_monsterinsights_skip_tracking":false,"_monsterinsights_sitenote_active":false,"_monsterinsights_sitenote_note":"","_monsterinsights_sitenote_category":0},"product_brand":[],"product_cat":[12291,12711],"product_tag":[],"class_list":{"0":"post-742358","1":"product","2":"type-product","3":"status-publish","5":"product_cat-edebiyat","6":"product_cat-roman-oyku","7":"pa_cilt-ciltsiz","8":"pa_tur-kitap","9":"pa_yayinevi-otuken-nesriyat","10":"pa_yazar-cengiz-dagci","12":"first","13":"instock","14":"sale","15":"shipping-taxable","16":"purchasable","17":"product-type-simple"},"_links":{"self":[{"href":"https:\/\/roveyayinevi.com.tr\/index.php\/wp-json\/wp\/v2\/product\/742358","targetHints":{"allow":["GET"]}}],"collection":[{"href":"https:\/\/roveyayinevi.com.tr\/index.php\/wp-json\/wp\/v2\/product"}],"about":[{"href":"https:\/\/roveyayinevi.com.tr\/index.php\/wp-json\/wp\/v2\/types\/product"}],"wp:attachment":[{"href":"https:\/\/roveyayinevi.com.tr\/index.php\/wp-json\/wp\/v2\/media?parent=742358"}],"wp:term":[{"taxonomy":"product_brand","embeddable":true,"href":"https:\/\/roveyayinevi.com.tr\/index.php\/wp-json\/wp\/v2\/product_brand?post=742358"},{"taxonomy":"product_cat","embeddable":true,"href":"https:\/\/roveyayinevi.com.tr\/index.php\/wp-json\/wp\/v2\/product_cat?post=742358"},{"taxonomy":"product_tag","embeddable":true,"href":"https:\/\/roveyayinevi.com.tr\/index.php\/wp-json\/wp\/v2\/product_tag?post=742358"}],"curies":[{"name":"wp","href":"https:\/\/api.w.org\/{rel}","templated":true}]}}