{"id":742345,"date":"2025-08-28T01:09:31","date_gmt":"2025-08-27T22:09:31","guid":{"rendered":"https:\/\/roveyayinevi.com.tr\/index.php\/urun\/hirsizlarin-yemini\/"},"modified":"2026-04-16T02:53:25","modified_gmt":"2026-04-15T23:53:25","slug":"hirsizlarin-yemini","status":"publish","type":"product","link":"https:\/\/roveyayinevi.com.tr\/index.php\/urun\/hirsizlarin-yemini\/","title":{"rendered":"H\u0131rs\u0131zlar\u0131n Yemini"},"content":{"rendered":"<p>\u201cH\u0131rs\u0131zlar\u0131n Dans\u0131 serisinin nefes kesen ikinci kitab\u0131 verdi\u011fi s\u00f6z\u00fc tutuyor.\u201d \u2013 BooklIstG\u00f6zlerim bir t\u00fcrl\u00fc odaklanm\u0131yordu. Ba\u015f\u0131m d\u00f6n\u00fcyordu; ya da belki de Tigone h\u00e2l\u00e2 korkudan daireler \u00e7iziyordu. Kazi d\u00f6v\u00fc\u015f\u00fcrken onu hayal meyal g\u00f6rd\u00fcm. D\u00fcnya etraf\u0131mda d\u00f6nerken d\u00f6rtnala ko\u015fan Mije\u2019yi, uzaktaki kale duvar\u0131n\u0131, ormandaki a\u011fa\u00e7lar\u0131 g\u00f6rd\u00fcm. Sonra hi\u00e7bir \u015fey g\u00f6remez oldum.Bu mu yani?Her \u015fey b\u00f6yle mi bitecekti?New York Times \u00c7oksatan Yazar\u0131 Mary E. Pearson\u2019\u0131n H\u0131rs\u0131zlar\u0131n Dans\u0131 Eseri \u0130\u00e7in \u00d6vg\u00fcler\u201cPearson yetenekli bir hik\u00e2ye anlat\u0131c\u0131s\u0131 ve a\u015fk ile fantasti\u011fi ustaca birle\u015ftirebiliyor. Hayranlar bu yeni serinin kahramanlar\u0131na, \u00f6zellikle de g\u00fcc\u00fc ellerinde tutan kad\u0131n sava\u015f\u00e7\u0131lara bay\u0131lacak.\u201d- Publishers Weekly\u201cA\u015fk, sava\u015f, tehlike ve mizah\u2026 Bu romanda her \u015fey var.\u201d- School Library Journal<\/p>\n","protected":false},"excerpt":{"rendered":"<p>\u201cH\u0131rs\u0131zlar\u0131n Dans\u0131 serisinin nefes kesen ikinci kitab\u0131 verdi\u011fi s\u00f6z\u00fc tutuyor.\u201d \u2013 BooklIstG\u00f6zlerim bir t\u00fcrl\u00fc odaklanm\u0131yordu. Ba\u015f\u0131m d\u00f6n\u00fcyordu; ya da belki de Tigone h\u00e2l\u00e2 korkudan daireler \u00e7iziyordu.<span class=\"excerpt-hellip\"> [\u2026]<\/span><\/p>\n","protected":false},"featured_media":0,"template":"","meta":{"_monsterinsights_skip_tracking":false,"_monsterinsights_sitenote_active":false,"_monsterinsights_sitenote_note":"","_monsterinsights_sitenote_category":0},"product_brand":[],"product_cat":[12291,14777],"product_tag":[],"class_list":{"0":"post-742345","1":"product","2":"type-product","3":"status-publish","5":"product_cat-edebiyat","6":"product_cat-fantastik","7":"pa_cilt-ciltsiz","8":"pa_tur-kitap","9":"pa_yayinevi-marti-yayinlari","10":"pa_yazar-mary-e-pearson","12":"first","13":"instock","14":"sale","15":"shipping-taxable","16":"purchasable","17":"product-type-simple"},"_links":{"self":[{"href":"https:\/\/roveyayinevi.com.tr\/index.php\/wp-json\/wp\/v2\/product\/742345","targetHints":{"allow":["GET"]}}],"collection":[{"href":"https:\/\/roveyayinevi.com.tr\/index.php\/wp-json\/wp\/v2\/product"}],"about":[{"href":"https:\/\/roveyayinevi.com.tr\/index.php\/wp-json\/wp\/v2\/types\/product"}],"wp:attachment":[{"href":"https:\/\/roveyayinevi.com.tr\/index.php\/wp-json\/wp\/v2\/media?parent=742345"}],"wp:term":[{"taxonomy":"product_brand","embeddable":true,"href":"https:\/\/roveyayinevi.com.tr\/index.php\/wp-json\/wp\/v2\/product_brand?post=742345"},{"taxonomy":"product_cat","embeddable":true,"href":"https:\/\/roveyayinevi.com.tr\/index.php\/wp-json\/wp\/v2\/product_cat?post=742345"},{"taxonomy":"product_tag","embeddable":true,"href":"https:\/\/roveyayinevi.com.tr\/index.php\/wp-json\/wp\/v2\/product_tag?post=742345"}],"curies":[{"name":"wp","href":"https:\/\/api.w.org\/{rel}","templated":true}]}}