{"id":742344,"date":"2025-08-28T01:09:30","date_gmt":"2025-08-27T22:09:30","guid":{"rendered":"https:\/\/roveyayinevi.com.tr\/index.php\/urun\/odamdaki-yabanci-bilgisayar\/"},"modified":"2026-04-16T02:53:25","modified_gmt":"2026-04-15T23:53:25","slug":"odamdaki-yabanci-bilgisayar","status":"publish","type":"product","link":"https:\/\/roveyayinevi.com.tr\/index.php\/urun\/odamdaki-yabanci-bilgisayar\/","title":{"rendered":"Odamdaki Yabanc\u0131: Bilgisayar"},"content":{"rendered":"<p>Bu kitap \u00e7ocu\u011funuzun hayat\u0131nda \u00f6nemli bir yer kaplayan bilgisayar ba\u015fta olmak \u00fczere elektronik aletlerin olumlu \u00f6zellikleri oldu\u011fu gibi, kendisine zarar verebilecek, geli\u015fimini olumsuz etkileyecek \u00f6zelliklerini anlatmaktad\u0131r. Bu bilgilerle \u00e7ocu\u011funuzun; sizlerle tart\u0131\u015fmadan, ya\u015f\u0131na uygun se\u00e7imler yapan, bilin\u00e7li bir bilgisayar kullan\u0131c\u0131s\u0131 olmas\u0131 ama\u00e7lanm\u0131\u015ft\u0131r. Sevgili Anne babalar, bu kitaplar\u0131 \u00e7ocuklar\u0131n\u0131zla birlikte okuyun. Onlar\u0131 dinleyin, duygular\u0131n\u0131 anlamaya \u00e7al\u0131\u015f\u0131n. Onlarla kendi duygular\u0131n\u0131z\u0131 payla\u015f\u0131n. Bu kitap serisini haz\u0131rlarken sizlerin ve \u00e7ocuklar\u0131n\u0131z\u0131n bu payla\u015f\u0131mlar\u0131n\u0131 kolayla\u015ft\u0131rmay\u0131 ama\u00e7lad\u0131k. Bazen zorluklarla ba\u015f etmek kolay olmayabilir. Ama ba\u015f etme yollar\u0131n\u0131 \u00e7ocuklar\u0131n\u0131zla birlikte bulabilir, gerekli durumlarda uzmanlardan yard\u0131m alabilirsiniz. (Tan\u0131t\u0131m B\u00fclteninden)<\/p>\n","protected":false},"excerpt":{"rendered":"<p>Bu kitap \u00e7ocu\u011funuzun hayat\u0131nda \u00f6nemli bir yer kaplayan bilgisayar ba\u015fta olmak \u00fczere elektronik aletlerin olumlu \u00f6zellikleri oldu\u011fu gibi, kendisine zarar verebilecek, geli\u015fimini olumsuz etkileyecek \u00f6zelliklerini anlatmaktad\u0131r.<span class=\"excerpt-hellip\"> [\u2026]<\/span><\/p>\n","protected":false},"featured_media":0,"template":"","meta":{"_monsterinsights_skip_tracking":false,"_monsterinsights_sitenote_active":false,"_monsterinsights_sitenote_note":"","_monsterinsights_sitenote_category":0},"product_brand":[],"product_cat":[12831,12324],"product_tag":[],"class_list":{"0":"post-742344","1":"product","2":"type-product","3":"status-publish","5":"product_cat-aile-ve-cocuk","6":"product_cat-sosyoloji","7":"pa_cilt-ciltsiz","8":"pa_tur-kitap","9":"pa_yayinevi-yesil-dinozor","10":"pa_yazar-bengi-semerci","12":"first","13":"instock","14":"sale","15":"shipping-taxable","16":"purchasable","17":"product-type-simple"},"_links":{"self":[{"href":"https:\/\/roveyayinevi.com.tr\/index.php\/wp-json\/wp\/v2\/product\/742344","targetHints":{"allow":["GET"]}}],"collection":[{"href":"https:\/\/roveyayinevi.com.tr\/index.php\/wp-json\/wp\/v2\/product"}],"about":[{"href":"https:\/\/roveyayinevi.com.tr\/index.php\/wp-json\/wp\/v2\/types\/product"}],"wp:attachment":[{"href":"https:\/\/roveyayinevi.com.tr\/index.php\/wp-json\/wp\/v2\/media?parent=742344"}],"wp:term":[{"taxonomy":"product_brand","embeddable":true,"href":"https:\/\/roveyayinevi.com.tr\/index.php\/wp-json\/wp\/v2\/product_brand?post=742344"},{"taxonomy":"product_cat","embeddable":true,"href":"https:\/\/roveyayinevi.com.tr\/index.php\/wp-json\/wp\/v2\/product_cat?post=742344"},{"taxonomy":"product_tag","embeddable":true,"href":"https:\/\/roveyayinevi.com.tr\/index.php\/wp-json\/wp\/v2\/product_tag?post=742344"}],"curies":[{"name":"wp","href":"https:\/\/api.w.org\/{rel}","templated":true}]}}