{"id":742342,"date":"2025-08-28T01:09:27","date_gmt":"2025-08-27T22:09:27","guid":{"rendered":"https:\/\/roveyayinevi.com.tr\/index.php\/urun\/okul-zamani-charlie-brown\/"},"modified":"2026-04-16T02:53:25","modified_gmt":"2026-04-15T23:53:25","slug":"okul-zamani-charlie-brown","status":"publish","type":"product","link":"https:\/\/roveyayinevi.com.tr\/index.php\/urun\/okul-zamani-charlie-brown\/","title":{"rendered":"Okul Zaman\u0131 Charlie Brown"},"content":{"rendered":"<p>Charlie Brown s\u00fcrekli okul hakk\u0131nda kayg\u0131lan\u0131yor.Bu senenin, hayat\u0131ndaki tekd\u00fczelikten kurtulup ger\u00e7ekten s\u0131rad\u0131\u015f\u0131 bir \u015fey yapt\u0131\u011f\u0131 sene olmas\u0131n\u0131 istiyor\u2026 ama ya \u00f6yle olmazsa? Charlie Brown kayg\u0131lanmay\u0131 b\u0131rakabilir mi? Sonu\u00e7ta okul e\u011flencelidir. De\u011fil mi? Kayg\u0131lanmay\u0131 b\u0131rak Charlie Brown!<\/p>\n","protected":false},"excerpt":{"rendered":"<p>Charlie Brown s\u00fcrekli okul hakk\u0131nda kayg\u0131lan\u0131yor.Bu senenin, hayat\u0131ndaki tekd\u00fczelikten kurtulup ger\u00e7ekten s\u0131rad\u0131\u015f\u0131 bir \u015fey yapt\u0131\u011f\u0131 sene olmas\u0131n\u0131 istiyor\u2026 ama ya \u00f6yle olmazsa? Charlie Brown kayg\u0131lanmay\u0131 b\u0131rakabilir<span class=\"excerpt-hellip\"> [\u2026]<\/span><\/p>\n","protected":false},"featured_media":0,"template":"","meta":{"_monsterinsights_skip_tracking":false,"_monsterinsights_sitenote_active":false,"_monsterinsights_sitenote_note":"","_monsterinsights_sitenote_category":0},"product_brand":[],"product_cat":[12275,12274],"product_tag":[],"class_list":{"0":"post-742342","1":"product","2":"type-product","3":"status-publish","5":"product_cat-6-12-yas-kitaplari","6":"product_cat-cocuk-ve-genclik-kitaplari","7":"pa_cilt-ciltsiz","8":"pa_tur-kitap","9":"pa_yayinevi-mundi","10":"pa_yazar-charles-m-schulz","12":"first","13":"instock","14":"sale","15":"shipping-taxable","16":"purchasable","17":"product-type-simple"},"_links":{"self":[{"href":"https:\/\/roveyayinevi.com.tr\/index.php\/wp-json\/wp\/v2\/product\/742342","targetHints":{"allow":["GET"]}}],"collection":[{"href":"https:\/\/roveyayinevi.com.tr\/index.php\/wp-json\/wp\/v2\/product"}],"about":[{"href":"https:\/\/roveyayinevi.com.tr\/index.php\/wp-json\/wp\/v2\/types\/product"}],"wp:attachment":[{"href":"https:\/\/roveyayinevi.com.tr\/index.php\/wp-json\/wp\/v2\/media?parent=742342"}],"wp:term":[{"taxonomy":"product_brand","embeddable":true,"href":"https:\/\/roveyayinevi.com.tr\/index.php\/wp-json\/wp\/v2\/product_brand?post=742342"},{"taxonomy":"product_cat","embeddable":true,"href":"https:\/\/roveyayinevi.com.tr\/index.php\/wp-json\/wp\/v2\/product_cat?post=742342"},{"taxonomy":"product_tag","embeddable":true,"href":"https:\/\/roveyayinevi.com.tr\/index.php\/wp-json\/wp\/v2\/product_tag?post=742342"}],"curies":[{"name":"wp","href":"https:\/\/api.w.org\/{rel}","templated":true}]}}