{"id":742333,"date":"2025-08-28T01:09:16","date_gmt":"2025-08-27T22:09:16","guid":{"rendered":"https:\/\/roveyayinevi.com.tr\/index.php\/urun\/anlik-hizli-sok-hipnoz-sahne-ve-sokak-hipnozu\/"},"modified":"2026-04-16T02:53:25","modified_gmt":"2026-04-15T23:53:25","slug":"anlik-hizli-sok-hipnoz-sahne-ve-sokak-hipnozu","status":"publish","type":"product","link":"https:\/\/roveyayinevi.com.tr\/index.php\/urun\/anlik-hizli-sok-hipnoz-sahne-ve-sokak-hipnozu\/","title":{"rendered":"Anl\u0131k H\u0131zl\u0131 \u015eok Hipnoz Sahne Ve Sokak Hipnozu"},"content":{"rendered":"<p>\u201cHipnoterapistin, \u2018ara\u00e7 kutusunda\u2019 bir dizi h\u0131zl\u0131 ind\u00fcksiyona sahip olmas\u0131n\u0131n hem kendisi hem de dan\u0131\u015fanlar\u0131 i\u00e7in bir\u00e7ok faydas\u0131 vard\u0131r. Bu kitap, h\u0131zl\u0131 ind\u00fcksiyonlar\u0131n hipnoterapi seans\u0131na nas\u0131l katk\u0131da bulunabilece\u011fine ve bunlar\u0131n bir hipnoterapist taraf\u0131ndan sa\u011fl\u0131k bak\u0131m ortamlar\u0131nda, g\u00f6steriler ve sunumlarda kullan\u0131m\u0131na rehberlik edecektir. Bir hipnoterapistin terapi ortamlar\u0131nda kullanmay\u0131 se\u00e7ebilece\u011fi d\u00f6rt temel h\u0131zl\u0131 ind\u00fcksiyon t\u00fcr\u00fc vard\u0131r:         \u015eok       Kal\u0131p Davran\u0131\u015f Kesintisi       Kafa Kar\u0131\u015f\u0131kl\u0131\u011f\u0131\/A\u015f\u0131r\u0131 Y\u00fckleme       H\u0131zl\u0131 Progresif Gev\u015feme   Her birinin terapide kullan\u0131m\u0131 farkl\u0131 faydalar sa\u011flar. \u015eok ind\u00fcksiyonlar, do\u011fal olarak \u2018\u015fok\u2019 i\u00e7erme e\u011filimindedir. Bunun pop\u00fcler bir \u00f6rne\u011fi, \u00fc\u00e7 kelimelik \u2018El D\u00fc\u015f\u00fcrme \u0130nd\u00fcksiyonu\u2019 veya \u2018Manyetik Eller \u0130nd\u00fcksiyonu\u2019 olabilir. Bir noktada, \u2018uyu\u2019 gibi bir komutun e\u015flik etti\u011fi fiziksel bir \u015fok verilir. Bunlar\u0131 zay\u0131f veya ya\u015fl\u0131 bir dan\u0131\u015fana terapi seans\u0131nda kullanmasan\u0131z da \u00f6zellikle kullan\u0131lacaklar\u0131 yerler vard\u0131r:         \u0130lk olarak, baz\u0131 dan\u0131\u015fanlar\u0131n beklentilerini kar\u015f\u0131lamada iyi olabilirler. Yeni bir dan\u0131\u015fana h\u0131zl\u0131 (ve belki de dramatik olarak) hipnoza girme beklentilerinin yanl\u0131\u015f oldu\u011funu s\u00f6ylemek yerine, uyumun ve terapinin ba\u015far\u0131s\u0131 i\u00e7in dan\u0131\u015fan\u0131n beklentisini (uygun \u015fekilde) kar\u015f\u0131lamak daha iyi olabilir.         \u0130kincisi, t\u00fcm h\u0131zl\u0131 ind\u00fcksiyonlarda oldu\u011fu gibi, \u015fok ind\u00fcksiyonlar\u0131 da zaman a\u00e7\u0131s\u0131ndan ger\u00e7ekten verimlidir. De\u011ferli terapi seans\u0131 zaman\u0131ndan tasarruf sa\u011flarlar ve terapi s\u00fcrecinin \u00f6nemli k\u0131s\u0131mlar\u0131 i\u00e7in size daha fazla zaman tan\u0131rlar.         \u00dc\u00e7\u00fcnc\u00fcs\u00fc, dramatiktirler, bu nedenle bir dan\u0131\u015fan\u0131 etkileyebilirler. Ancak \u015fok ind\u00fcksiyonlar fiziksel oldu\u011fundan, her bir dan\u0131\u015fana uygulamadan \u00f6nce herhangi bir kontrendikasyon veya fiziksel sorun olup olmad\u0131\u011f\u0131n\u0131 kontrol etmeyi unutmay\u0131n. Ek olarak, muhtemelen dan\u0131\u015fan\u0131n\u0131za (uygun \u015fekilde!) dokunaca\u011f\u0131n\u0131z i\u00e7in, seans \u00f6ncesi g\u00f6r\u00fc\u015fmede bundan bahsetmeyi unutmay\u0131n; dan\u0131\u015fana bunu \u015foktan hemen \u00f6nce s\u00f6ylemek, muhtemelen \u015foku mahvedecektir.         Bir dan\u0131\u015fanla standart 60\u201390 dakikan\u0131z olmayabilece\u011finden, zaman kazand\u0131ran faydalar\u0131n\u0131n \u00f6zellikle yararl\u0131 olabilece\u011fi t\u0131bbi ve sa\u011fl\u0131k bak\u0131m ortamlar\u0131nda hipnoterapi yapma f\u0131rsat\u0131n\u0131z olabilir. \u00dcstelik zaman\u0131 optimize etmenin yan\u0131 s\u0131ra, h\u0131zl\u0131 ind\u00fcksiyonlar, (hastane ko\u011fu\u015fu veya di\u015f cerrahisi b\u00f6l\u00fcm\u00fc gibi) g\u00fcr\u00fclt\u00fcl\u00fc ve yo\u011fun ortamlardaki ka\u00e7\u0131n\u0131lmaz dikkat da\u011f\u0131t\u0131c\u0131lar\u0131 ortadan kald\u0131rmaya da yard\u0131mc\u0131 olur.   Zaman tasarrufu gibi faydalar\u0131n\u0131n yan\u0131 s\u0131ra h\u0131zl\u0131 ind\u00fcksiyonlar, akut a\u011fr\u0131 y\u00f6netimi \u00e7al\u0131\u015fmas\u0131yla me\u015fgul oldu\u011funuzda, \u2018semptom trans\u0131n\u0131\u2019 kesip onu terap\u00f6tik bir transla de\u011fi\u015ftirmekte de \u00e7ok faydal\u0131 olacakt\u0131r.   Ayr\u0131ca spor hipnozu gibi genel bir seansta birden fazla ve k\u0131sa hipnotik hedeflere sahip oldu\u011funuzda da \u00e7ok faydal\u0131 olabilirler.\u201d   \u2026 daha fazlas\u0131n\u0131, sokak ve sahne hipnozunun inceliklerini \u00f6\u011frenmek istiyorsan\u0131z kitab\u0131n kapa\u011f\u0131n\u0131 a\u00e7t\u0131\u011f\u0131n\u0131zda ad\u0131m att\u0131\u011f\u0131n\u0131z bu yeni d\u00fcnyaya sizi bekliyor olaca\u011f\u0131m\u2026   \u0130\u00c7\u0130NDEK\u0130LER   Hipnoz Nedir? Hipnozun K\u0131sa Bir Tarihi Franz Anton Mesmer ve \u201cManyetizma\u201d Reiki, Mesmerizm ile Ayn\u0131 \u015eey midir? \u0130lk Anl\u0131k \u0130nd\u00fcksiyonu Kim Yapt\u0131? James Esdaile Neden \u00d6nemliydi? Manyetizmadan Hipnotizmaya James Braid Milton Erickson Dave Elman Peki, Hipnoz Nedir? Hipnozu Ne \u0130\u00e7in Kullanabilirsiniz? Mitler Somnambulizm Beyin Dalgalar\u0131 Birinin Hipnotize Oldu\u011fu Nas\u0131l Anla\u015f\u0131l\u0131r? Hipnotik Bak\u0131\u015f Kendine G\u00fcven Ki\u015fisel Gereklilikler Pratik Yapmak Sa\u011fl\u0131k ve G\u00fcvenlik Haz\u0131rl\u0131k Kontroll\u00fc Olmak (Ki\u015fi\/Durum) Kime\/Ne Zaman Hipnoz Yap\u0131lmamal\u0131? Uygun G\u00f6n\u00fcll\u00fc Se\u00e7imi \u0130zinler Abreaksiyonlar Kesintilerle Ba\u015fa \u00c7\u0131kmak Etik, Ahlak, Onur ve Sayg\u0131 Telkine Yatk\u0131nl\u0131k Testleri Neden Hipnotik Duyarl\u0131l\u0131\u011f\u0131 Test Ederiz? Duyarl\u0131 Deneklerin Se\u00e7imi Uyan\u0131k Hipnoz Testleri E\u011flencelidir Rol Yapanlar\u0131\/Sorun \u00c7\u0131karanlar\u0131 Belirleyin Arkaya D\u00fc\u015f\u00fcrme Testleri \u00d6ne D\u00fc\u015f\u00fcrme Testleri Yanlara D\u00fc\u015f\u00fcrme Testleri Di\u011fer Testler G\u00f6n\u00fcll\u00fcleri Se\u00e7me, Hipnotize Etme ve Y\u00f6netme Sahne-Sokak Hipnozu Fark\u0131 Nedir? G\u00f6n\u00fcll\u00fcleri Se\u00e7me, Hipnotize Etme ve Y\u00f6netme Temel \u0130nd\u00fcksiyonlar Progresif Relaksasyon \u0130nd\u00fcksiyonu I Progresif Relaksasyon \u0130nd\u00fcksiyonu II G\u00f6z Fiksasyon \u0130nd\u00fcksiyonu I (\u0130lerleyen) G\u00f6z Fiksasyon \u0130nd\u00fcksiyonu II \u201cSaati \u0130zle\u201d \u0130nd\u00fcksiyonu (\u0130lerleyen) Sarka\u00e7 \u0130nd\u00fcksiyonu (A\u015famal\u0131\/Etkile\u015fimli) Anl\u0131k\/H\u0131zl\u0131\/\u015eok \u0130nd\u00fcksiyonlar   Anl\u0131k, H\u0131zl\u0131 ve \u015eok \u0130nd\u00fcksiyonlar Nas\u0131l \u00c7al\u0131\u015f\u0131r? Teori G\u00fcvenlik Kontrol\u00fc Elleri Kenetleme Testinden Anl\u0131k \u0130nd\u00fcksiyona  Kol B\u00fckme Testinden Anl\u0131k \u0130nd\u00fcksiyona  Sarka\u00e7 Testinden Anl\u0131k \u0130nd\u00fcksiyona Arkaya D\u00fc\u015f\u00fcrme Testinden Anl\u0131k \u0130nd\u00fcksiyona (Ayaktayken) Arkaya D\u00fc\u015f\u00fcrme Testinden Anl\u0131k \u0130nd\u00fcksiyona (Sandalyede) Otururken Anl\u0131k \u0130nd\u00fcksiyon Uygulama Uzan\u0131rken Anl\u0131k \u0130nd\u00fcksiyon Uygulama  Manyetik El \u0130nd\u00fcksiyonu El D\u00fc\u015f\u00fcrme \u0130nd\u00fcksiyonu I El D\u00fc\u015f\u00fcrme \u0130nd\u00fcksiyonu II Kol \u00c7ekme\/Kelebek Parmak \u0130nd\u00fcksiyonu Tokala\u015fma Kesintisi\/El Y\u00fcze \u0130nd\u00fcksiyonu Belirsiz Dokunu\u015f Geri D\u00fc\u015f\u00fcrme \u0130nd\u00fcksiyonu Sessiz \u0130nd\u00fcksiyon Ayakta Anl\u0131k \u0130nd\u00fcksiyon Zor Dan\u0131\u015fanlar \u0130\u00e7in \u0130ki Anl\u0131k Hipnoz Tekni\u011fi Korku ve Anl\u0131k Hipnoz Di\u011fer H\u0131zl\u0131 \u0130nd\u00fcksiyonlar Ba\u015fparmak ve \u0130\u015faret Parma\u011f\u0131 Y\u00f6ntemi Kalem D\u00fc\u015f\u00fcrme Y\u00f6ntemi Dik Bakma Y\u00f6ntemi Tek Kol Y\u00fckseltme Y\u00f6ntemi Dairesel Kol \u00c7evirme Y\u00f6ntemi \u201cHipnotik Sinir\u201d Anl\u0131k \u0130nd\u00fcksiyon\/Bir Plasebo Ba\u015f\u0131 Yana \u0130tme Y\u00f6ntemi Posthipnotik Y\u00f6ntem Beklenti Y\u00f6ntemi Ani Hareket Y\u00f6ntemi Di\u015f A\u011fr\u0131s\u0131 Y\u00f6ntemi Ba\u015f A\u011fr\u0131s\u0131 Y\u00f6ntemi Dokunmadan \u015eok \u0130nd\u00fcksiyon Parmak \u015eaklatma Boyun \u00c7ekme H\u00e2lihaz\u0131rda Hipnotize Edilmi\u015f Denekler \u00dczerinde Pratik Yapmak Dave Elman \u0130nd\u00fcksiyonu Dave Elman \u0130nd\u00fcksiyonu A\u015famalar\u0131 Koma Evresi Testi S\u00fcre\u00e7 Elman \u0130nd\u00fcksiyonunda Ya\u015fanabilecek Sorunlar\u0131 Giderme Grup Elman \u0130nd\u00fcksiyonu Di\u011fer Elman \u0130nd\u00fcksiyonlar\u0131 Elman\u2019a G\u00f6re Hipnoz Belirtileri Hipnozun Di\u011fer Belirtileri Trans\u0131 Derinle\u015ftirmek Sayma Nefes Alma G\u00f6rselle\u015ftirme Germe ve B\u0131rakma Derin Seviyeler Sessizlik Periyotlar\u0131 Kafa Kar\u0131\u015f\u0131kl\u0131\u011f\u0131 ve \u015ea\u015f\u0131rtma Kinestetik Derinle\u015ftiriciler Fraksiyonasyon (Yeniden \u0130nd\u00fcksiyon) Derinlik Testleri Klasik Arons \u00d6l\u00e7e\u011fi Telkinler ve Birle\u015ftirme Transtan \u00c7\u0131karmak \u00c7\u0131k\u0131\u015f Prosed\u00fcr\u00fc Nedir? \u00c7\u0131k\u0131\u015f Prosed\u00fcr\u00fc Uygulamas\u0131nda Dikkat Edilecek Noktalar Geri Bildirim D\u00f6ng\u00fcleri Geri Bildirim D\u00f6ng\u00fcleri   Uyan\u0131k Hipnoz G\u00f6steri \u0130\u00e7eri\u011fini Se\u00e7me ve Y\u00f6netme Telkin Karma\u015f\u0131kl\u0131\u011f\u0131 Hiyerar\u015fisi Hipnotik Fenomen Hiyerar\u015fisi Do\u011fru Ki\u015fi \u0130\u00e7in Do\u011fru Ske\u00e7 Se\u00e7imi Ne Zaman Duraca\u011f\u0131n\u0131 Bilmek\/G\u00fclmeye Devam Etmek S\u00fcre\u00e7 Planlad\u0131\u011f\u0131n\u0131z Gibi Gitmedi\u011finde  Telkin Vermekle \u0130lgili \u0130pu\u00e7lar\u0131 Telkin Vermekle \u0130lgili \u0130pu\u00e7lar\u0131 Hipnotik Ske\u00e7 \u00d6rnekleri Yeniden \u0130nd\u00fckleme Ske\u00e7leri Denek Oturmu\u015f ve G\u00f6zleri Kapal\u0131 Uygulanan Ske\u00e7ler Denek Oturmu\u015f, G\u00f6zleri A\u00e7\u0131k Uygulanan Ske\u00e7ler Denek Ayakta ve Hareketliyken Uygulanan Ske\u00e7ler Hipnoz Sonras\u0131 Telkin Ske\u00e7leri G\u00f6steri Nas\u0131l Sonland\u0131r\u0131l\u0131r? Ske\u00e7 Takip Listeleri Ske\u00e7ler Aras\u0131 Ge\u00e7i\u015f Nas\u0131l Yap\u0131l\u0131r? <\/p>\n","protected":false},"excerpt":{"rendered":"<p>\u201cHipnoterapistin, \u2018ara\u00e7 kutusunda\u2019 bir dizi h\u0131zl\u0131 ind\u00fcksiyona sahip olmas\u0131n\u0131n hem kendisi hem de dan\u0131\u015fanlar\u0131 i\u00e7in bir\u00e7ok faydas\u0131 vard\u0131r. Bu kitap, h\u0131zl\u0131 ind\u00fcksiyonlar\u0131n hipnoterapi seans\u0131na nas\u0131l katk\u0131da<span class=\"excerpt-hellip\"> [\u2026]<\/span><\/p>\n","protected":false},"featured_media":0,"template":"","meta":{"_monsterinsights_skip_tracking":false,"_monsterinsights_sitenote_active":false,"_monsterinsights_sitenote_note":"","_monsterinsights_sitenote_category":0},"product_brand":[],"product_cat":[12573,12566],"product_tag":[],"class_list":{"0":"post-742333","1":"product","2":"type-product","3":"status-publish","5":"product_cat-akademik-kitaplar","6":"product_cat-egitim","7":"pa_cilt-ciltsiz","8":"pa_tur-kitap","9":"pa_yayinevi-nar-agaci-yayinlari","10":"pa_yazar-celalettin-uzuner","12":"first","13":"instock","14":"sale","15":"shipping-taxable","16":"purchasable","17":"product-type-simple"},"_links":{"self":[{"href":"https:\/\/roveyayinevi.com.tr\/index.php\/wp-json\/wp\/v2\/product\/742333","targetHints":{"allow":["GET"]}}],"collection":[{"href":"https:\/\/roveyayinevi.com.tr\/index.php\/wp-json\/wp\/v2\/product"}],"about":[{"href":"https:\/\/roveyayinevi.com.tr\/index.php\/wp-json\/wp\/v2\/types\/product"}],"wp:attachment":[{"href":"https:\/\/roveyayinevi.com.tr\/index.php\/wp-json\/wp\/v2\/media?parent=742333"}],"wp:term":[{"taxonomy":"product_brand","embeddable":true,"href":"https:\/\/roveyayinevi.com.tr\/index.php\/wp-json\/wp\/v2\/product_brand?post=742333"},{"taxonomy":"product_cat","embeddable":true,"href":"https:\/\/roveyayinevi.com.tr\/index.php\/wp-json\/wp\/v2\/product_cat?post=742333"},{"taxonomy":"product_tag","embeddable":true,"href":"https:\/\/roveyayinevi.com.tr\/index.php\/wp-json\/wp\/v2\/product_tag?post=742333"}],"curies":[{"name":"wp","href":"https:\/\/api.w.org\/{rel}","templated":true}]}}