{"id":742323,"date":"2025-08-28T01:09:04","date_gmt":"2025-08-27T22:09:04","guid":{"rendered":"https:\/\/roveyayinevi.com.tr\/index.php\/urun\/sagligin-ve-hastaligin-toplumsal-nedenleri\/"},"modified":"2026-04-16T02:53:25","modified_gmt":"2026-04-15T23:53:25","slug":"sagligin-ve-hastaligin-toplumsal-nedenleri","status":"publish","type":"product","link":"https:\/\/roveyayinevi.com.tr\/index.php\/urun\/sagligin-ve-hastaligin-toplumsal-nedenleri\/","title":{"rendered":"Sa\u011fl\u0131\u011f\u0131n ve Hastal\u0131\u011f\u0131n Toplumsal Nedenleri"},"content":{"rendered":"<p>Uzun y\u0131llar boyunca sosyolojinin bir alt dal\u0131 olarak varl\u0131\u011f\u0131n\u0131 s\u00fcrd\u00fcren sa\u011fl\u0131k sosyolojisi, g\u00fcn\u00fcm\u00fczde \u00e7ok \u00f6nemli bir konuma sahiptir. Sa\u011fl\u0131k sosyolojisi alan\u0131nda konumlanan ve William C. Cockerham taraf\u0131ndan yaz\u0131lan bu kitap, insan hayat\u0131nda belki de en \u00f6nemli \u015fey olan sa\u011fl\u0131\u011f\u0131n korunmas\u0131nda ya da yerini hastal\u0131\u011fa b\u0131rakmas\u0131nda toplumsal fakt\u00f6rlerin oynad\u0131\u011f\u0131 nedensel rol\u00fc, bilimsel kan\u0131tlarla g\u00f6zler \u00f6n\u00fcne sermektedir. Toplumsal yap\u0131n\u0131n ve bu yap\u0131n\u0131n mekanizmalar\u0131n\u0131n insan\u0131n sa\u011fl\u0131kl\u0131 ya da hasta olmas\u0131nda oynad\u0131\u011f\u0131 rol\u00fc detayl\u0131 bir \u015fekilde a\u00e7\u0131klayan bu kitap, ba\u015fl\u0131ca s\u0131n\u0131fsal konum, ya\u015f, toplumsal cinsiyet, \u0131rk ve etnik k\u00f6ken gibi biyolojik ve toplumsal olarak in\u015fa edilmi\u015f etkenlere odaklanmaktad\u0131r. Bu etkenler arac\u0131l\u0131\u011f\u0131yla meydana gelen ya\u015fam ko\u015fullar\u0131, ya\u015fam tarzlar\u0131 ve sosyal sermayenin de ki\u015finin sa\u011fl\u0131kl\u0131 ya da hasta olmas\u0131nda belirleyici bir rol oynad\u0131\u011f\u0131 ortaya konulmaktad\u0131r. Sa\u011fl\u0131k sosyolojisi ba\u015fta olmak \u00fczere sosyoloji alan\u0131nda yap\u0131lm\u0131\u015f bir\u00e7ok kuramsal ara\u015ft\u0131rmaya ve yaz\u0131lm\u0131\u015f bir\u00e7ok makaleye at\u0131fta bulunan kitab\u0131n ana fikri, toplumsal fakt\u00f6rlerin arka planda yer almaktan ziyade insan sa\u011fl\u0131\u011f\u0131na direkt olarak etki etti\u011fidir.   WILLIAM C. COCKERHAM: Doktoras\u0131n\u0131 California \u00dcniversitesi\u2019nden (Berkeley) alan Dr. William Cockerham, 1994-2000 ve 2011-2017 y\u0131llar\u0131 aras\u0131nda Birmingham Alabama \u00dcniversitesi\u2019nde Sosyoloji B\u00f6l\u00fcm Ba\u015fkanl\u0131\u011f\u0131 yapm\u0131\u015ft\u0131r. \u015eu anda Cockerham, Birmingham Alabama \u00dcniversitesi\u2019nde Ordinary\u00fcs Profes\u00f6rl\u00fck ve William ve Mary \u00dcniversitesi Sosyoloji B\u00f6l\u00fcm\u00fc\u2019nde ara\u015ft\u0131rmac\u0131l\u0131k yapmaktad\u0131r. Cockerham ayr\u0131ca Birmingham Alabama \u00dcniversitesi T\u0131p Fak\u00fcltesi\u2019ndeki Obezite Sa\u011fl\u0131k E\u015fitsizlikleri Ara\u015ft\u0131rma Merkezi\u2019nin bir \u00fcyesidir. 2006-2010 y\u0131llar\u0131 aras\u0131nda Uluslararas\u0131 Sosyoloji Derne\u011fi\u2019nin Sa\u011fl\u0131k Sosyolojisi Ara\u015ft\u0131rma Komitesi\u2019nde ba\u015fkanl\u0131k ve the American Sociological Review, the Journal of Health and Social Behavior, Society and Mental Health, Social Currents, Current Sociology Monographs ve Social Science Quarterly gibi dergilerde \u00e7e\u015fitli editoryal g\u00f6revler yapm\u0131\u015ft\u0131r. Cockerham\u2019\u0131n yak\u0131n tarihli di\u011fer kitaplar\u0131 \u015f\u00f6yledir: Sociological Theories of Health and Illness [Sa\u011fl\u0131\u011f\u0131n ve Hastal\u0131\u011f\u0131n Sosyolojik Teorileri] (Routledge, 2021), The COVID-19 Reader: The Science and What It Says About the Social [COVID-19 Okuyucusu: Bilim ve Toplumsal Olan Hakk\u0131nda S\u00f6yledikleri] (Routledge, 2021), Sociology of Mental Disorder, 11th ed. [Ak\u0131l Hastal\u0131\u011f\u0131n\u0131n Sosyolojisi, 11. bask\u0131] (Routledge, 2021), the Wiley Blackwell Companion to Medical Sociology [Wiley Blackwell Sa\u011fl\u0131k Sosyolojisi El Kitab\u0131] (Wiley Blackwell 2021) ve Medical Sociology, 15th ed. [Sa\u011fl\u0131k Sosyolojisi, 15. bask\u0131] (Routledge, 2021). <\/p>\n","protected":false},"excerpt":{"rendered":"<p>Uzun y\u0131llar boyunca sosyolojinin bir alt dal\u0131 olarak varl\u0131\u011f\u0131n\u0131 s\u00fcrd\u00fcren sa\u011fl\u0131k sosyolojisi, g\u00fcn\u00fcm\u00fczde \u00e7ok \u00f6nemli bir konuma sahiptir. Sa\u011fl\u0131k sosyolojisi alan\u0131nda konumlanan ve William C. Cockerham<span class=\"excerpt-hellip\"> [\u2026]<\/span><\/p>\n","protected":false},"featured_media":0,"template":"","meta":{"_monsterinsights_skip_tracking":false,"_monsterinsights_sitenote_active":false,"_monsterinsights_sitenote_note":"","_monsterinsights_sitenote_category":0},"product_brand":[],"product_cat":[12325,12324],"product_tag":[],"class_list":{"0":"post-742323","1":"product","2":"type-product","3":"status-publish","5":"product_cat-diger-sosyoloji","6":"product_cat-sosyoloji","7":"pa_cilt-ciltsiz","8":"pa_tur-kitap","9":"pa_yayinevi-ayrinti-yayinlari","10":"pa_yazar-william-c-cockerham","12":"first","13":"instock","14":"sale","15":"shipping-taxable","16":"purchasable","17":"product-type-simple"},"_links":{"self":[{"href":"https:\/\/roveyayinevi.com.tr\/index.php\/wp-json\/wp\/v2\/product\/742323","targetHints":{"allow":["GET"]}}],"collection":[{"href":"https:\/\/roveyayinevi.com.tr\/index.php\/wp-json\/wp\/v2\/product"}],"about":[{"href":"https:\/\/roveyayinevi.com.tr\/index.php\/wp-json\/wp\/v2\/types\/product"}],"wp:attachment":[{"href":"https:\/\/roveyayinevi.com.tr\/index.php\/wp-json\/wp\/v2\/media?parent=742323"}],"wp:term":[{"taxonomy":"product_brand","embeddable":true,"href":"https:\/\/roveyayinevi.com.tr\/index.php\/wp-json\/wp\/v2\/product_brand?post=742323"},{"taxonomy":"product_cat","embeddable":true,"href":"https:\/\/roveyayinevi.com.tr\/index.php\/wp-json\/wp\/v2\/product_cat?post=742323"},{"taxonomy":"product_tag","embeddable":true,"href":"https:\/\/roveyayinevi.com.tr\/index.php\/wp-json\/wp\/v2\/product_tag?post=742323"}],"curies":[{"name":"wp","href":"https:\/\/api.w.org\/{rel}","templated":true}]}}